{"id":10140,"date":"2020-08-07T02:16:56","date_gmt":"2020-08-07T02:16:56","guid":{"rendered":"https:\/\/bodegaoutdoor.cl\/store\/product\/1200-lumenes-linterna-tactica-cree-xpe-r3-led-de-alta-potencia-aaa-lampara-brillante-impermeable-linterna-led-lanterna-antorcha\/"},"modified":"2023-05-04T19:19:31","modified_gmt":"2023-05-04T23:19:31","slug":"1200-lumenes-linterna-tactica-cree-xpe-r3-led-de-alta-potencia-aaa-lampara-brillante-impermeable-linterna-led-lanterna-antorcha","status":"publish","type":"product","link":"https:\/\/bodegaoutdoor.cl\/store\/product\/1200-lumenes-linterna-tactica-cree-xpe-r3-led-de-alta-potencia-aaa-lampara-brillante-impermeable-linterna-led-lanterna-antorcha\/","title":{"rendered":"1200 l\u00famenes linterna t\u00e1ctica Cree XPE R3 LED de alta potencia AAA"},"content":{"rendered":"<div>\n<div>\n<div>\n<div>\n<div>\n<div>\n<h2 style=\"margin: 10.0px 10.0px 0.0px;\"><span style=\"font-family: arial;\"><span style=\"font-size: 18.6667px; line-height: 28.0px;\">Linterna t\u00e1ctica de 1200 l\u00famenes Cree XPE R3 linterna LED de alta potencia l\u00e1mpara AAA brillante<\/span><\/span><\/h2>\n<h2 style=\"margin: 10.0px 10.0px 0.0px;\"><span style=\"font-size: 14.0pt; font-family: arial;\">Descripci\u00f3n:<\/span><\/h2>\n<ul>\n<li>\n<h2 style=\"margin: 10.0px 10.0px 0.0px;\"><span style=\"font-size: 11.0pt; font-family: arial;\">100% nuevo<\/span><\/h2>\n<\/li>\n<li>\n<h2 style=\"margin: 10.0px 10.0px 0.0px;\"><span style=\"font-size: 11.0pt; font-family: arial;\">Port\u00e1til, f\u00e1cil de llevar y almacenar<\/span><\/h2>\n<\/li>\n<li>\n<h2 style=\"margin: 10.0px 10.0px 0.0px;\"><span style=\"font-size: 11.0pt; font-family: arial;\">Adecuado para camping, viajes y otras actividades al aire libre<\/span><\/h2>\n<\/li>\n<li>\n<h2 style=\"margin: 10.0px 10.0px 0.0px;\"><span style=\"font-size: 11.0pt; font-family: arial;\">Con correa en la tapa trasera, se puede poner en el bolsillo o colgar en la bolsa<\/span><\/h2>\n<\/li>\n<li>\n<h2 style=\"margin: 10.0px 10.0px 0.0px;\"><span style=\"font-size: 11.0pt; font-family: arial;\">Haz ancho, ideal para iluminar el camino, punto intenso penetra profundamente en la oscuridad<\/span><\/h2>\n<\/li>\n<li>\n<h2 style=\"margin: 10.0px 10.0px 0.0px;\"><span style=\"font-size: 11.0pt; font-family: arial;\">Dise\u00f1o impermeable (no para buceo)<\/span><\/h2>\n<\/li>\n<li>\n<h2 style=\"margin: 10.0px 10.0px 0.0px;\"><span style=\"font-size: 11.0pt; font-family: arial;\">Anillo &#8220;O&#8221; sellado, resistente al agua, se puede utilizar en condiciones de lluvia. (no significa sumergir en agua)<\/span><\/h2>\n<\/li>\n<\/ul>\n<h2 style=\"margin: 10.0px 10.0px 0.0px;\"><span style=\"font-size: 14.0pt; font-family: arial;\">Especificaci\u00f3n:<\/span><\/h2>\n<ul>\n<li>\n<h2 style=\"margin: 10.0px 10.0px 0.0px;\"><span style=\"font-size: 11.0pt; font-family: arial;\">Material: metal aluminio de alta calidad<\/span><\/h2>\n<\/li>\n<li>\n<h2 style=\"margin: 10.0px 10.0px 0.0px;\"><span style=\"font-size: 11.0pt; font-family: arial;\">Tipo de LED: Cree XPE R3<\/span><\/h2>\n<\/li>\n<li>\n<h2 style=\"margin: 10.0px 10.0px 0.0px;\"><span style=\"font-size: 11.0pt; font-family: arial;\">Brillo\/l\u00famenes: 1200LM<\/span><\/h2>\n<\/li>\n<li>\n<h2 style=\"margin: 10.0px 10.0px 0.0px;\"><span style=\"font-size: 11.0pt; font-family: arial;\">Bater\u00eda: AAA x 2 (no incluida)<\/span><\/h2>\n<\/li>\n<li>\n<h2 style=\"margin: 10.0px 10.0px 0.0px;\"><span style=\"font-size: 11.0pt; font-family: arial;\">Tama\u00f1o de la longitud: 140mm<\/span><\/h2>\n<\/li>\n<li>\n<h2 style=\"margin: 10.0px 10.0px 0.0px;\"><span style=\"font-size: 11.0pt; font-family: arial;\">Di\u00e1metro del cuerpo: 10mm<\/span><\/h2>\n<\/li>\n<li>\n<h2 style=\"margin: 10.0px 10.0px 0.0px;\"><span style=\"font-size: 11.0pt; font-family: arial;\">Peso: 25g<\/span><\/h2>\n<\/li>\n<\/ul>\n<h2 style=\"margin: 10.0px 10.0px 0.0px;\"><span style=\"font-size: 12.0pt; font-family: arial; color: #ff0000;\">Aviso:<\/span><\/h2>\n<ul>\n<li>\n<h2 style=\"margin: 10.0px 10.0px 0.0px;\"><span style=\"font-size: 11.0pt; font-family: arial; color: #ff0000;\">Resistente al agua pero no significa que se pueda utilizar en el agua.<\/span><\/h2>\n<\/li>\n<li>\n<h2 style=\"margin: 10.0px 10.0px 0.0px;\"><span style=\"font-size: 11.0pt; font-family: arial; color: #ff0000;\">Elimina la bater\u00eda si no est\u00e1 en uso durante mucho tiempo.<\/span><\/h2>\n<\/li>\n<\/ul>\n<h2 style=\"margin: 10.0px 10.0px 0.0px;\"><span style=\"font-size: 14.0pt; font-family: arial;\">El paquete incluye:<\/span><\/h2>\n<ul>\n<li>\n<h2 style=\"margin: 10.0px 10.0px 0.0px;\"><span style=\"font-size: 11.0pt; font-family: arial;\">1 x linterna<\/span><\/h2>\n<\/li>\n<\/ul>\n<h2><\/h2>\n<p><img decoding=\"async\" src=\"\/\/ae01.alicdn.com\/kf\/HTB1EJxLSXXXXXXUaXXXq6xXFXXXh.jpg\" \/><img decoding=\"async\" src=\"\/\/ae01.alicdn.com\/kf\/HTB1xomnSXXXXXaVXXXXq6xXFXXXT.jpg\" \/><img decoding=\"async\" src=\"\/\/ae01.alicdn.com\/kf\/HTB1ieeeSXXXXXXsXpXXq6xXFXXX3.jpg\" \/><img decoding=\"async\" src=\"\/\/ae01.alicdn.com\/kf\/HTB1RiJ6SXXXXXXTXFXXq6xXFXXXl.jpg\" \/><img decoding=\"async\" src=\"\/\/ae01.alicdn.com\/kf\/HTB1vJ1fSXXXXXXVXpXXq6xXFXXXA.jpg\" \/><img decoding=\"async\" src=\"\/\/ae01.alicdn.com\/kf\/HTB1dnmkSXXXXXccXXXXq6xXFXXXZ.jpg\" \/><img decoding=\"async\" src=\"\/\/ae01.alicdn.com\/kf\/HTB1tsNCSXXXXXXsapXXq6xXFXXXB.jpg\" \/><img decoding=\"async\" src=\"\/\/ae01.alicdn.com\/kf\/HTB1MISjSXXXXXcUXXXXq6xXFXXXj.jpg\" \/><img decoding=\"async\" src=\"\/\/ae01.alicdn.com\/kf\/HTB1iBVISXXXXXaZaXXXq6xXFXXXI.jpg\" \/><img decoding=\"async\" src=\"\/\/ae01.alicdn.com\/kf\/HTB1GhqqSXXXXXX7XXXXq6xXFXXXn.jpg\" \/><img decoding=\"async\" src=\"\/\/ae01.alicdn.com\/kf\/HTB1VIdPSXXXXXXiaXXXq6xXFXXXA.jpg\" \/><img decoding=\"async\" src=\"\/\/ae01.alicdn.com\/kf\/HTB1U7GnSXXXXXXVXXXXq6xXFXXXM.jpg\" \/><\/p>\n<\/div>\n<\/div>\n<\/div>\n<\/div>\n<\/div>\n<\/div>\n\n    <div class=\"xs_social_share_widget xs_share_url after_content \t\tmain_content  wslu-style-1 wslu-share-box-shaped wslu-fill-colored wslu-none wslu-share-horizontal wslu-theme-font-no wslu-main_content\">\n\n\t\t\n        <ul>\n\t\t\t        <\/ul>\n    <\/div> \n","protected":false},"excerpt":{"rendered":"<p>Linterna t\u00e1ctica de 1200 l\u00famenes Cree XPE R3 linterna LED de alta potencia l\u00e1mpara AAA brillante Descripci\u00f3n: 100% nuevo Port\u00e1til, f\u00e1cil de llevar y almacenar Adecuado para camping, viajes y otras actividades al aire libre Con correa en la tapa trasera, se puede poner en el bolsillo o colgar en la bolsa Haz ancho, ideal [&hellip;]<\/p>\n","protected":false},"featured_media":10142,"comment_status":"open","ping_status":"closed","template":"","meta":{"jetpack_publicize_message":"","jetpack_publicize_feature_enabled":true,"jetpack_social_post_already_shared":true,"jetpack_social_options":{"image_generator_settings":{"template":"highway","enabled":false},"version":2}},"product_brand":[],"product_cat":[35],"product_tag":[],"class_list":{"0":"post-10140","1":"product","2":"type-product","3":"status-publish","4":"has-post-thumbnail","6":"product_cat-iliminacion","8":"first","9":"instock","10":"sale","11":"taxable","12":"shipping-taxable","13":"purchasable","14":"product-type-variable"},"jetpack_publicize_connections":[],"jetpack_sharing_enabled":true,"_links":{"self":[{"href":"https:\/\/bodegaoutdoor.cl\/store\/wp-json\/wp\/v2\/product\/10140","targetHints":{"allow":["GET"]}}],"collection":[{"href":"https:\/\/bodegaoutdoor.cl\/store\/wp-json\/wp\/v2\/product"}],"about":[{"href":"https:\/\/bodegaoutdoor.cl\/store\/wp-json\/wp\/v2\/types\/product"}],"replies":[{"embeddable":true,"href":"https:\/\/bodegaoutdoor.cl\/store\/wp-json\/wp\/v2\/comments?post=10140"}],"version-history":[{"count":2,"href":"https:\/\/bodegaoutdoor.cl\/store\/wp-json\/wp\/v2\/product\/10140\/revisions"}],"predecessor-version":[{"id":71294,"href":"https:\/\/bodegaoutdoor.cl\/store\/wp-json\/wp\/v2\/product\/10140\/revisions\/71294"}],"wp:featuredmedia":[{"embeddable":true,"href":"https:\/\/bodegaoutdoor.cl\/store\/wp-json\/wp\/v2\/media\/10142"}],"wp:attachment":[{"href":"https:\/\/bodegaoutdoor.cl\/store\/wp-json\/wp\/v2\/media?parent=10140"}],"wp:term":[{"taxonomy":"product_brand","embeddable":true,"href":"https:\/\/bodegaoutdoor.cl\/store\/wp-json\/wp\/v2\/product_brand?post=10140"},{"taxonomy":"product_cat","embeddable":true,"href":"https:\/\/bodegaoutdoor.cl\/store\/wp-json\/wp\/v2\/product_cat?post=10140"},{"taxonomy":"product_tag","embeddable":true,"href":"https:\/\/bodegaoutdoor.cl\/store\/wp-json\/wp\/v2\/product_tag?post=10140"}],"curies":[{"name":"wp","href":"https:\/\/api.w.org\/{rel}","templated":true}]}}