{"id":10456,"date":"2020-08-10T22:18:55","date_gmt":"2020-08-10T22:18:55","guid":{"rendered":"https:\/\/bodegaoutdoor.cl\/store\/product\/la-mini-linterna-led-mas-brillante-linterna-recargable-usb-de-aluminio-de-alta-calidad-impermeable-linterna-de-defensa-personal-de-10w-super-brillante\/"},"modified":"2023-05-04T19:19:30","modified_gmt":"2023-05-04T23:19:30","slug":"la-mini-linterna-led-mas-brillante-linterna-recargable-usb-de-aluminio-de-alta-calidad-impermeable-linterna-de-defensa-personal-de-10w-super-brillante","status":"publish","type":"product","link":"https:\/\/bodegaoutdoor.cl\/store\/product\/la-mini-linterna-led-mas-brillante-linterna-recargable-usb-de-aluminio-de-alta-calidad-impermeable-linterna-de-defensa-personal-de-10w-super-brillante\/","title":{"rendered":"Linterna recargable USB de aluminio impermeabl 10W s\u00faper brillante"},"content":{"rendered":"<div><strong><span style=\"font-size: 18px;\">Caracter\u00edstica<\/span><\/strong><\/div>\n<div>\n<p><span style=\"font-size: 14px;\">Modelo: 1924<\/span><br \/>\n<span style=\"font-size: 14px;\">Bombilla de luz: SS-T40<\/span><br \/>\n<span style=\"font-size: 14px;\">Tama\u00f1o del producto:<\/span><span style=\"font-size: 14px;\">7,5*2,4*2,4 CM<\/span><br \/>\n<span style=\"font-size: 14px;\">Peso neto: 33G<\/span><br \/>\n<span style=\"font-size: 14px;\">Material: Aluminio<\/span><br \/>\n<span style=\"font-size: 14px;\">Interruptor:<\/span><span style=\"font-size: 14px;\">Interruptor<\/span><br \/>\n<span style=\"font-size: 14px;\">Bater\u00eda: 1*16340 (no incluida)<\/span><br \/>\n<span style=\"font-size: 14px;\">M\u00e9todo de carga: carga micro USB 5V 1A protecci\u00f3n antisobrecarga<\/span><br \/>\n<span style=\"font-size: 14px;\">ENGRANAJE 3 engranajes: luz fuerte-luz d\u00e9bil-intermitente en cualquier engranaje o en modo de espera pulsaci\u00f3n larga para abrir el modo superbrillante, liberar para salir del modo superbrillante<\/span><br \/>\n<span style=\"font-size: 14px;\">La luz indicadora cambia de posici\u00f3n la luz roja cuando se carga, enciende la luz verde, la luz verde cuando se descarga cuando la energ\u00eda es inferior al 20%, enciende la luz roja<\/span><br \/>\n<span style=\"font-size: 14px;\">Foco fijo de aleaci\u00f3n de aluminio ligera Copa<\/span><br \/>\n<span style=\"font-size: 14px;\">Caracter\u00edsticas Super peque\u00f1o super brillante con clip de metal<\/span><br \/>\n<span style=\"font-size: 14px;\">Impermeable IPX6<\/span><\/p>\n<p><img decoding=\"async\" style=\"width: 960px;\" src=\"https:\/\/bodegaoutdoor.cl\/store\/wp-content\/uploads\/2020\/08\/10456-iyc8gu.jpg\" \/><\/p>\n<p><img decoding=\"async\" style=\"width: 960px;\" src=\"https:\/\/bodegaoutdoor.cl\/store\/wp-content\/uploads\/2020\/08\/10456-eaxaga.jpg\" \/><\/p>\n<p><img decoding=\"async\" style=\"width: 960px;\" src=\"https:\/\/bodegaoutdoor.cl\/store\/wp-content\/uploads\/2020\/08\/10456-bavmaw.jpg\" \/><\/p>\n<p><img decoding=\"async\" style=\"width: 960px;\" src=\"https:\/\/bodegaoutdoor.cl\/store\/wp-content\/uploads\/2020\/08\/10456-wgmaax.jpg\" \/><\/p>\n<p><img decoding=\"async\" style=\"width: 960px;\" src=\"https:\/\/bodegaoutdoor.cl\/store\/wp-content\/uploads\/2020\/08\/10456-lboztm.jpg\" \/><\/p>\n<p><img decoding=\"async\" style=\"width: 960px;\" src=\"https:\/\/bodegaoutdoor.cl\/store\/wp-content\/uploads\/2020\/08\/10456-59tnbl.jpg\" \/><\/p>\n<p><img decoding=\"async\" style=\"width: 960px;\" src=\"https:\/\/bodegaoutdoor.cl\/store\/wp-content\/uploads\/2020\/08\/10456-wnprb4.jpg\" \/><\/p>\n<p><img decoding=\"async\" style=\"width: 960px;\" src=\"https:\/\/bodegaoutdoor.cl\/store\/wp-content\/uploads\/2020\/08\/10456-fo0vgb.jpg\" \/><\/p>\n<p><img decoding=\"async\" style=\"width: 960px;\" src=\"https:\/\/bodegaoutdoor.cl\/store\/wp-content\/uploads\/2020\/08\/10456-y1gzfq.jpg\" \/><\/p>\n<p><img decoding=\"async\" style=\"width: 960px;\" src=\"https:\/\/bodegaoutdoor.cl\/store\/wp-content\/uploads\/2020\/08\/10456-tsqnlg.jpg\" \/><\/p>\n<p><img decoding=\"async\" style=\"width: 960px;\" src=\"https:\/\/bodegaoutdoor.cl\/store\/wp-content\/uploads\/2020\/08\/10456-b3k2oe.jpg\" \/><\/p>\n<p><img decoding=\"async\" style=\"width: 960px;\" src=\"https:\/\/bodegaoutdoor.cl\/store\/wp-content\/uploads\/2020\/08\/10456-ytwmwp.jpg\" \/><\/p>\n<p><img decoding=\"async\" style=\"width: 960px;\" src=\"https:\/\/bodegaoutdoor.cl\/store\/wp-content\/uploads\/2020\/08\/10456-frrsmb.jpg\" \/><\/p>\n<p><img decoding=\"async\" style=\"width: 960px;\" src=\"https:\/\/bodegaoutdoor.cl\/store\/wp-content\/uploads\/2020\/08\/10456-8yq1ty.jpg\" \/><\/p>\n<p><img decoding=\"async\" style=\"width: 960px;\" src=\"\/\/ae01.alicdn.com\/kf\/H677d7e87e2b342369730afdd2d0ff7f7A.jpg\" \/><\/p>\n<p><img decoding=\"async\" style=\"width: 960px;\" src=\"\/\/ae01.alicdn.com\/kf\/Hba7d17a8625f4d9392a0d7e698e4cd6bi.jpg\" \/><\/p>\n<p><img decoding=\"async\" style=\"width: 960px;\" src=\"\/\/ae01.alicdn.com\/kf\/H6372ac41b13749a5814fa1f9a6a236bdH.jpg\" \/><\/p>\n<p><img decoding=\"async\" style=\"width: 960px;\" src=\"\/\/ae01.alicdn.com\/kf\/H8e353e1059c74dcfad3f688f93222821Y.jpg\" \/><\/p>\n<\/div>\n\n    <div class=\"xs_social_share_widget xs_share_url after_content \t\tmain_content  wslu-style-1 wslu-share-box-shaped wslu-fill-colored wslu-none wslu-share-horizontal wslu-theme-font-no wslu-main_content\">\n\n\t\t\n        <ul>\n\t\t\t        <\/ul>\n    <\/div> \n","protected":false},"excerpt":{"rendered":"<p>Caracter\u00edstica Modelo: 1924 Bombilla de luz: SS-T40 Tama\u00f1o del producto:7,5*2,4*2,4 CM Peso neto: 33G Material: Aluminio Interruptor:Interruptor Bater\u00eda: 1*16340 (no incluida) M\u00e9todo de carga: carga micro USB 5V 1A protecci\u00f3n antisobrecarga ENGRANAJE 3 engranajes: luz fuerte-luz d\u00e9bil-intermitente en cualquier engranaje o en modo de espera pulsaci\u00f3n larga para abrir el modo superbrillante, liberar para salir [&hellip;]<\/p>\n","protected":false},"featured_media":10465,"comment_status":"open","ping_status":"closed","template":"","meta":{"jetpack_publicize_message":"","jetpack_publicize_feature_enabled":true,"jetpack_social_post_already_shared":true,"jetpack_social_options":{"image_generator_settings":{"template":"highway","enabled":false},"version":2}},"product_brand":[],"product_cat":[15,790,35],"product_tag":[],"class_list":{"0":"post-10456","1":"product","2":"type-product","3":"status-publish","4":"has-post-thumbnail","6":"product_cat-otros","7":"product_cat-autodefensa","8":"product_cat-iliminacion","10":"first","11":"instock","12":"sale","13":"taxable","14":"shipping-taxable","15":"purchasable","16":"product-type-variable"},"jetpack_publicize_connections":[],"jetpack_sharing_enabled":true,"_links":{"self":[{"href":"https:\/\/bodegaoutdoor.cl\/store\/wp-json\/wp\/v2\/product\/10456","targetHints":{"allow":["GET"]}}],"collection":[{"href":"https:\/\/bodegaoutdoor.cl\/store\/wp-json\/wp\/v2\/product"}],"about":[{"href":"https:\/\/bodegaoutdoor.cl\/store\/wp-json\/wp\/v2\/types\/product"}],"replies":[{"embeddable":true,"href":"https:\/\/bodegaoutdoor.cl\/store\/wp-json\/wp\/v2\/comments?post=10456"}],"version-history":[{"count":2,"href":"https:\/\/bodegaoutdoor.cl\/store\/wp-json\/wp\/v2\/product\/10456\/revisions"}],"predecessor-version":[{"id":71287,"href":"https:\/\/bodegaoutdoor.cl\/store\/wp-json\/wp\/v2\/product\/10456\/revisions\/71287"}],"wp:featuredmedia":[{"embeddable":true,"href":"https:\/\/bodegaoutdoor.cl\/store\/wp-json\/wp\/v2\/media\/10465"}],"wp:attachment":[{"href":"https:\/\/bodegaoutdoor.cl\/store\/wp-json\/wp\/v2\/media?parent=10456"}],"wp:term":[{"taxonomy":"product_brand","embeddable":true,"href":"https:\/\/bodegaoutdoor.cl\/store\/wp-json\/wp\/v2\/product_brand?post=10456"},{"taxonomy":"product_cat","embeddable":true,"href":"https:\/\/bodegaoutdoor.cl\/store\/wp-json\/wp\/v2\/product_cat?post=10456"},{"taxonomy":"product_tag","embeddable":true,"href":"https:\/\/bodegaoutdoor.cl\/store\/wp-json\/wp\/v2\/product_tag?post=10456"}],"curies":[{"name":"wp","href":"https:\/\/api.w.org\/{rel}","templated":true}]}}