{"id":10979,"date":"2020-08-20T19:46:19","date_gmt":"2020-08-20T19:46:19","guid":{"rendered":"https:\/\/bodegaoutdoor.cl\/store\/?post_type=product&#038;p=10979"},"modified":"2026-01-31T18:06:58","modified_gmt":"2026-01-31T21:06:58","slug":"chaqueta-softshell-con-gorro-mujer","status":"publish","type":"product","link":"https:\/\/bodegaoutdoor.cl\/store\/product\/chaqueta-softshell-con-gorro-mujer\/","title":{"rendered":"Chaqueta Softshell con Gorro Mujer"},"content":{"rendered":"<ul>\n<li>Protecci\u00f3n t\u00e9rmica para todas las temporadas del a\u00f1o<\/li>\n<li>Uso casual o en deportes de monta\u00f1a, nieve o aventura<\/li>\n<li>Capucha ajustable<\/li>\n<li>Pu\u00f1os ajustables con velcro<\/li>\n<li>80% capacidad de repeler al agua<\/li>\n<li>Bolsillos: 2 con cierre en el \u00e1rea de la cintura, 2 internos<\/li>\n<li>Pretina ajustable con tirante el\u00e1stico<\/li>\n<li>Composici\u00f3n exterior: Membrana SoftShell<\/li>\n<li>Composici\u00f3n interior: Micropolar<\/li>\n<\/ul>\n<p>Otras Ventajas de la prenda:<\/p>\n<ul>\n<li><em>Protecci\u00f3n Solar<\/em><\/li>\n<li><em>Repelente al Agua<\/em><\/li>\n<li><em>Protecci\u00f3n Sola<\/em><\/li>\n<li><em>Cortaviento<\/em><\/li>\n<li><em>T\u00e9rmico<\/em><\/li>\n<\/ul>\n\n    <div class=\"xs_social_share_widget xs_share_url after_content \t\tmain_content  wslu-style-1 wslu-share-box-shaped wslu-fill-colored wslu-none wslu-share-horizontal wslu-theme-font-no wslu-main_content\">\n\n\t\t\n        <ul>\n\t\t\t        <\/ul>\n    <\/div> \n","protected":false},"excerpt":{"rendered":"<p>Protecci\u00f3n t\u00e9rmica para todas las temporadas del a\u00f1o Uso casual o en deportes de monta\u00f1a, nieve o aventura Capucha ajustable Pu\u00f1os ajustables con velcro 80% capacidad de repeler al agua Bolsillos: 2 con cierre en el \u00e1rea de la cintura, 2 internos Pretina ajustable con tirante el\u00e1stico Composici\u00f3n exterior: Membrana SoftShell Composici\u00f3n interior: Micropolar Otras [&hellip;]<\/p>\n","protected":false},"featured_media":10986,"comment_status":"open","ping_status":"closed","template":"","meta":{"jetpack_publicize_message":"","jetpack_publicize_feature_enabled":true,"jetpack_social_post_already_shared":true,"jetpack_social_options":{"image_generator_settings":{"template":"highway","enabled":false},"version":2}},"product_brand":[],"product_cat":[15,70,63],"product_tag":[],"class_list":{"0":"post-10979","1":"product","2":"type-product","3":"status-publish","4":"has-post-thumbnail","6":"product_cat-otros","7":"product_cat-mujer-tercera","8":"product_cat-vestuario-mujer","10":"first","11":"instock","12":"sale","13":"taxable","14":"shipping-taxable","15":"purchasable","16":"product-type-simple"},"jetpack_publicize_connections":[],"jetpack_sharing_enabled":true,"_links":{"self":[{"href":"https:\/\/bodegaoutdoor.cl\/store\/wp-json\/wp\/v2\/product\/10979","targetHints":{"allow":["GET"]}}],"collection":[{"href":"https:\/\/bodegaoutdoor.cl\/store\/wp-json\/wp\/v2\/product"}],"about":[{"href":"https:\/\/bodegaoutdoor.cl\/store\/wp-json\/wp\/v2\/types\/product"}],"replies":[{"embeddable":true,"href":"https:\/\/bodegaoutdoor.cl\/store\/wp-json\/wp\/v2\/comments?post=10979"}],"version-history":[{"count":2,"href":"https:\/\/bodegaoutdoor.cl\/store\/wp-json\/wp\/v2\/product\/10979\/revisions"}],"predecessor-version":[{"id":89120,"href":"https:\/\/bodegaoutdoor.cl\/store\/wp-json\/wp\/v2\/product\/10979\/revisions\/89120"}],"wp:featuredmedia":[{"embeddable":true,"href":"https:\/\/bodegaoutdoor.cl\/store\/wp-json\/wp\/v2\/media\/10986"}],"wp:attachment":[{"href":"https:\/\/bodegaoutdoor.cl\/store\/wp-json\/wp\/v2\/media?parent=10979"}],"wp:term":[{"taxonomy":"product_brand","embeddable":true,"href":"https:\/\/bodegaoutdoor.cl\/store\/wp-json\/wp\/v2\/product_brand?post=10979"},{"taxonomy":"product_cat","embeddable":true,"href":"https:\/\/bodegaoutdoor.cl\/store\/wp-json\/wp\/v2\/product_cat?post=10979"},{"taxonomy":"product_tag","embeddable":true,"href":"https:\/\/bodegaoutdoor.cl\/store\/wp-json\/wp\/v2\/product_tag?post=10979"}],"curies":[{"name":"wp","href":"https:\/\/api.w.org\/{rel}","templated":true}]}}