{"id":11853,"date":"2020-08-24T05:01:02","date_gmt":"2020-08-24T05:01:02","guid":{"rendered":"https:\/\/bodegaoutdoor.cl\/store\/product\/3-uds-1-lote-colchon-inflable-automatico-de-gamuza-gruesa-hewolf-de-65-cm-colchon-a-prueba-de-humedad-alfombrilla-para-tienda-de-acampar-al-aire-libre-alfombrillas-para-siesta\/"},"modified":"2023-05-04T19:19:27","modified_gmt":"2023-05-04T23:19:27","slug":"3-uds-1-lote-colchon-inflable-automatico-de-gamuza-gruesa-hewolf-de-65-cm-colchon-a-prueba-de-humedad-alfombrilla-para-tienda-de-acampar-al-aire-libre-alfombrillas-para-siesta","status":"publish","type":"product","link":"https:\/\/bodegaoutdoor.cl\/store\/product\/3-uds-1-lote-colchon-inflable-automatico-de-gamuza-gruesa-hewolf-de-65-cm-colchon-a-prueba-de-humedad-alfombrilla-para-tienda-de-acampar-al-aire-libre-alfombrillas-para-siesta\/","title":{"rendered":"\u00a13 uds.\/1 lote! Colch\u00f3n inflable autom\u00e1tico de gamuza gruesa Hewolf de 6,5 cm, colch\u00f3n a prueba de humedad, alfombrilla para tienda de acampar al aire libre, alfombrillas para siesta"},"content":{"rendered":"<p><span style=\"font-size: 16.0px;\"><span style=\"font-family: georgia , serif;\"><span style=\"color: #ff0000;\">Este es un colch\u00f3n inflable autom\u00e1tico de gamuza gruesa, \u00a1condiciones completas inflables de 6,5 cm de espesor! \u00a1Textura elegante, al aire libre, la familia debe tener!<\/span><\/span><\/span><\/p>\n<p><span style=\"font-size: 16.0px;\"><span style=\"font-family: georgia , serif;\">Marca: Hewolf<\/span><\/span><\/p>\n<p><span style=\"font-size: 16.0px;\"><span style=\"font-family: georgia , serif;\">Nombre: La c\u00f3moda almohada port\u00e1til individual se puede unir con alfombrillas inflables autom\u00e1ticas de gamuza<\/span><\/span><\/p>\n<p><span style=\"font-size: 16.0px;\"><span style=\"font-family: georgia , serif;\">Modelo: HW-D1407<\/span><\/span><\/p>\n<p><span style=\"font-size: 16.0px;\"><span style=\"font-family: georgia , serif;\">Color: marr\u00f3n\/Burdeos<\/span><\/span><\/p>\n<p><span style=\"font-size: 16.0px;\"><span style=\"font-family: georgia , serif;\">Tama\u00f1o: largo 200cm \u00d7 ancho 63cm \u00d7 6,5 cm de espesor<\/span><\/span><\/p>\n<p><span style=\"font-size: 16.0px;\"><span style=\"font-family: georgia , serif;\">Tama\u00f1o plegado: longitud 58cm \u00d7 16cm de di\u00e1metro<\/span><\/span><\/p>\n<p><span style=\"font-size: 16.0px;\"><span style=\"font-family: georgia , serif;\">Tela: gamuza s\u00faper suave<\/span><\/span><\/p>\n<p><span style=\"font-size: 16.0px;\"><span style=\"font-family: georgia , serif;\">RELLENO: Espuma de memoria de alta resistencia<\/span><\/span><\/p>\n<p><span style=\"font-size: 16.0px;\"><span style=\"font-family: georgia , serif;\">Peso: 2,43 kg\/pcs<\/span><\/span><\/p>\n<p><span style=\"font-size: 16.0px;\"><span style=\"font-family: georgia , serif;\">La bolsa: 210D tela oxford fuerza exterior de la bolsa<\/span><\/span><\/p>\n<p><span style=\"font-size: 16.0px;\"><span style=\"font-family: georgia , serif;\">Forma inflable: v\u00e1lvula de inflado de lat\u00f3n abierto, 100% autoinflado (uso inicial, debido a la compresi\u00f3n de la raz\u00f3n por demasiado tiempo, para ser parte del gas soplado artificial)<\/span><\/span><\/p>\n<p><span style=\"font-size: 16.0px;\"><span style=\"font-family: georgia , serif;\">Recordatorio<\/span><\/span><\/p>\n<p><span style=\"font-size: 16.0px;\"><span style=\"font-family: georgia , serif;\">Condiciones de uso: no apto para el suelo de los potholes con un plano de objeto afilado<\/span><\/span><\/p>\n<p><span style=\"font-size: 16.0px;\"><span style=\"font-family: georgia , serif;\">Nota de almacenamiento: la rejilla de ventilaci\u00f3n est\u00e1 completamente doblada<\/span><\/span><\/p>\n<p><strong><span style=\"color: #ff0000;\"><span style=\"font-family: georgia , serif; font-size: 16.0px;\">Aviso:<\/span><\/span><\/strong><\/p>\n<p><strong><span style=\"color: #ff0000;\"><span style=\"font-family: georgia , serif; font-size: 16.0px;\">Como el pegamento no puede hacer Transporte internacional. Desde marzo, nuestra f\u00e1brica no ha colocado el kit de reparaci\u00f3n en la bolsa. Esperamos que lo entiendas.<\/span><\/span><\/strong><\/p>\n<p><strong><span style=\"color: #ff0000;\"><span style=\"font-family: georgia , serif; font-size: 16.0px;\">El precio no incluye la almohada. Solo para la alfombra.<\/span><\/span><\/strong><\/p>\n<p><strong><span style=\"color: #ff0000;\"><span style=\"font-family: georgia , serif; font-size: 16.0px;\">Este precio es para alfombras de 3 piezas.<\/span><\/span><\/strong><\/p>\n<p><span style=\"font-size: 22.0pt; font-family: simhei;\"><strong><span style=\"font-size: 22.0pt; font-family: simhei;\"><img fetchpriority=\"high\" decoding=\"async\" title=\"\u00a13 uds.\/1 lote! Colch\u00f3n inflable autom\u00e1tico de gamuza gruesa Hewolf de 6,5 cm, colch\u00f3n a prueba de humedad, alfombrilla para tienda de acampar al aire libre, alfombrillas para siesta\" src=\"https:\/\/bodegaoutdoor.cl\/store\/wp-content\/uploads\/2020\/08\/11853-hxt0gr.jpg\" alt=\"\u00a13 uds.\/1 lote! Colch\u00f3n inflable autom\u00e1tico de gamuza gruesa Hewolf de 6,5 cm, colch\u00f3n a prueba de humedad, alfombrilla para tienda de acampar al aire libre, alfombrillas para siesta\" width=\"750\" height=\"620\" \/><br \/>\n<img decoding=\"async\" title=\"\u00a13 uds.\/1 lote! Colch\u00f3n inflable autom\u00e1tico de gamuza gruesa Hewolf de 6,5 cm, colch\u00f3n a prueba de humedad, alfombrilla para tienda de acampar al aire libre, alfombrillas para siesta\" src=\"https:\/\/bodegaoutdoor.cl\/store\/wp-content\/uploads\/2020\/08\/11853-cgxkkb.jpg\" alt=\"\u00a13 uds.\/1 lote! Colch\u00f3n inflable autom\u00e1tico de gamuza gruesa Hewolf de 6,5 cm, colch\u00f3n a prueba de humedad, alfombrilla para tienda de acampar al aire libre, alfombrillas para siesta\" width=\"750\" height=\"404\" \/><br \/>\n<img decoding=\"async\" title=\"\u00a13 uds.\/1 lote! Colch\u00f3n inflable autom\u00e1tico de gamuza gruesa Hewolf de 6,5 cm, colch\u00f3n a prueba de humedad, alfombrilla para tienda de acampar al aire libre, alfombrillas para siesta\" src=\"https:\/\/bodegaoutdoor.cl\/store\/wp-content\/uploads\/2020\/08\/11853-z3xuhj.jpg\" alt=\"\u00a13 uds.\/1 lote! Colch\u00f3n inflable autom\u00e1tico de gamuza gruesa Hewolf de 6,5 cm, colch\u00f3n a prueba de humedad, alfombrilla para tienda de acampar al aire libre, alfombrillas para siesta\" width=\"750\" height=\"609\" \/><br \/>\n<img loading=\"lazy\" decoding=\"async\" title=\"\u00a13 uds.\/1 lote! Colch\u00f3n inflable autom\u00e1tico de gamuza gruesa Hewolf de 6,5 cm, colch\u00f3n a prueba de humedad, alfombrilla para tienda de acampar al aire libre, alfombrillas para siesta\" src=\"https:\/\/bodegaoutdoor.cl\/store\/wp-content\/uploads\/2020\/08\/11853-kxazvd.jpg\" alt=\"\u00a13 uds.\/1 lote! Colch\u00f3n inflable autom\u00e1tico de gamuza gruesa Hewolf de 6,5 cm, colch\u00f3n a prueba de humedad, alfombrilla para tienda de acampar al aire libre, alfombrillas para siesta\" width=\"750\" height=\"586\" \/><br \/>\n<img loading=\"lazy\" decoding=\"async\" title=\"\u00a13 uds.\/1 lote! Colch\u00f3n inflable autom\u00e1tico de gamuza gruesa Hewolf de 6,5 cm, colch\u00f3n a prueba de humedad, alfombrilla para tienda de acampar al aire libre, alfombrillas para siesta\" src=\"https:\/\/bodegaoutdoor.cl\/store\/wp-content\/uploads\/2020\/08\/11853-pxk2px.jpg\" alt=\"\u00a13 uds.\/1 lote! Colch\u00f3n inflable autom\u00e1tico de gamuza gruesa Hewolf de 6,5 cm, colch\u00f3n a prueba de humedad, alfombrilla para tienda de acampar al aire libre, alfombrillas para siesta\" width=\"750\" height=\"569\" \/><br \/>\n<img loading=\"lazy\" decoding=\"async\" title=\"\u00a13 uds.\/1 lote! Colch\u00f3n inflable autom\u00e1tico de gamuza gruesa Hewolf de 6,5 cm, colch\u00f3n a prueba de humedad, alfombrilla para tienda de acampar al aire libre, alfombrillas para siesta\" src=\"https:\/\/bodegaoutdoor.cl\/store\/wp-content\/uploads\/2020\/08\/11853-ztztnw.jpg\" alt=\"\u00a13 uds.\/1 lote! Colch\u00f3n inflable autom\u00e1tico de gamuza gruesa Hewolf de 6,5 cm, colch\u00f3n a prueba de humedad, alfombrilla para tienda de acampar al aire libre, alfombrillas para siesta\" width=\"750\" height=\"626\" \/><\/span><\/strong><\/span><\/p>\n<p><img loading=\"lazy\" decoding=\"async\" title=\"\u00a13 uds.\/1 lote! Colch\u00f3n inflable autom\u00e1tico de gamuza gruesa Hewolf de 6,5 cm, colch\u00f3n a prueba de humedad, alfombrilla para tienda de acampar al aire libre, alfombrillas para siesta\" src=\"https:\/\/bodegaoutdoor.cl\/store\/wp-content\/uploads\/2020\/08\/11853-qdoiwd.jpg\" alt=\"\u00a13 uds.\/1 lote! Colch\u00f3n inflable autom\u00e1tico de gamuza gruesa Hewolf de 6,5 cm, colch\u00f3n a prueba de humedad, alfombrilla para tienda de acampar al aire libre, alfombrillas para siesta\" width=\"750\" height=\"403\" \/><br \/>\n<img loading=\"lazy\" decoding=\"async\" title=\"\u00a13 uds.\/1 lote! Colch\u00f3n inflable autom\u00e1tico de gamuza gruesa Hewolf de 6,5 cm, colch\u00f3n a prueba de humedad, alfombrilla para tienda de acampar al aire libre, alfombrillas para siesta\" src=\"https:\/\/bodegaoutdoor.cl\/store\/wp-content\/uploads\/2020\/08\/11853-lwuhjv.jpg\" alt=\"\u00a13 uds.\/1 lote! Colch\u00f3n inflable autom\u00e1tico de gamuza gruesa Hewolf de 6,5 cm, colch\u00f3n a prueba de humedad, alfombrilla para tienda de acampar al aire libre, alfombrillas para siesta\" width=\"750\" height=\"648\" \/><br \/>\n<img loading=\"lazy\" decoding=\"async\" title=\"\u00a13 uds.\/1 lote! Colch\u00f3n inflable autom\u00e1tico de gamuza gruesa Hewolf de 6,5 cm, colch\u00f3n a prueba de humedad, alfombrilla para tienda de acampar al aire libre, alfombrillas para siesta\" src=\"https:\/\/bodegaoutdoor.cl\/store\/wp-content\/uploads\/2020\/08\/11853-m8vp9r.jpg\" alt=\"\u00a13 uds.\/1 lote! Colch\u00f3n inflable autom\u00e1tico de gamuza gruesa Hewolf de 6,5 cm, colch\u00f3n a prueba de humedad, alfombrilla para tienda de acampar al aire libre, alfombrillas para siesta\" width=\"750\" height=\"625\" \/><\/p>\n<p><img loading=\"lazy\" decoding=\"async\" title=\"\u00a13 uds.\/1 lote! Colch\u00f3n inflable autom\u00e1tico de gamuza gruesa Hewolf de 6,5 cm, colch\u00f3n a prueba de humedad, alfombrilla para tienda de acampar al aire libre, alfombrillas para siesta\" src=\"https:\/\/bodegaoutdoor.cl\/store\/wp-content\/uploads\/2020\/08\/11853-sdpda4.jpg\" alt=\"\u00a13 uds.\/1 lote! Colch\u00f3n inflable autom\u00e1tico de gamuza gruesa Hewolf de 6,5 cm, colch\u00f3n a prueba de humedad, alfombrilla para tienda de acampar al aire libre, alfombrillas para siesta\" width=\"750\" height=\"680\" \/><br \/>\n<img loading=\"lazy\" decoding=\"async\" title=\"\u00a13 uds.\/1 lote! Colch\u00f3n inflable autom\u00e1tico de gamuza gruesa Hewolf de 6,5 cm, colch\u00f3n a prueba de humedad, alfombrilla para tienda de acampar al aire libre, alfombrillas para siesta\" src=\"https:\/\/bodegaoutdoor.cl\/store\/wp-content\/uploads\/2020\/08\/11853-fspjel.jpg\" alt=\"\u00a13 uds.\/1 lote! Colch\u00f3n inflable autom\u00e1tico de gamuza gruesa Hewolf de 6,5 cm, colch\u00f3n a prueba de humedad, alfombrilla para tienda de acampar al aire libre, alfombrillas para siesta\" width=\"750\" height=\"1017\" \/><br \/>\n<img loading=\"lazy\" decoding=\"async\" title=\"\u00a13 uds.\/1 lote! Colch\u00f3n inflable autom\u00e1tico de gamuza gruesa Hewolf de 6,5 cm, colch\u00f3n a prueba de humedad, alfombrilla para tienda de acampar al aire libre, alfombrillas para siesta\" src=\"https:\/\/bodegaoutdoor.cl\/store\/wp-content\/uploads\/2020\/08\/11853-s8ipu5.jpg\" alt=\"\u00a13 uds.\/1 lote! Colch\u00f3n inflable autom\u00e1tico de gamuza gruesa Hewolf de 6,5 cm, colch\u00f3n a prueba de humedad, alfombrilla para tienda de acampar al aire libre, alfombrillas para siesta\" width=\"750\" height=\"922\" \/><br \/>\n<img loading=\"lazy\" decoding=\"async\" title=\"\u00a13 uds.\/1 lote! Colch\u00f3n inflable autom\u00e1tico de gamuza gruesa Hewolf de 6,5 cm, colch\u00f3n a prueba de humedad, alfombrilla para tienda de acampar al aire libre, alfombrillas para siesta\" src=\"https:\/\/bodegaoutdoor.cl\/store\/wp-content\/uploads\/2020\/08\/11853-mxtmah.jpg\" alt=\"\u00a13 uds.\/1 lote! Colch\u00f3n inflable autom\u00e1tico de gamuza gruesa Hewolf de 6,5 cm, colch\u00f3n a prueba de humedad, alfombrilla para tienda de acampar al aire libre, alfombrillas para siesta\" width=\"750\" height=\"942\" \/><br \/>\n<img loading=\"lazy\" decoding=\"async\" title=\"\u00a13 uds.\/1 lote! Colch\u00f3n inflable autom\u00e1tico de gamuza gruesa Hewolf de 6,5 cm, colch\u00f3n a prueba de humedad, alfombrilla para tienda de acampar al aire libre, alfombrillas para siesta\" src=\"https:\/\/bodegaoutdoor.cl\/store\/wp-content\/uploads\/2020\/08\/11853-bvbahe.jpg\" alt=\"\u00a13 uds.\/1 lote! Colch\u00f3n inflable autom\u00e1tico de gamuza gruesa Hewolf de 6,5 cm, colch\u00f3n a prueba de humedad, alfombrilla para tienda de acampar al aire libre, alfombrillas para siesta\" width=\"750\" height=\"913\" \/><br \/>\n<img loading=\"lazy\" decoding=\"async\" title=\"\u00a13 uds.\/1 lote! Colch\u00f3n inflable autom\u00e1tico de gamuza gruesa Hewolf de 6,5 cm, colch\u00f3n a prueba de humedad, alfombrilla para tienda de acampar al aire libre, alfombrillas para siesta\" src=\"https:\/\/bodegaoutdoor.cl\/store\/wp-content\/uploads\/2020\/08\/11853-lubunv.jpg\" alt=\"\u00a13 uds.\/1 lote! Colch\u00f3n inflable autom\u00e1tico de gamuza gruesa Hewolf de 6,5 cm, colch\u00f3n a prueba de humedad, alfombrilla para tienda de acampar al aire libre, alfombrillas para siesta\" width=\"750\" height=\"784\" \/><br \/>\n<img loading=\"lazy\" decoding=\"async\" title=\"\u00a13 uds.\/1 lote! Colch\u00f3n inflable autom\u00e1tico de gamuza gruesa Hewolf de 6,5 cm, colch\u00f3n a prueba de humedad, alfombrilla para tienda de acampar al aire libre, alfombrillas para siesta\" src=\"https:\/\/bodegaoutdoor.cl\/store\/wp-content\/uploads\/2020\/08\/11853-iwqgjd.jpg\" alt=\"\u00a13 uds.\/1 lote! Colch\u00f3n inflable autom\u00e1tico de gamuza gruesa Hewolf de 6,5 cm, colch\u00f3n a prueba de humedad, alfombrilla para tienda de acampar al aire libre, alfombrillas para siesta\" width=\"750\" height=\"979\" \/><br \/>\n<img loading=\"lazy\" decoding=\"async\" title=\"\u00a13 uds.\/1 lote! Colch\u00f3n inflable autom\u00e1tico de gamuza gruesa Hewolf de 6,5 cm, colch\u00f3n a prueba de humedad, alfombrilla para tienda de acampar al aire libre, alfombrillas para siesta\" src=\"https:\/\/bodegaoutdoor.cl\/store\/wp-content\/uploads\/2020\/08\/11853-bhofva.jpg\" alt=\"\u00a13 uds.\/1 lote! Colch\u00f3n inflable autom\u00e1tico de gamuza gruesa Hewolf de 6,5 cm, colch\u00f3n a prueba de humedad, alfombrilla para tienda de acampar al aire libre, alfombrillas para siesta\" width=\"750\" height=\"481\" \/><br \/>\n<img loading=\"lazy\" decoding=\"async\" title=\"\u00a13 uds.\/1 lote! Colch\u00f3n inflable autom\u00e1tico de gamuza gruesa Hewolf de 6,5 cm, colch\u00f3n a prueba de humedad, alfombrilla para tienda de acampar al aire libre, alfombrillas para siesta\" src=\"https:\/\/bodegaoutdoor.cl\/store\/wp-content\/uploads\/2020\/08\/11853-wofhhw.jpg\" alt=\"\u00a13 uds.\/1 lote! Colch\u00f3n inflable autom\u00e1tico de gamuza gruesa Hewolf de 6,5 cm, colch\u00f3n a prueba de humedad, alfombrilla para tienda de acampar al aire libre, alfombrillas para siesta\" width=\"750\" height=\"300\" \/><br \/>\n<img loading=\"lazy\" decoding=\"async\" title=\"\u00a13 uds.\/1 lote! Colch\u00f3n inflable autom\u00e1tico de gamuza gruesa Hewolf de 6,5 cm, colch\u00f3n a prueba de humedad, alfombrilla para tienda de acampar al aire libre, alfombrillas para siesta\" src=\"https:\/\/bodegaoutdoor.cl\/store\/wp-content\/uploads\/2020\/08\/11853-3z1k6s.jpg\" alt=\"\u00a13 uds.\/1 lote! Colch\u00f3n inflable autom\u00e1tico de gamuza gruesa Hewolf de 6,5 cm, colch\u00f3n a prueba de humedad, alfombrilla para tienda de acampar al aire libre, alfombrillas para siesta\" width=\"750\" height=\"330\" \/><\/p>\n<p>&nbsp;<\/p>\n\n    <div class=\"xs_social_share_widget xs_share_url after_content \t\tmain_content  wslu-style-1 wslu-share-box-shaped wslu-fill-colored wslu-none wslu-share-horizontal wslu-theme-font-no wslu-main_content\">\n\n\t\t\n        <ul>\n\t\t\t        <\/ul>\n    <\/div> \n","protected":false},"excerpt":{"rendered":"<p>Este es un colch\u00f3n inflable autom\u00e1tico de gamuza gruesa, \u00a1condiciones completas inflables de 6,5 cm de espesor! \u00a1Textura elegante, al aire libre, la familia debe tener! Marca: Hewolf Nombre: La c\u00f3moda almohada port\u00e1til individual se puede unir con alfombrillas inflables autom\u00e1ticas de gamuza Modelo: HW-D1407 Color: marr\u00f3n\/Burdeos Tama\u00f1o: largo 200cm \u00d7 ancho 63cm \u00d7 6,5 [&hellip;]<\/p>\n","protected":false},"featured_media":12278,"comment_status":"open","ping_status":"closed","template":"","meta":{"jetpack_publicize_message":"","jetpack_publicize_feature_enabled":true,"jetpack_social_post_already_shared":true,"jetpack_social_options":{"image_generator_settings":{"template":"highway","enabled":false},"version":2}},"product_brand":[],"product_cat":[710],"product_tag":[],"class_list":{"0":"post-11853","1":"product","2":"type-product","3":"status-publish","4":"has-post-thumbnail","6":"product_cat-colchonetas-camping","8":"first","9":"instock","10":"sale","11":"taxable","12":"shipping-taxable","13":"purchasable","14":"product-type-variable"},"jetpack_publicize_connections":[],"jetpack_sharing_enabled":true,"_links":{"self":[{"href":"https:\/\/bodegaoutdoor.cl\/store\/wp-json\/wp\/v2\/product\/11853","targetHints":{"allow":["GET"]}}],"collection":[{"href":"https:\/\/bodegaoutdoor.cl\/store\/wp-json\/wp\/v2\/product"}],"about":[{"href":"https:\/\/bodegaoutdoor.cl\/store\/wp-json\/wp\/v2\/types\/product"}],"replies":[{"embeddable":true,"href":"https:\/\/bodegaoutdoor.cl\/store\/wp-json\/wp\/v2\/comments?post=11853"}],"version-history":[{"count":2,"href":"https:\/\/bodegaoutdoor.cl\/store\/wp-json\/wp\/v2\/product\/11853\/revisions"}],"predecessor-version":[{"id":71267,"href":"https:\/\/bodegaoutdoor.cl\/store\/wp-json\/wp\/v2\/product\/11853\/revisions\/71267"}],"wp:featuredmedia":[{"embeddable":true,"href":"https:\/\/bodegaoutdoor.cl\/store\/wp-json\/wp\/v2\/media\/12278"}],"wp:attachment":[{"href":"https:\/\/bodegaoutdoor.cl\/store\/wp-json\/wp\/v2\/media?parent=11853"}],"wp:term":[{"taxonomy":"product_brand","embeddable":true,"href":"https:\/\/bodegaoutdoor.cl\/store\/wp-json\/wp\/v2\/product_brand?post=11853"},{"taxonomy":"product_cat","embeddable":true,"href":"https:\/\/bodegaoutdoor.cl\/store\/wp-json\/wp\/v2\/product_cat?post=11853"},{"taxonomy":"product_tag","embeddable":true,"href":"https:\/\/bodegaoutdoor.cl\/store\/wp-json\/wp\/v2\/product_tag?post=11853"}],"curies":[{"name":"wp","href":"https:\/\/api.w.org\/{rel}","templated":true}]}}