{"id":12573,"date":"2020-09-01T21:10:22","date_gmt":"2020-09-01T21:10:22","guid":{"rendered":"https:\/\/bodegaoutdoor.cl\/store\/?post_type=product&#038;p=12573"},"modified":"2023-05-08T12:00:26","modified_gmt":"2023-05-08T16:00:26","slug":"polera-dryfit-con-cierre-manga-larga-hombre","status":"publish","type":"product","link":"https:\/\/bodegaoutdoor.cl\/store\/product\/polera-dryfit-con-cierre-manga-larga-hombre\/","title":{"rendered":"Polera DryFit primera capa Cierre Manga Larga Hombre"},"content":{"rendered":"<div class=\"product-short-description\">\n<p>Modelo de compresi\u00f3n que se ajusta a la forma del cuerpo. Es respirable, secado r\u00e1pido y altamente c\u00f3moda. Ideal para actividades deportivas, como running<\/p>\n<\/div>\n<div id=\"tab-description\" class=\"woocommerce-Tabs-panel woocommerce-Tabs-panel--description panel entry-content active\" role=\"tabpanel\" aria-labelledby=\"tab-title-description\">\n<p>Caracter\u00edsticas:<\/p>\n<ul>\n<li>Camiseta manga larga con dise\u00f1o de cuello alto con medio cierre frontal<\/li>\n<li>Altamente flexible, se ajusta a la silueta del cuerpo<\/li>\n<li>Pude ser usada para todo tipo de deportes<\/li>\n<li>Ultra liviana<\/li>\n<li>Costuras Planas que evitan el roce<\/li>\n<li>Libera la humedad y seca r\u00e1pido<\/li>\n<li>Composici\u00f3n: 92% Fibra de Poliester 8% Spandex<\/li>\n<\/ul>\n<p>&nbsp;<\/p>\n<p>Ventajas adicionales de la prenda:<\/p>\n<ul>\n<li><em>Secado R\u00e1pido<\/em><\/li>\n<li><em>Protecci\u00f3n Solar <\/em><\/li>\n<li><em>Respirable<\/em><\/li>\n<li><em>Antimicrobacteriana<\/em><\/li>\n<li><em>T\u00e9rmica al ser usada como primera capa<\/em><\/li>\n<\/ul>\n<p><img fetchpriority=\"high\" decoding=\"async\" class=\"alignnone size-full wp-image-18974\" src=\"https:\/\/bodegaoutdoor.cl\/store\/wp-content\/uploads\/2020\/09\/9013R-2-510x510-1.jpg\" alt=\"\" width=\"510\" height=\"510\" srcset=\"https:\/\/bodegaoutdoor.cl\/store\/wp-content\/uploads\/2020\/09\/9013R-2-510x510-1.jpg 510w, https:\/\/bodegaoutdoor.cl\/store\/wp-content\/uploads\/2020\/09\/9013R-2-510x510-1-300x300.jpg 300w, https:\/\/bodegaoutdoor.cl\/store\/wp-content\/uploads\/2020\/09\/9013R-2-510x510-1-100x100.jpg 100w, https:\/\/bodegaoutdoor.cl\/store\/wp-content\/uploads\/2020\/09\/9013R-2-510x510-1-150x150.jpg 150w\" sizes=\"(max-width: 510px) 100vw, 510px\" \/> <img decoding=\"async\" class=\"alignnone size-medium wp-image-18975\" src=\"https:\/\/bodegaoutdoor.cl\/store\/wp-content\/uploads\/2020\/09\/9013R-3-510x510-2.jpg\" alt=\"\" width=\"510\" height=\"510\" srcset=\"https:\/\/bodegaoutdoor.cl\/store\/wp-content\/uploads\/2020\/09\/9013R-3-510x510-2.jpg 510w, https:\/\/bodegaoutdoor.cl\/store\/wp-content\/uploads\/2020\/09\/9013R-3-510x510-2-300x300.jpg 300w, https:\/\/bodegaoutdoor.cl\/store\/wp-content\/uploads\/2020\/09\/9013R-3-510x510-2-100x100.jpg 100w, https:\/\/bodegaoutdoor.cl\/store\/wp-content\/uploads\/2020\/09\/9013R-3-510x510-2-150x150.jpg 150w\" sizes=\"(max-width: 510px) 100vw, 510px\" \/> <img decoding=\"async\" class=\"alignnone size-medium wp-image-18976\" src=\"https:\/\/bodegaoutdoor.cl\/store\/wp-content\/uploads\/2020\/09\/polera-9103.-Copy-1.jpg\" alt=\"\" width=\"480\" height=\"480\" srcset=\"https:\/\/bodegaoutdoor.cl\/store\/wp-content\/uploads\/2020\/09\/polera-9103.-Copy-1.jpg 480w, https:\/\/bodegaoutdoor.cl\/store\/wp-content\/uploads\/2020\/09\/polera-9103.-Copy-1-300x300.jpg 300w, https:\/\/bodegaoutdoor.cl\/store\/wp-content\/uploads\/2020\/09\/polera-9103.-Copy-1-100x100.jpg 100w, https:\/\/bodegaoutdoor.cl\/store\/wp-content\/uploads\/2020\/09\/polera-9103.-Copy-1-150x150.jpg 150w\" sizes=\"(max-width: 480px) 100vw, 480px\" \/> <img loading=\"lazy\" decoding=\"async\" class=\"alignnone size-medium wp-image-18977\" src=\"https:\/\/bodegaoutdoor.cl\/store\/wp-content\/uploads\/2020\/09\/polera-9103-gris-Copy-1-1.jpg\" alt=\"\" width=\"480\" height=\"480\" srcset=\"https:\/\/bodegaoutdoor.cl\/store\/wp-content\/uploads\/2020\/09\/polera-9103-gris-Copy-1-1.jpg 480w, https:\/\/bodegaoutdoor.cl\/store\/wp-content\/uploads\/2020\/09\/polera-9103-gris-Copy-1-1-300x300.jpg 300w, https:\/\/bodegaoutdoor.cl\/store\/wp-content\/uploads\/2020\/09\/polera-9103-gris-Copy-1-1-100x100.jpg 100w, https:\/\/bodegaoutdoor.cl\/store\/wp-content\/uploads\/2020\/09\/polera-9103-gris-Copy-1-1-150x150.jpg 150w\" sizes=\"(max-width: 480px) 100vw, 480px\" \/> <img loading=\"lazy\" decoding=\"async\" class=\"alignnone size-medium wp-image-18978\" src=\"https:\/\/bodegaoutdoor.cl\/store\/wp-content\/uploads\/2020\/09\/ROJO-510x510-2.jpg\" alt=\"\" width=\"510\" height=\"510\" srcset=\"https:\/\/bodegaoutdoor.cl\/store\/wp-content\/uploads\/2020\/09\/ROJO-510x510-2.jpg 510w, https:\/\/bodegaoutdoor.cl\/store\/wp-content\/uploads\/2020\/09\/ROJO-510x510-2-300x300.jpg 300w, https:\/\/bodegaoutdoor.cl\/store\/wp-content\/uploads\/2020\/09\/ROJO-510x510-2-100x100.jpg 100w, https:\/\/bodegaoutdoor.cl\/store\/wp-content\/uploads\/2020\/09\/ROJO-510x510-2-150x150.jpg 150w\" sizes=\"(max-width: 510px) 100vw, 510px\" \/><\/p>\n<p>&nbsp;<\/p>\n<\/div>\n\n    <div class=\"xs_social_share_widget xs_share_url after_content \t\tmain_content  wslu-style-1 wslu-share-box-shaped wslu-fill-colored wslu-none wslu-share-horizontal wslu-theme-font-no wslu-main_content\">\n\n\t\t\n        <ul>\n\t\t\t        <\/ul>\n    <\/div> \n","protected":false},"excerpt":{"rendered":"<p>Modelo de compresi\u00f3n que se ajusta a la forma del cuerpo. Es respirable, secado r\u00e1pido y altamente c\u00f3moda. Ideal para actividades deportivas, como running Caracter\u00edsticas: Camiseta manga larga con dise\u00f1o de cuello alto con medio cierre frontal Altamente flexible, se ajusta a la silueta del cuerpo Pude ser usada para todo tipo de deportes Ultra [&hellip;]<\/p>\n","protected":false},"featured_media":12575,"comment_status":"open","ping_status":"closed","template":"","meta":{"jetpack_publicize_message":"","jetpack_publicize_feature_enabled":true,"jetpack_social_post_already_shared":true,"jetpack_social_options":{"image_generator_settings":{"template":"highway","enabled":false},"version":2}},"product_brand":[],"product_cat":[1436,71,62],"product_tag":[515],"class_list":{"0":"post-12573","1":"product","2":"type-product","3":"status-publish","4":"has-post-thumbnail","6":"product_cat-poleras-camisas","7":"product_cat-hombre-primera","8":"product_cat-vestuario-hombre","9":"product_tag-primera-capa","11":"first","12":"instock","13":"sale","14":"taxable","15":"shipping-taxable","16":"purchasable","17":"product-type-variable"},"jetpack_publicize_connections":[],"jetpack_sharing_enabled":true,"_links":{"self":[{"href":"https:\/\/bodegaoutdoor.cl\/store\/wp-json\/wp\/v2\/product\/12573","targetHints":{"allow":["GET"]}}],"collection":[{"href":"https:\/\/bodegaoutdoor.cl\/store\/wp-json\/wp\/v2\/product"}],"about":[{"href":"https:\/\/bodegaoutdoor.cl\/store\/wp-json\/wp\/v2\/types\/product"}],"replies":[{"embeddable":true,"href":"https:\/\/bodegaoutdoor.cl\/store\/wp-json\/wp\/v2\/comments?post=12573"}],"version-history":[{"count":3,"href":"https:\/\/bodegaoutdoor.cl\/store\/wp-json\/wp\/v2\/product\/12573\/revisions"}],"predecessor-version":[{"id":72426,"href":"https:\/\/bodegaoutdoor.cl\/store\/wp-json\/wp\/v2\/product\/12573\/revisions\/72426"}],"wp:featuredmedia":[{"embeddable":true,"href":"https:\/\/bodegaoutdoor.cl\/store\/wp-json\/wp\/v2\/media\/12575"}],"wp:attachment":[{"href":"https:\/\/bodegaoutdoor.cl\/store\/wp-json\/wp\/v2\/media?parent=12573"}],"wp:term":[{"taxonomy":"product_brand","embeddable":true,"href":"https:\/\/bodegaoutdoor.cl\/store\/wp-json\/wp\/v2\/product_brand?post=12573"},{"taxonomy":"product_cat","embeddable":true,"href":"https:\/\/bodegaoutdoor.cl\/store\/wp-json\/wp\/v2\/product_cat?post=12573"},{"taxonomy":"product_tag","embeddable":true,"href":"https:\/\/bodegaoutdoor.cl\/store\/wp-json\/wp\/v2\/product_tag?post=12573"}],"curies":[{"name":"wp","href":"https:\/\/api.w.org\/{rel}","templated":true}]}}

<div class="product-short-description">
<p>Modelo de compresión que se ajusta a la forma del cuerpo. Es respirable, secado rápido y altamente cómoda. Ideal para actividades deportivas, como running</p>
</div>
<div id="tab-description" class="woocommerce-Tabs-panel woocommerce-Tabs-panel--description panel entry-content active" role="tabpanel" aria-labelledby="tab-title-description">
<p>Características:</p>
<ul>
<li>Camiseta manga larga con diseño de cuello alto con medio cierre frontal</li>
<li>Altamente flexible, se ajusta a la silueta del cuerpo</li>
<li>Pude ser usada para todo tipo de deportes</li>
<li>Ultra liviana</li>
<li>Costuras Planas que evitan el roce</li>
<li>Libera la humedad y seca rápido</li>
<li>Composición: 92% Fibra de Poliester 8% Spandex</li>
</ul>
<p>&nbsp;</p>
<p>Ventajas adicionales de la prenda:</p>
<ul>
<li><em>Secado Rápido</em></li>
<li><em>Protección Solar </em></li>
<li><em>Respirable</em></li>
<li><em>Antimicrobacteriana</em></li>
<li><em>Térmica al ser usada como primera capa</em></li>
</ul>
<p><img fetchpriority="high" decoding="async" class="alignnone size-full wp-image-18974" src="https://bodegaoutdoor.cl/store/wp-content/uploads/2020/09/9013R-2-510x510-1.jpg" alt="" width="510" height="510" srcset="https://bodegaoutdoor.cl/store/wp-content/uploads/2020/09/9013R-2-510x510-1.jpg 510w, https://bodegaoutdoor.cl/store/wp-content/uploads/2020/09/9013R-2-510x510-1-300x300.jpg 300w, https://bodegaoutdoor.cl/store/wp-content/uploads/2020/09/9013R-2-510x510-1-100x100.jpg 100w, https://bodegaoutdoor.cl/store/wp-content/uploads/2020/09/9013R-2-510x510-1-150x150.jpg 150w" sizes="(max-width: 510px) 100vw, 510px" /> <img decoding="async" class="alignnone size-medium wp-image-18975" src="https://bodegaoutdoor.cl/store/wp-content/uploads/2020/09/9013R-3-510x510-2.jpg" alt="" width="510" height="510" srcset="https://bodegaoutdoor.cl/store/wp-content/uploads/2020/09/9013R-3-510x510-2.jpg 510w, https://bodegaoutdoor.cl/store/wp-content/uploads/2020/09/9013R-3-510x510-2-300x300.jpg 300w, https://bodegaoutdoor.cl/store/wp-content/uploads/2020/09/9013R-3-510x510-2-100x100.jpg 100w, https://bodegaoutdoor.cl/store/wp-content/uploads/2020/09/9013R-3-510x510-2-150x150.jpg 150w" sizes="(max-width: 510px) 100vw, 510px" /> <img decoding="async" class="alignnone size-medium wp-image-18976" src="https://bodegaoutdoor.cl/store/wp-content/uploads/2020/09/polera-9103.-Copy-1.jpg" alt="" width="480" height="480" srcset="https://bodegaoutdoor.cl/store/wp-content/uploads/2020/09/polera-9103.-Copy-1.jpg 480w, https://bodegaoutdoor.cl/store/wp-content/uploads/2020/09/polera-9103.-Copy-1-300x300.jpg 300w, https://bodegaoutdoor.cl/store/wp-content/uploads/2020/09/polera-9103.-Copy-1-100x100.jpg 100w, https://bodegaoutdoor.cl/store/wp-content/uploads/2020/09/polera-9103.-Copy-1-150x150.jpg 150w" sizes="(max-width: 480px) 100vw, 480px" /> <img loading="lazy" decoding="async" class="alignnone size-medium wp-image-18977" src="https://bodegaoutdoor.cl/store/wp-content/uploads/2020/09/polera-9103-gris-Copy-1-1.jpg" alt="" width="480" height="480" srcset="https://bodegaoutdoor.cl/store/wp-content/uploads/2020/09/polera-9103-gris-Copy-1-1.jpg 480w, https://bodegaoutdoor.cl/store/wp-content/uploads/2020/09/polera-9103-gris-Copy-1-1-300x300.jpg 300w, https://bodegaoutdoor.cl/store/wp-content/uploads/2020/09/polera-9103-gris-Copy-1-1-100x100.jpg 100w, https://bodegaoutdoor.cl/store/wp-content/uploads/2020/09/polera-9103-gris-Copy-1-1-150x150.jpg 150w" sizes="(max-width: 480px) 100vw, 480px" /> <img loading="lazy" decoding="async" class="alignnone size-medium wp-image-18978" src="https://bodegaoutdoor.cl/store/wp-content/uploads/2020/09/ROJO-510x510-2.jpg" alt="" width="510" height="510" srcset="https://bodegaoutdoor.cl/store/wp-content/uploads/2020/09/ROJO-510x510-2.jpg 510w, https://bodegaoutdoor.cl/store/wp-content/uploads/2020/09/ROJO-510x510-2-300x300.jpg 300w, https://bodegaoutdoor.cl/store/wp-content/uploads/2020/09/ROJO-510x510-2-100x100.jpg 100w, https://bodegaoutdoor.cl/store/wp-content/uploads/2020/09/ROJO-510x510-2-150x150.jpg 150w" sizes="(max-width: 510px) 100vw, 510px" /></p>
<p>&nbsp;</p>
</div>

    <div class="xs_social_share_widget xs_share_url after_content 		main_content  wslu-style-1 wslu-share-box-shaped wslu-fill-colored wslu-none wslu-share-horizontal wslu-theme-font-no wslu-main_content">

		
        <ul>
			        </ul>
    </div>

<p>Modelo de compresión que se ajusta a la forma del cuerpo. Es respirable, secado rápido y altamente cómoda. Ideal para actividades deportivas, como running Características: Camiseta manga larga con diseño de cuello alto con medio cierre frontal Altamente flexible, se ajusta a la silueta del cuerpo Pude ser usada para todo tipo de deportes Ultra [&hellip;]</p>
