{"id":15753,"date":"2020-09-06T04:35:33","date_gmt":"2020-09-06T04:35:33","guid":{"rendered":"https:\/\/bodegaoutdoor.cl\/store\/product\/mochila-tactica-al-aire-libre-2-en-1-de-40l-mochilas-militares-mochila-del-ejercito-bolsa-de-deporte-molle-para-hombre-para-acampar-senderismo-viaje-escalada\/"},"modified":"2023-05-04T19:19:24","modified_gmt":"2023-05-04T23:19:24","slug":"mochila-tactica-outdoor-2-en-1-de-40l-molle-senderismo-viaje-trekking","status":"publish","type":"product","link":"https:\/\/bodegaoutdoor.cl\/store\/product\/mochila-tactica-outdoor-2-en-1-de-40l-molle-senderismo-viaje-trekking\/","title":{"rendered":"Mochila t\u00e1ctica Outdoor 2 en 1 de 40L, Molle , senderismo, viaje, trekking"},"content":{"rendered":"<div><\/div>\n<div>\n<p style=\"font-family: 'OpenSans'; color: #000; font-weight: 900; font-size: 20px; line-height: 28px; margin-bottom: 12px;\">Mochila outdoor 600D Nylon 40L 2 en 1 mochila t\u00e1ctica deportes Camping<\/p>\n<p style=\"font-family: 'OpenSans'; color: #000; font-weight: 300; font-size: 14px; line-height: 20px; margin-bottom: 12px;\">Hecho de material sellado de nailon 600D, duradero y resistente al agua<br \/>\n-Cintur\u00f3n ancho y grueso, c\u00f3modo para llevar pesado<br \/>\n-Con bolsos de cintura molle desmontables unidos en los lados traseros<br \/>\n-Viene con correa para llevar a mano y correa de hombro ajustable<br \/>\n-40L de capacidad, adecuado para deportes al aire libre como camping, senderismo, trekking, etc.<\/p>\n<p>Nombre del producto: mochila t\u00e1ctica militar de camuflaje 2 en 1<br \/>\nMaterial: 600D de nylon material sellado<br \/>\nG\u00e9nero: hombres\/mujeres<br \/>\nPeso: 1,35 kg<br \/>\nEl paquete incluye: 1 * mochila principal, 1 * ri\u00f1onera;<\/p>\n<p>Nota: bolsas adicionales y una bolsa para un termo<br \/>\nNo est\u00e1 incluido<\/p>\n<p><img decoding=\"async\" title=\"Mochila t\u00e1ctica al aire libre 2 en 1 de 40L, mochilas militares, mochila del ej\u00e9rcito, bolsa de deporte Molle para hombre, para acampar, senderismo, viaje, escalada\" src=\"https:\/\/bodegaoutdoor.cl\/store\/wp-content\/uploads\/2020\/09\/15753-sa2tql.jpg\" alt=\"Mochila t\u00e1ctica al aire libre 2 en 1 de 40L, mochilas militares, mochila del ej\u00e9rcito, bolsa de deporte Molle para hombre, para acampar, senderismo, viaje, escalada\" \/><img decoding=\"async\" title=\"Mochila t\u00e1ctica al aire libre 2 en 1 de 40L, mochilas militares, mochila del ej\u00e9rcito, bolsa de deporte Molle para hombre, para acampar, senderismo, viaje, escalada\" src=\"https:\/\/bodegaoutdoor.cl\/store\/wp-content\/uploads\/2020\/09\/15753-obuhll.jpg\" alt=\"Mochila t\u00e1ctica al aire libre 2 en 1 de 40L, mochilas militares, mochila del ej\u00e9rcito, bolsa de deporte Molle para hombre, para acampar, senderismo, viaje, escalada\" \/><img decoding=\"async\" title=\"Mochila t\u00e1ctica al aire libre 2 en 1 de 40L, mochilas militares, mochila del ej\u00e9rcito, bolsa de deporte Molle para hombre, para acampar, senderismo, viaje, escalada\" src=\"https:\/\/bodegaoutdoor.cl\/store\/wp-content\/uploads\/2020\/09\/15753-bt3bqx.jpg\" alt=\"Mochila t\u00e1ctica al aire libre 2 en 1 de 40L, mochilas militares, mochila del ej\u00e9rcito, bolsa de deporte Molle para hombre, para acampar, senderismo, viaje, escalada\" \/><img decoding=\"async\" title=\"Mochila t\u00e1ctica al aire libre 2 en 1 de 40L, mochilas militares, mochila del ej\u00e9rcito, bolsa de deporte Molle para hombre, para acampar, senderismo, viaje, escalada\" src=\"https:\/\/bodegaoutdoor.cl\/store\/wp-content\/uploads\/2020\/09\/15753-npwmdn.jpg\" alt=\"Mochila t\u00e1ctica al aire libre 2 en 1 de 40L, mochilas militares, mochila del ej\u00e9rcito, bolsa de deporte Molle para hombre, para acampar, senderismo, viaje, escalada\" \/><img decoding=\"async\" title=\"Mochila t\u00e1ctica al aire libre 2 en 1 de 40L, mochilas militares, mochila del ej\u00e9rcito, bolsa de deporte Molle para hombre, para acampar, senderismo, viaje, escalada\" src=\"https:\/\/bodegaoutdoor.cl\/store\/wp-content\/uploads\/2020\/09\/15753-tonykk.jpg\" alt=\"Mochila t\u00e1ctica al aire libre 2 en 1 de 40L, mochilas militares, mochila del ej\u00e9rcito, bolsa de deporte Molle para hombre, para acampar, senderismo, viaje, escalada\" \/><img decoding=\"async\" title=\"Mochila t\u00e1ctica al aire libre 2 en 1 de 40L, mochilas militares, mochila del ej\u00e9rcito, bolsa de deporte Molle para hombre, para acampar, senderismo, viaje, escalada\" src=\"https:\/\/bodegaoutdoor.cl\/store\/wp-content\/uploads\/2020\/09\/15753-jxxwes.jpg\" alt=\"Mochila t\u00e1ctica al aire libre 2 en 1 de 40L, mochilas militares, mochila del ej\u00e9rcito, bolsa de deporte Molle para hombre, para acampar, senderismo, viaje, escalada\" \/><img decoding=\"async\" title=\"Mochila t\u00e1ctica al aire libre 2 en 1 de 40L, mochilas militares, mochila del ej\u00e9rcito, bolsa de deporte Molle para hombre, para acampar, senderismo, viaje, escalada\" src=\"https:\/\/bodegaoutdoor.cl\/store\/wp-content\/uploads\/2020\/09\/15753-w7xtkq.jpg\" alt=\"Mochila t\u00e1ctica al aire libre 2 en 1 de 40L, mochilas militares, mochila del ej\u00e9rcito, bolsa de deporte Molle para hombre, para acampar, senderismo, viaje, escalada\" \/><img decoding=\"async\" title=\"Mochila t\u00e1ctica al aire libre 2 en 1 de 40L, mochilas militares, mochila del ej\u00e9rcito, bolsa de deporte Molle para hombre, para acampar, senderismo, viaje, escalada\" src=\"https:\/\/bodegaoutdoor.cl\/store\/wp-content\/uploads\/2020\/09\/15753-gfoz2d.jpg\" alt=\"Mochila t\u00e1ctica al aire libre 2 en 1 de 40L, mochilas militares, mochila del ej\u00e9rcito, bolsa de deporte Molle para hombre, para acampar, senderismo, viaje, escalada\" \/><img decoding=\"async\" title=\"Mochila t\u00e1ctica al aire libre 2 en 1 de 40L, mochilas militares, mochila del ej\u00e9rcito, bolsa de deporte Molle para hombre, para acampar, senderismo, viaje, escalada\" src=\"https:\/\/bodegaoutdoor.cl\/store\/wp-content\/uploads\/2020\/09\/15753-2jwhws.jpg\" alt=\"Mochila t\u00e1ctica al aire libre 2 en 1 de 40L, mochilas militares, mochila del ej\u00e9rcito, bolsa de deporte Molle para hombre, para acampar, senderismo, viaje, escalada\" \/><\/p>\n<\/div>\n<div><\/div>\n\n    <div class=\"xs_social_share_widget xs_share_url after_content \t\tmain_content  wslu-style-1 wslu-share-box-shaped wslu-fill-colored wslu-none wslu-share-horizontal wslu-theme-font-no wslu-main_content\">\n\n\t\t\n        <ul>\n\t\t\t        <\/ul>\n    <\/div> \n","protected":false},"excerpt":{"rendered":"<p>Mochila outdoor 600D Nylon 40L 2 en 1 mochila t\u00e1ctica deportes Camping Hecho de material sellado de nailon 600D, duradero y resistente al agua -Cintur\u00f3n ancho y grueso, c\u00f3modo para llevar pesado -Con bolsos de cintura molle desmontables unidos en los lados traseros -Viene con correa para llevar a mano y correa de hombro ajustable [&hellip;]<\/p>\n","protected":false},"featured_media":15759,"comment_status":"open","ping_status":"closed","template":"","meta":{"jetpack_publicize_message":"","jetpack_publicize_feature_enabled":true,"jetpack_social_post_already_shared":true,"jetpack_social_options":{"image_generator_settings":{"template":"highway","enabled":false},"version":2}},"product_brand":[],"product_cat":[15],"product_tag":[],"class_list":{"0":"post-15753","1":"product","2":"type-product","3":"status-publish","4":"has-post-thumbnail","6":"product_cat-otros","8":"first","9":"instock","10":"sale","11":"taxable","12":"shipping-taxable","13":"purchasable","14":"product-type-variable"},"jetpack_publicize_connections":[],"jetpack_sharing_enabled":true,"_links":{"self":[{"href":"https:\/\/bodegaoutdoor.cl\/store\/wp-json\/wp\/v2\/product\/15753","targetHints":{"allow":["GET"]}}],"collection":[{"href":"https:\/\/bodegaoutdoor.cl\/store\/wp-json\/wp\/v2\/product"}],"about":[{"href":"https:\/\/bodegaoutdoor.cl\/store\/wp-json\/wp\/v2\/types\/product"}],"replies":[{"embeddable":true,"href":"https:\/\/bodegaoutdoor.cl\/store\/wp-json\/wp\/v2\/comments?post=15753"}],"version-history":[{"count":2,"href":"https:\/\/bodegaoutdoor.cl\/store\/wp-json\/wp\/v2\/product\/15753\/revisions"}],"predecessor-version":[{"id":71244,"href":"https:\/\/bodegaoutdoor.cl\/store\/wp-json\/wp\/v2\/product\/15753\/revisions\/71244"}],"wp:featuredmedia":[{"embeddable":true,"href":"https:\/\/bodegaoutdoor.cl\/store\/wp-json\/wp\/v2\/media\/15759"}],"wp:attachment":[{"href":"https:\/\/bodegaoutdoor.cl\/store\/wp-json\/wp\/v2\/media?parent=15753"}],"wp:term":[{"taxonomy":"product_brand","embeddable":true,"href":"https:\/\/bodegaoutdoor.cl\/store\/wp-json\/wp\/v2\/product_brand?post=15753"},{"taxonomy":"product_cat","embeddable":true,"href":"https:\/\/bodegaoutdoor.cl\/store\/wp-json\/wp\/v2\/product_cat?post=15753"},{"taxonomy":"product_tag","embeddable":true,"href":"https:\/\/bodegaoutdoor.cl\/store\/wp-json\/wp\/v2\/product_tag?post=15753"}],"curies":[{"name":"wp","href":"https:\/\/api.w.org\/{rel}","templated":true}]}}