{"id":15792,"date":"2020-09-06T04:37:23","date_gmt":"2020-09-06T04:37:23","guid":{"rendered":"https:\/\/bodegaoutdoor.cl\/store\/product\/mochila-tactica-de-exterior-3p-para-hombre-900d-impermeable-militar-de-hombro-para-caza-camping-multifuncional-bolsa-de-deporte-molle\/"},"modified":"2024-03-27T08:45:11","modified_gmt":"2024-03-27T11:45:11","slug":"mochila-tactica-de-exterior-3p-para-hombre-900d-impermeable-militar-molle-30l","status":"publish","type":"product","link":"https:\/\/bodegaoutdoor.cl\/store\/product\/mochila-tactica-de-exterior-3p-para-hombre-900d-impermeable-militar-molle-30l\/","title":{"rendered":"Mochila t\u00e1ctica de exterior 3P para hombre 900D, impermeable, militar,  Molle 30L"},"content":{"rendered":"<h1 style=\"text-align: center;\"><span style=\"font-family: times new roman , times , serif;\"><span style=\"font-size: 36.0px;\"> <span style=\"color: #000000;\"><strong>Caliente al aire libre de los hombres 3P mochila t\u00e1ctica 900D impermeable ej\u00e9rcito hombro militar camping caza mujer Multi-prop\u00f3sito Molle bolsa de deporte<\/strong><\/span><\/span><\/span><\/h1>\n<p style=\"text-align: center;\"><span style=\"font-size: 18.0px;\"><strong><span style=\"font-family: times new roman , times , serif;\"><span style=\"font-style: inherit; font-weight: inherit; color: #000000;\">Nota Las 1:1 pulgadas = 2,54 cm 1cm = 0,39 cm<\/span><\/span><\/strong><\/span><\/p>\n<p style=\"margin: 0.0px; padding: 0.0px; border: 0.0px; line-height: inherit; font-family: arial; vertical-align: baseline; color: #000000; text-align: center;\"><span style=\"margin: 0.0px; padding: 0.0px; border: 0.0px; font-style: inherit; font-weight: inherit; font-size: inherit; line-height: inherit; font-family: times new roman , times , serif; vertical-align: baseline;\"><span style=\"margin: 0.0px; padding: 0.0px; border: 0.0px; font-style: inherit; font-weight: inherit; font-size: 18.0px; line-height: inherit; vertical-align: baseline;\"><span style=\"font-weight: bold;\"><span style=\"margin: 0.0px; padding: 0.0px; border: 0.0px; font-style: inherit; font-weight: inherit; font-size: inherit; line-height: 18.0px; vertical-align: baseline;\"><span style=\"margin: 0.0px; padding: 0.0px; border: 0.0px; font-style: inherit; font-weight: inherit; font-size: inherit; line-height: 22.5px; vertical-align: baseline;\">Nota 2: puede haber una ligera diferencia en el color, debido a la configuraci\u00f3n del monitor del ordenador<\/span><\/span><\/span><\/span><\/span><\/p>\n<p style=\"margin: 0.0px; padding: 0.0px; border: 0.0px; line-height: inherit; font-family: arial; vertical-align: baseline; color: #000000; text-align: center;\"><span style=\"margin: 0.0px; padding: 0.0px; border: 0.0px; font-style: inherit; font-weight: inherit; font-size: inherit; line-height: inherit; font-family: times new roman , times , serif; vertical-align: baseline;\"><span style=\"margin: 0.0px; padding: 0.0px; border: 0.0px; font-style: inherit; font-weight: inherit; font-size: 18.0px; line-height: inherit; vertical-align: baseline;\"><span style=\"font-weight: bold;\"><span style=\"margin: 0.0px; padding: 0.0px; border: 0.0px; font-style: inherit; font-weight: inherit; font-size: inherit; line-height: 18.0px; vertical-align: baseline;\"><span style=\"margin: 0.0px; padding: 0.0px; border: 0.0px; font-style: inherit; font-weight: inherit; font-size: inherit; line-height: 22.5px; vertical-align: baseline;\">Nota 3: con la diferencia en el m\u00e9todo de medici\u00f3n<\/span><\/span><\/span><\/span><\/span><\/p>\n<p style=\"margin: 0.0px; padding: 0.0px; border: 0.0px; line-height: inherit; font-family: arial; vertical-align: baseline; color: #000000; text-align: center;\"><span style=\"margin: 0.0px; padding: 0.0px; border: 0.0px; font-style: inherit; font-weight: inherit; font-size: inherit; line-height: inherit; font-family: times new roman , times , serif; vertical-align: baseline;\"><span style=\"margin: 0.0px; padding: 0.0px; border: 0.0px; font-style: inherit; font-weight: inherit; font-size: 18.0px; line-height: inherit; vertical-align: baseline;\"><span style=\"font-weight: bold;\"><span style=\"margin: 0.0px; padding: 0.0px; border: 0.0px; font-style: inherit; font-weight: inherit; font-size: inherit; line-height: 18.0px; vertical-align: baseline;\"><span style=\"margin: 0.0px; padding: 0.0px; border: 0.0px; font-style: inherit; font-weight: inherit; font-size: inherit; line-height: 22.5px; vertical-align: baseline;\">Puede haber una diferencia de 1-3 cm en el tama\u00f1o<\/span><\/span><\/span><\/span><\/span><\/p>\n<p style=\"margin: 0.0px; padding: 0.0px; border: 0.0px; line-height: inherit; font-family: arial; vertical-align: baseline; color: #000000; text-align: center;\"><span style=\"margin: 0.0px; padding: 0.0px; border: 0.0px; font-style: inherit; font-weight: inherit; font-size: inherit; line-height: inherit; font-family: times new roman , times , serif; vertical-align: baseline;\"><span style=\"margin: 0.0px; padding: 0.0px; border: 0.0px; font-style: inherit; font-weight: inherit; font-size: 18.0px; line-height: inherit; vertical-align: baseline;\"><span style=\"font-weight: bold;\"><span style=\"margin: 0.0px; padding: 0.0px; border: 0.0px; font-style: inherit; font-weight: inherit; font-size: inherit; line-height: 18.0px; vertical-align: baseline;\"><span style=\"margin: 0.0px; padding: 0.0px; border: 0.0px; font-style: inherit; font-weight: inherit; font-size: inherit; line-height: 22.5px; vertical-align: baseline;\"><img decoding=\"async\" title=\"Mochila t\u00e1ctica de exterior 3P para hombre 900D, impermeable, militar, de hombro, para caza, camping, multifuncional, bolsa de deporte Molle\" src=\"https:\/\/bodegaoutdoor.cl\/store\/wp-content\/uploads\/2020\/09\/15792-1gxyyp.jpg\" alt=\"Mochila t\u00e1ctica de exterior 3P para hombre 900D, impermeable, militar, de hombro, para caza, camping, multifuncional, bolsa de deporte Molle\" \/><img decoding=\"async\" title=\"Mochila t\u00e1ctica de exterior 3P para hombre 900D, impermeable, militar, de hombro, para caza, camping, multifuncional, bolsa de deporte Molle\" src=\"https:\/\/bodegaoutdoor.cl\/store\/wp-content\/uploads\/2020\/09\/15792-bxhai1.jpg\" alt=\"Mochila t\u00e1ctica de exterior 3P para hombre 900D, impermeable, militar, de hombro, para caza, camping, multifuncional, bolsa de deporte Molle\" \/><img decoding=\"async\" title=\"Mochila t\u00e1ctica de exterior 3P para hombre 900D, impermeable, militar, de hombro, para caza, camping, multifuncional, bolsa de deporte Molle\" src=\"https:\/\/bodegaoutdoor.cl\/store\/wp-content\/uploads\/2020\/09\/15792-goften.jpg\" alt=\"Mochila t\u00e1ctica de exterior 3P para hombre 900D, impermeable, militar, de hombro, para caza, camping, multifuncional, bolsa de deporte Molle\" \/><img decoding=\"async\" title=\"Mochila t\u00e1ctica de exterior 3P para hombre 900D, impermeable, militar, de hombro, para caza, camping, multifuncional, bolsa de deporte Molle\" src=\"https:\/\/bodegaoutdoor.cl\/store\/wp-content\/uploads\/2020\/09\/15792-9bsgkh.jpg\" alt=\"Mochila t\u00e1ctica de exterior 3P para hombre 900D, impermeable, militar, de hombro, para caza, camping, multifuncional, bolsa de deporte Molle\" \/><img decoding=\"async\" title=\"Mochila t\u00e1ctica de exterior 3P para hombre 900D, impermeable, militar, de hombro, para caza, camping, multifuncional, bolsa de deporte Molle\" src=\"https:\/\/bodegaoutdoor.cl\/store\/wp-content\/uploads\/2020\/09\/15792-6iulwn.jpg\" alt=\"Mochila t\u00e1ctica de exterior 3P para hombre 900D, impermeable, militar, de hombro, para caza, camping, multifuncional, bolsa de deporte Molle\" \/><img decoding=\"async\" title=\"Mochila t\u00e1ctica de exterior 3P para hombre 900D, impermeable, militar, de hombro, para caza, camping, multifuncional, bolsa de deporte Molle\" src=\"https:\/\/bodegaoutdoor.cl\/store\/wp-content\/uploads\/2020\/09\/15792-c3p1tn-scaled.jpg\" alt=\"Mochila t\u00e1ctica de exterior 3P para hombre 900D, impermeable, militar, de hombro, para caza, camping, multifuncional, bolsa de deporte Molle\" \/><img decoding=\"async\" title=\"Mochila t\u00e1ctica de exterior 3P para hombre 900D, impermeable, militar, de hombro, para caza, camping, multifuncional, bolsa de deporte Molle\" src=\"https:\/\/bodegaoutdoor.cl\/store\/wp-content\/uploads\/2020\/09\/15792-fdacng.jpg\" alt=\"Mochila t\u00e1ctica de exterior 3P para hombre 900D, impermeable, militar, de hombro, para caza, camping, multifuncional, bolsa de deporte Molle\" \/><img decoding=\"async\" title=\"Mochila t\u00e1ctica de exterior 3P para hombre 900D, impermeable, militar, de hombro, para caza, camping, multifuncional, bolsa de deporte Molle\" src=\"https:\/\/bodegaoutdoor.cl\/store\/wp-content\/uploads\/2020\/09\/15792-flbdwv.jpg\" alt=\"Mochila t\u00e1ctica de exterior 3P para hombre 900D, impermeable, militar, de hombro, para caza, camping, multifuncional, bolsa de deporte Molle\" \/><img decoding=\"async\" title=\"Mochila t\u00e1ctica de exterior 3P para hombre 900D, impermeable, militar, de hombro, para caza, camping, multifuncional, bolsa de deporte Molle\" src=\"https:\/\/bodegaoutdoor.cl\/store\/wp-content\/uploads\/2020\/09\/15792-hjdk7e.jpg\" alt=\"Mochila t\u00e1ctica de exterior 3P para hombre 900D, impermeable, militar, de hombro, para caza, camping, multifuncional, bolsa de deporte Molle\" \/><img decoding=\"async\" title=\"Mochila t\u00e1ctica de exterior 3P para hombre 900D, impermeable, militar, de hombro, para caza, camping, multifuncional, bolsa de deporte Molle\" src=\"https:\/\/bodegaoutdoor.cl\/store\/wp-content\/uploads\/2020\/09\/15792-zlovsj.jpg\" alt=\"Mochila t\u00e1ctica de exterior 3P para hombre 900D, impermeable, militar, de hombro, para caza, camping, multifuncional, bolsa de deporte Molle\" \/><img decoding=\"async\" title=\"Mochila t\u00e1ctica de exterior 3P para hombre 900D, impermeable, militar, de hombro, para caza, camping, multifuncional, bolsa de deporte Molle\" src=\"https:\/\/bodegaoutdoor.cl\/store\/wp-content\/uploads\/2020\/09\/15792-pbrx7x.jpg\" alt=\"Mochila t\u00e1ctica de exterior 3P para hombre 900D, impermeable, militar, de hombro, para caza, camping, multifuncional, bolsa de deporte Molle\" \/><img decoding=\"async\" title=\"Mochila t\u00e1ctica de exterior 3P para hombre 900D, impermeable, militar, de hombro, para caza, camping, multifuncional, bolsa de deporte Molle\" src=\"https:\/\/bodegaoutdoor.cl\/store\/wp-content\/uploads\/2020\/09\/15792-gyxyhh.jpg\" alt=\"Mochila t\u00e1ctica de exterior 3P para hombre 900D, impermeable, militar, de hombro, para caza, camping, multifuncional, bolsa de deporte Molle\" \/><img decoding=\"async\" title=\"Mochila t\u00e1ctica de exterior 3P para hombre 900D, impermeable, militar, de hombro, para caza, camping, multifuncional, bolsa de deporte Molle\" src=\"https:\/\/bodegaoutdoor.cl\/store\/wp-content\/uploads\/2020\/09\/15792-z7fy1a.jpg\" alt=\"Mochila t\u00e1ctica de exterior 3P para hombre 900D, impermeable, militar, de hombro, para caza, camping, multifuncional, bolsa de deporte Molle\" \/><\/span><\/span><\/span><\/span><\/span><\/p>\n<p style=\"text-align: center;\">\n\n    <div class=\"xs_social_share_widget xs_share_url after_content \t\tmain_content  wslu-style-1 wslu-share-box-shaped wslu-fill-colored wslu-none wslu-share-horizontal wslu-theme-font-no wslu-main_content\">\n\n\t\t\n        <ul>\n\t\t\t        <\/ul>\n    <\/div> \n","protected":false},"excerpt":{"rendered":"<p>Caliente al aire libre de los hombres 3P mochila t\u00e1ctica 900D impermeable ej\u00e9rcito hombro militar camping caza mujer Multi-prop\u00f3sito Molle bolsa de deporte Nota Las 1:1 pulgadas = 2,54 cm 1cm = 0,39 cm Nota 2: puede haber una ligera diferencia en el color, debido a la configuraci\u00f3n del monitor del ordenador Nota 3: con [&hellip;]<\/p>\n","protected":false},"featured_media":15831,"comment_status":"open","ping_status":"closed","template":"","meta":{"jetpack_publicize_message":"","jetpack_publicize_feature_enabled":true,"jetpack_social_post_already_shared":true,"jetpack_social_options":{"image_generator_settings":{"template":"highway","enabled":false},"version":2}},"product_brand":[],"product_cat":[238,273],"product_tag":[1452,1287,1399,1403,1404],"class_list":{"0":"post-15792","1":"product","2":"type-product","3":"status-publish","4":"has-post-thumbnail","6":"product_cat-mochilas-10-30-litros","7":"product_cat-mochilas-30-60-litros","8":"product_tag-30-litros","9":"product_tag-militar","10":"product_tag-mochila","11":"product_tag-molle","12":"product_tag-tactica","14":"first","15":"instock","16":"sale","17":"taxable","18":"shipping-taxable","19":"purchasable","20":"product-type-variable"},"jetpack_publicize_connections":[],"jetpack_sharing_enabled":true,"_links":{"self":[{"href":"https:\/\/bodegaoutdoor.cl\/store\/wp-json\/wp\/v2\/product\/15792","targetHints":{"allow":["GET"]}}],"collection":[{"href":"https:\/\/bodegaoutdoor.cl\/store\/wp-json\/wp\/v2\/product"}],"about":[{"href":"https:\/\/bodegaoutdoor.cl\/store\/wp-json\/wp\/v2\/types\/product"}],"replies":[{"embeddable":true,"href":"https:\/\/bodegaoutdoor.cl\/store\/wp-json\/wp\/v2\/comments?post=15792"}],"version-history":[{"count":2,"href":"https:\/\/bodegaoutdoor.cl\/store\/wp-json\/wp\/v2\/product\/15792\/revisions"}],"predecessor-version":[{"id":71242,"href":"https:\/\/bodegaoutdoor.cl\/store\/wp-json\/wp\/v2\/product\/15792\/revisions\/71242"}],"wp:featuredmedia":[{"embeddable":true,"href":"https:\/\/bodegaoutdoor.cl\/store\/wp-json\/wp\/v2\/media\/15831"}],"wp:attachment":[{"href":"https:\/\/bodegaoutdoor.cl\/store\/wp-json\/wp\/v2\/media?parent=15792"}],"wp:term":[{"taxonomy":"product_brand","embeddable":true,"href":"https:\/\/bodegaoutdoor.cl\/store\/wp-json\/wp\/v2\/product_brand?post=15792"},{"taxonomy":"product_cat","embeddable":true,"href":"https:\/\/bodegaoutdoor.cl\/store\/wp-json\/wp\/v2\/product_cat?post=15792"},{"taxonomy":"product_tag","embeddable":true,"href":"https:\/\/bodegaoutdoor.cl\/store\/wp-json\/wp\/v2\/product_tag?post=15792"}],"curies":[{"name":"wp","href":"https:\/\/api.w.org\/{rel}","templated":true}]}}