{"id":16383,"date":"2020-09-06T15:22:57","date_gmt":"2020-09-06T15:22:57","guid":{"rendered":"https:\/\/bodegaoutdoor.cl\/store\/product\/bolsa-de-primeros-auxilios-molle-tactica-de-desmontaje-rapido-bolsa-medica-emt-gear-almacenamiento-edc-de-emergencia-caza-del-ejercito-campamento-aventura-al-aire-libre\/"},"modified":"2023-05-04T19:19:23","modified_gmt":"2023-05-04T23:19:23","slug":"bolsa-de-primeros-auxilios-molle-tactica-de-desmontaje-rapido-almacenamiento-edc-de-emergencia","status":"publish","type":"product","link":"https:\/\/bodegaoutdoor.cl\/store\/product\/bolsa-de-primeros-auxilios-molle-tactica-de-desmontaje-rapido-almacenamiento-edc-de-emergencia\/","title":{"rendered":"Bolsa de primeros auxilios Molle t\u00e1ctica de desmontaje r\u00e1pido,  almacenamiento EDC de emergencia"},"content":{"rendered":"<div>\n<p>Art\u00edculo: Bolsa de primeros auxilios Molle<\/p>\n<p>Material: Material de Nylon<\/p>\n<p>Tama\u00f1o: 13 \u00d7 6 \u00d7 18 cm\/5,11 \u00d7 2,40 \u00d7 7,00 pulgadas<\/p>\n<p>Peso: alrededor de 190g<\/p>\n<p>Paquete: 1 Uds. Bolsa de primeros auxilios con 1 Uds. Parche de Cruz Roja<\/p>\n<p>&nbsp;<\/p>\n<h1 style=\"font-size: 32px; font-weight: bold; padding: 0px 4px 0px 0px; text-align: left; margin: 0px 0px 10px;\">Caracter\u00edstica:<\/h1>\n<p>&nbsp;<\/p>\n<p>&nbsp;<\/p>\n<\/div>\n<div>\n<p style=\"font-family: 'OpenSans'; color: #000; font-weight: 900; font-size: 20px; line-height: 28px; margin-bottom: 12px;\">\u2460 Correa con hebilla de pl\u00e1stico de liberaci\u00f3n r\u00e1pida.<\/p>\n<p><img decoding=\"async\" title=\"Bolsa de primeros auxilios Molle t\u00e1ctica de desmontaje r\u00e1pido, bolsa m\u00e9dica EMT Gear, almacenamiento EDC de emergencia, caza del ej\u00e9rcito, Campamento, aventura al aire libre\" src=\"https:\/\/bodegaoutdoor.cl\/store\/wp-content\/uploads\/2020\/09\/16383-uyfbcm.jpg\" alt=\"Bolsa de primeros auxilios Molle t\u00e1ctica de desmontaje r\u00e1pido, bolsa m\u00e9dica EMT Gear, almacenamiento EDC de emergencia, caza del ej\u00e9rcito, Campamento, aventura al aire libre\" \/><\/p>\n<\/div>\n<div>\n<p style=\"font-family: 'OpenSans'; color: #000; font-weight: 900; font-size: 20px; line-height: 28px; margin-bottom: 12px;\">\u2461 Dise\u00f1o de separaci\u00f3n r\u00e1pida. R\u00e1pido y r\u00e1pido de quitar<\/p>\n<p><img decoding=\"async\" title=\"Bolsa de primeros auxilios Molle t\u00e1ctica de desmontaje r\u00e1pido, bolsa m\u00e9dica EMT Gear, almacenamiento EDC de emergencia, caza del ej\u00e9rcito, Campamento, aventura al aire libre\" src=\"https:\/\/bodegaoutdoor.cl\/store\/wp-content\/uploads\/2020\/09\/16383-xixzqy.jpg\" alt=\"Bolsa de primeros auxilios Molle t\u00e1ctica de desmontaje r\u00e1pido, bolsa m\u00e9dica EMT Gear, almacenamiento EDC de emergencia, caza del ej\u00e9rcito, Campamento, aventura al aire libre\" \/><\/p>\n<\/div>\n<div>\n<p style=\"font-family: 'OpenSans'; color: #000; font-weight: 900; font-size: 20px; line-height: 28px; margin-bottom: 12px;\">\u00bf\u2462 Molle archivo adjunto? Se acopla f\u00e1cilmente a tu chaleco o paquete<\/p>\n<p><img decoding=\"async\" title=\"Bolsa de primeros auxilios Molle t\u00e1ctica de desmontaje r\u00e1pido, bolsa m\u00e9dica EMT Gear, almacenamiento EDC de emergencia, caza del ej\u00e9rcito, Campamento, aventura al aire libre\" src=\"https:\/\/bodegaoutdoor.cl\/store\/wp-content\/uploads\/2020\/09\/16383-k7tidz.jpg\" alt=\"Bolsa de primeros auxilios Molle t\u00e1ctica de desmontaje r\u00e1pido, bolsa m\u00e9dica EMT Gear, almacenamiento EDC de emergencia, caza del ej\u00e9rcito, Campamento, aventura al aire libre\" \/><\/p>\n<\/div>\n<div>\n<p style=\"font-family: 'OpenSans'; color: #000; font-weight: 900; font-size: 20px; line-height: 28px; margin-bottom: 12px;\">\u2463 Bolsillo interno de malla para engranaje EMT<\/p>\n<p><img decoding=\"async\" title=\"Bolsa de primeros auxilios Molle t\u00e1ctica de desmontaje r\u00e1pido, bolsa m\u00e9dica EMT Gear, almacenamiento EDC de emergencia, caza del ej\u00e9rcito, Campamento, aventura al aire libre\" src=\"https:\/\/bodegaoutdoor.cl\/store\/wp-content\/uploads\/2020\/09\/16383-0mqjj2.jpg\" alt=\"Bolsa de primeros auxilios Molle t\u00e1ctica de desmontaje r\u00e1pido, bolsa m\u00e9dica EMT Gear, almacenamiento EDC de emergencia, caza del ej\u00e9rcito, Campamento, aventura al aire libre\" \/><\/p>\n<\/div>\n<div>\n<p style=\"font-family: 'OpenSans'; color: #000; font-weight: 900; font-size: 20px; line-height: 28px; margin-bottom: 12px;\">\u2464 Banda el\u00e1stica para arreglar sus suministros<\/p>\n<p><img decoding=\"async\" title=\"Bolsa de primeros auxilios Molle t\u00e1ctica de desmontaje r\u00e1pido, bolsa m\u00e9dica EMT Gear, almacenamiento EDC de emergencia, caza del ej\u00e9rcito, Campamento, aventura al aire libre\" src=\"https:\/\/bodegaoutdoor.cl\/store\/wp-content\/uploads\/2020\/09\/16383-htgagc.jpg\" alt=\"Bolsa de primeros auxilios Molle t\u00e1ctica de desmontaje r\u00e1pido, bolsa m\u00e9dica EMT Gear, almacenamiento EDC de emergencia, caza del ej\u00e9rcito, Campamento, aventura al aire libre\" \/><\/p>\n<\/div>\n<div>\n<p style=\"font-family: 'OpenSans'; color: #000; font-weight: 900; font-size: 20px; line-height: 28px; margin-bottom: 12px;\">\u2465 Gancho y bucle para el parche de su equipo o parche de Cruz Roja<\/p>\n<p><img decoding=\"async\" title=\"Bolsa de primeros auxilios Molle t\u00e1ctica de desmontaje r\u00e1pido, bolsa m\u00e9dica EMT Gear, almacenamiento EDC de emergencia, caza del ej\u00e9rcito, Campamento, aventura al aire libre\" src=\"https:\/\/bodegaoutdoor.cl\/store\/wp-content\/uploads\/2020\/09\/16383-phpier.jpg\" alt=\"Bolsa de primeros auxilios Molle t\u00e1ctica de desmontaje r\u00e1pido, bolsa m\u00e9dica EMT Gear, almacenamiento EDC de emergencia, caza del ej\u00e9rcito, Campamento, aventura al aire libre\" \/><\/p>\n<\/div>\n<div>\n<p style=\"font-family: 'OpenSans'; color: #000; font-weight: 900; font-size: 20px; line-height: 28px; margin-bottom: 12px;\">\u2466 Bolsa plana en frente<\/p>\n<p><img decoding=\"async\" title=\"Bolsa de primeros auxilios Molle t\u00e1ctica de desmontaje r\u00e1pido, bolsa m\u00e9dica EMT Gear, almacenamiento EDC de emergencia, caza del ej\u00e9rcito, Campamento, aventura al aire libre\" src=\"https:\/\/bodegaoutdoor.cl\/store\/wp-content\/uploads\/2020\/09\/16383-zptuaz.jpg\" alt=\"Bolsa de primeros auxilios Molle t\u00e1ctica de desmontaje r\u00e1pido, bolsa m\u00e9dica EMT Gear, almacenamiento EDC de emergencia, caza del ej\u00e9rcito, Campamento, aventura al aire libre\" \/><\/p>\n<\/div>\n<div>\n<p style=\"font-family: 'OpenSans'; color: #000; font-weight: 900; font-size: 20px; line-height: 28px; margin-bottom: 12px;\">Las mediciones<\/p>\n<p><img decoding=\"async\" title=\"Bolsa de primeros auxilios Molle t\u00e1ctica de desmontaje r\u00e1pido, bolsa m\u00e9dica EMT Gear, almacenamiento EDC de emergencia, caza del ej\u00e9rcito, Campamento, aventura al aire libre\" src=\"https:\/\/bodegaoutdoor.cl\/store\/wp-content\/uploads\/2020\/09\/16383-ahg9ze.jpg\" alt=\"Bolsa de primeros auxilios Molle t\u00e1ctica de desmontaje r\u00e1pido, bolsa m\u00e9dica EMT Gear, almacenamiento EDC de emergencia, caza del ej\u00e9rcito, Campamento, aventura al aire libre\" \/><\/p>\n<\/div>\n<div>\n<p style=\"font-family: 'OpenSans'; color: #000; font-weight: 900; font-size: 20px; line-height: 28px; margin-bottom: 12px;\">Color disponible:<\/p>\n<p><img decoding=\"async\" title=\"Bolsa de primeros auxilios Molle t\u00e1ctica de desmontaje r\u00e1pido, bolsa m\u00e9dica EMT Gear, almacenamiento EDC de emergencia, caza del ej\u00e9rcito, Campamento, aventura al aire libre\" src=\"https:\/\/bodegaoutdoor.cl\/store\/wp-content\/uploads\/2020\/09\/16383-byjrtp.jpg\" alt=\"Bolsa de primeros auxilios Molle t\u00e1ctica de desmontaje r\u00e1pido, bolsa m\u00e9dica EMT Gear, almacenamiento EDC de emergencia, caza del ej\u00e9rcito, Campamento, aventura al aire libre\" \/><img decoding=\"async\" title=\"Bolsa de primeros auxilios Molle t\u00e1ctica de desmontaje r\u00e1pido, bolsa m\u00e9dica EMT Gear, almacenamiento EDC de emergencia, caza del ej\u00e9rcito, Campamento, aventura al aire libre\" src=\"https:\/\/bodegaoutdoor.cl\/store\/wp-content\/uploads\/2020\/09\/16383-qzjs7m.jpg\" alt=\"Bolsa de primeros auxilios Molle t\u00e1ctica de desmontaje r\u00e1pido, bolsa m\u00e9dica EMT Gear, almacenamiento EDC de emergencia, caza del ej\u00e9rcito, Campamento, aventura al aire libre\" \/><img decoding=\"async\" title=\"Bolsa de primeros auxilios Molle t\u00e1ctica de desmontaje r\u00e1pido, bolsa m\u00e9dica EMT Gear, almacenamiento EDC de emergencia, caza del ej\u00e9rcito, Campamento, aventura al aire libre\" src=\"https:\/\/bodegaoutdoor.cl\/store\/wp-content\/uploads\/2020\/09\/16383-selpoz.jpg\" alt=\"Bolsa de primeros auxilios Molle t\u00e1ctica de desmontaje r\u00e1pido, bolsa m\u00e9dica EMT Gear, almacenamiento EDC de emergencia, caza del ej\u00e9rcito, Campamento, aventura al aire libre\" \/><img decoding=\"async\" title=\"Bolsa de primeros auxilios Molle t\u00e1ctica de desmontaje r\u00e1pido, bolsa m\u00e9dica EMT Gear, almacenamiento EDC de emergencia, caza del ej\u00e9rcito, Campamento, aventura al aire libre\" src=\"https:\/\/bodegaoutdoor.cl\/store\/wp-content\/uploads\/2020\/09\/16383-rkhufg.jpg\" alt=\"Bolsa de primeros auxilios Molle t\u00e1ctica de desmontaje r\u00e1pido, bolsa m\u00e9dica EMT Gear, almacenamiento EDC de emergencia, caza del ej\u00e9rcito, Campamento, aventura al aire libre\" \/><img decoding=\"async\" title=\"Bolsa de primeros auxilios Molle t\u00e1ctica de desmontaje r\u00e1pido, bolsa m\u00e9dica EMT Gear, almacenamiento EDC de emergencia, caza del ej\u00e9rcito, Campamento, aventura al aire libre\" src=\"https:\/\/bodegaoutdoor.cl\/store\/wp-content\/uploads\/2020\/09\/16383-tmfybb.jpg\" alt=\"Bolsa de primeros auxilios Molle t\u00e1ctica de desmontaje r\u00e1pido, bolsa m\u00e9dica EMT Gear, almacenamiento EDC de emergencia, caza del ej\u00e9rcito, Campamento, aventura al aire libre\" \/><\/p>\n<\/div>\n\n    <div class=\"xs_social_share_widget xs_share_url after_content \t\tmain_content  wslu-style-1 wslu-share-box-shaped wslu-fill-colored wslu-none wslu-share-horizontal wslu-theme-font-no wslu-main_content\">\n\n\t\t\n        <ul>\n\t\t\t        <\/ul>\n    <\/div> \n","protected":false},"excerpt":{"rendered":"<p>Art\u00edculo: Bolsa de primeros auxilios Molle Material: Material de Nylon Tama\u00f1o: 13 \u00d7 6 \u00d7 18 cm\/5,11 \u00d7 2,40 \u00d7 7,00 pulgadas Peso: alrededor de 190g Paquete: 1 Uds. Bolsa de primeros auxilios con 1 Uds. Parche de Cruz Roja &nbsp; Caracter\u00edstica: &nbsp; &nbsp; \u2460 Correa con hebilla de pl\u00e1stico de liberaci\u00f3n r\u00e1pida. \u2461 Dise\u00f1o [&hellip;]<\/p>\n","protected":false},"featured_media":16389,"comment_status":"open","ping_status":"closed","template":"","meta":{"jetpack_publicize_message":"","jetpack_publicize_feature_enabled":true,"jetpack_social_post_already_shared":true,"jetpack_social_options":{"image_generator_settings":{"template":"highway","enabled":false},"version":2}},"product_brand":[],"product_cat":[15,64,487,274,195],"product_tag":[],"class_list":{"0":"post-16383","1":"product","2":"type-product","3":"status-publish","4":"has-post-thumbnail","6":"product_cat-otros","7":"product_cat-accessories","8":"product_cat-airsoft","9":"product_cat-bananos-otros","10":"product_cat-mochilas","12":"first","13":"instock","14":"sale","15":"taxable","16":"shipping-taxable","17":"purchasable","18":"product-type-variable"},"jetpack_publicize_connections":[],"jetpack_sharing_enabled":true,"_links":{"self":[{"href":"https:\/\/bodegaoutdoor.cl\/store\/wp-json\/wp\/v2\/product\/16383","targetHints":{"allow":["GET"]}}],"collection":[{"href":"https:\/\/bodegaoutdoor.cl\/store\/wp-json\/wp\/v2\/product"}],"about":[{"href":"https:\/\/bodegaoutdoor.cl\/store\/wp-json\/wp\/v2\/types\/product"}],"replies":[{"embeddable":true,"href":"https:\/\/bodegaoutdoor.cl\/store\/wp-json\/wp\/v2\/comments?post=16383"}],"version-history":[{"count":2,"href":"https:\/\/bodegaoutdoor.cl\/store\/wp-json\/wp\/v2\/product\/16383\/revisions"}],"predecessor-version":[{"id":71228,"href":"https:\/\/bodegaoutdoor.cl\/store\/wp-json\/wp\/v2\/product\/16383\/revisions\/71228"}],"wp:featuredmedia":[{"embeddable":true,"href":"https:\/\/bodegaoutdoor.cl\/store\/wp-json\/wp\/v2\/media\/16389"}],"wp:attachment":[{"href":"https:\/\/bodegaoutdoor.cl\/store\/wp-json\/wp\/v2\/media?parent=16383"}],"wp:term":[{"taxonomy":"product_brand","embeddable":true,"href":"https:\/\/bodegaoutdoor.cl\/store\/wp-json\/wp\/v2\/product_brand?post=16383"},{"taxonomy":"product_cat","embeddable":true,"href":"https:\/\/bodegaoutdoor.cl\/store\/wp-json\/wp\/v2\/product_cat?post=16383"},{"taxonomy":"product_tag","embeddable":true,"href":"https:\/\/bodegaoutdoor.cl\/store\/wp-json\/wp\/v2\/product_tag?post=16383"}],"curies":[{"name":"wp","href":"https:\/\/api.w.org\/{rel}","templated":true}]}}