{"id":16652,"date":"2020-09-06T16:24:25","date_gmt":"2020-09-06T16:24:25","guid":{"rendered":"https:\/\/bodegaoutdoor.cl\/store\/product\/oferta-2020-mochila-grande-de-85l-para-exteriores-mochilas-de-viaje-unisex-multiusos-para-escalar-senderismo-gran-capacidad-mochila-bolsa-de-camping\/"},"modified":"2023-06-01T09:54:23","modified_gmt":"2023-06-01T13:54:23","slug":"mochila-grande-de-85l-outdoor-mochilas-de-viaje-unisex-senderismo-camping","status":"publish","type":"product","link":"https:\/\/bodegaoutdoor.cl\/store\/product\/mochila-grande-de-85l-outdoor-mochilas-de-viaje-unisex-senderismo-camping\/","title":{"rendered":"Mochila GRANDE DE 85L Outdoor, mochilas de Viaje Unisex, senderismo, camping"},"content":{"rendered":"<div>\n<div style=\"clear: both;\">\n<p><strong><span style=\"font-family: times new roman , times , serif;\"><span style=\"font-size: 36.0px;\">Mochila GRANDE DE 85L\u00a0<\/span><\/span><\/strong><\/p>\n<\/div>\n<div><span style=\"font-family: times new roman , times , serif;\"><strong><span style=\"font-size: 18.0px;\"><span style=\"font-style: inherit; font-weight: inherit; color: #000000;\">Nota Las 1:1 pulgadas = 2,54 cm 1cm = 0,39 cm<\/span><\/span><\/strong><\/span><\/div>\n<p style=\"margin: 0.0px; padding: 0.0px; border: 0.0px; line-height: inherit; font-family: arial; vertical-align: baseline; color: #000000;\"><span style=\"margin: 0.0px; padding: 0.0px; border: 0.0px; font-style: inherit; font-weight: inherit; font-size: inherit; line-height: inherit; font-family: times new roman , times , serif; vertical-align: baseline;\"><span style=\"margin: 0.0px; padding: 0.0px; border: 0.0px; font-style: inherit; font-weight: inherit; font-size: 18.0px; line-height: inherit; vertical-align: baseline;\"><span style=\"font-weight: bold;\"><span style=\"margin: 0.0px; padding: 0.0px; border: 0.0px; font-style: inherit; font-weight: inherit; font-size: inherit; line-height: 18.0px; vertical-align: baseline;\"><span style=\"margin: 0.0px; padding: 0.0px; border: 0.0px; font-style: inherit; font-weight: inherit; font-size: inherit; line-height: 22.5px; vertical-align: baseline;\">Nota 2: puede haber una ligera diferencia en el color, debido a la configuraci\u00f3n del monitor del ordenador<\/span><\/span><\/span><\/span><\/span><\/p>\n<p style=\"margin: 0.0px; padding: 0.0px; border: 0.0px; line-height: inherit; font-family: arial; vertical-align: baseline; color: #000000;\"><span style=\"margin: 0.0px; padding: 0.0px; border: 0.0px; font-style: inherit; font-weight: inherit; font-size: inherit; line-height: inherit; font-family: times new roman , times , serif; vertical-align: baseline;\"><span style=\"margin: 0.0px; padding: 0.0px; border: 0.0px; font-style: inherit; font-weight: inherit; font-size: 18.0px; line-height: inherit; vertical-align: baseline;\"><span style=\"font-weight: bold;\"><span style=\"margin: 0.0px; padding: 0.0px; border: 0.0px; font-style: inherit; font-weight: inherit; font-size: inherit; line-height: 18.0px; vertical-align: baseline;\"><span style=\"margin: 0.0px; padding: 0.0px; border: 0.0px; font-style: inherit; font-weight: inherit; font-size: inherit; line-height: 22.5px; vertical-align: baseline;\">Nota 3: con la diferencia en el m\u00e9todo de medici\u00f3n<\/span><\/span><\/span><\/span><\/span><\/p>\n<p style=\"margin: 0.0px; padding: 0.0px; border: 0.0px; line-height: inherit; font-family: arial; vertical-align: baseline; color: #000000;\"><span style=\"margin: 0.0px; padding: 0.0px; border: 0.0px; font-style: inherit; font-weight: inherit; font-size: inherit; line-height: inherit; font-family: times new roman , times , serif; vertical-align: baseline;\"><span style=\"margin: 0.0px; padding: 0.0px; border: 0.0px; font-style: inherit; font-weight: inherit; font-size: 18.0px; line-height: inherit; vertical-align: baseline;\"><span style=\"font-weight: bold;\"><span style=\"margin: 0.0px; padding: 0.0px; border: 0.0px; font-style: inherit; font-weight: inherit; font-size: inherit; line-height: 18.0px; vertical-align: baseline;\"><span style=\"margin: 0.0px; padding: 0.0px; border: 0.0px; font-style: inherit; font-weight: inherit; font-size: inherit; line-height: 22.5px; vertical-align: baseline;\">Puede haber una diferencia de 1-3 cm en el tama\u00f1o<\/span><\/span><\/span><\/span><\/span><\/p>\n<p style=\"margin: 0.0px; padding: 0.0px; border: 0.0px; line-height: inherit; font-family: arial; vertical-align: baseline; color: #000000; text-align: center;\"><span style=\"margin: 0.0px; padding: 0.0px; border: 0.0px; font-style: inherit; font-weight: inherit; font-size: inherit; line-height: inherit; font-family: times new roman , times , serif; vertical-align: baseline;\"><span style=\"margin: 0.0px; padding: 0.0px; border: 0.0px; font-style: inherit; font-weight: inherit; font-size: 18.0px; line-height: inherit; vertical-align: baseline;\"><span style=\"font-weight: bold;\"><span style=\"margin: 0.0px; padding: 0.0px; border: 0.0px; font-style: inherit; font-weight: inherit; font-size: inherit; line-height: 18.0px; vertical-align: baseline;\"><span style=\"margin: 0.0px; padding: 0.0px; border: 0.0px; font-style: inherit; font-weight: inherit; font-size: inherit; line-height: 22.5px; vertical-align: baseline;\"><img decoding=\"async\" src=\"\/\/ae01.alicdn.com\/kf\/HTB1H4h2XNrvK1RjSszeq6yObFXao.jpg?width=750&amp;height=700&amp;hash=1450\" \/><\/span><\/span><\/span><\/span><\/span><\/p>\n<div style=\"text-align: center;\"><strong><span style=\"font-family: times new roman , times , serif;\"><span style=\"font-size: 36.0px;\"><img decoding=\"async\" src=\"\/\/ae01.alicdn.com\/kf\/HTB1uoVVXLLsK1Rjy0Fbq6xSEXXa8.jpg?width=750&amp;height=678&amp;hash=1428\" \/><img decoding=\"async\" src=\"\/\/ae01.alicdn.com\/kf\/HTB1LvB4XJfvK1RjSspfq6zzXFXaI.jpg?width=750&amp;height=448&amp;hash=1198\" \/><img decoding=\"async\" src=\"\/\/ae01.alicdn.com\/kf\/HTB1FmV1XPvuK1Rjy0Faq6x2aVXar.jpg?width=750&amp;height=636&amp;hash=1386\" \/><img decoding=\"async\" src=\"\/\/ae01.alicdn.com\/kf\/HTB1G905XULrK1Rjy0Fjq6zYXFXaU.jpg?width=750&amp;height=1286&amp;hash=2036\" \/><img decoding=\"async\" src=\"\/\/ae01.alicdn.com\/kf\/HTB1Q4x0XU_rK1Rjy0Fcq6zEvVXaN.jpg?width=750&amp;height=1274&amp;hash=2024\" \/><img decoding=\"async\" src=\"\/\/ae01.alicdn.com\/kf\/HTB184x0XU_rK1Rjy0Fcq6zEvVXa9.jpg?width=750&amp;height=1200&amp;hash=1950\" \/><img decoding=\"async\" src=\"\/\/ae01.alicdn.com\/kf\/H9514a1398acd40edba90ea89cd8154f63.jpg?width=750&amp;height=666&amp;hash=1416\" \/><img decoding=\"async\" src=\"\/\/ae01.alicdn.com\/kf\/HTB1aAynXOnrK1RjSsziq6xptpXa0.jpg?width=750&amp;height=688&amp;hash=1438\" \/><img decoding=\"async\" src=\"\/\/ae01.alicdn.com\/kf\/HTB1jZipXPzuK1RjSspeq6ziHVXaU.jpg?width=750&amp;height=585&amp;hash=1335\" \/><img decoding=\"async\" src=\"\/\/ae01.alicdn.com\/kf\/HTB1TjCqXJfvK1RjSszhq6AcGFXaY.jpg?width=750&amp;height=522&amp;hash=1272\" \/><img decoding=\"async\" src=\"\/\/ae01.alicdn.com\/kf\/HTB1u8GsXIrrK1Rjy1zeq6xalFXat.jpg?width=750&amp;height=621&amp;hash=1371\" \/><img decoding=\"async\" src=\"\/\/ae01.alicdn.com\/kf\/HTB13mqoXITxK1Rjy0Fgq6yovpXaT.jpg?width=750&amp;height=578&amp;hash=1328\" \/><img decoding=\"async\" src=\"\/\/ae01.alicdn.com\/kf\/HTB1q7CpXOjrK1RjSsplq6xHmVXaM.jpg?width=750&amp;height=677&amp;hash=1427\" \/><img decoding=\"async\" src=\"\/\/ae01.alicdn.com\/kf\/HTB10l1qXPDuK1Rjy1zjq6zraFXaV.jpg?width=750&amp;height=669&amp;hash=1419\" \/><img decoding=\"async\" src=\"\/\/ae01.alicdn.com\/kf\/HTB1su5pXI_vK1RkSmRyq6xwupXac.jpg?width=750&amp;height=554&amp;hash=1304\" \/><img decoding=\"async\" src=\"\/\/ae01.alicdn.com\/kf\/HTB1qd5tXPzuK1RjSsppq6xz0XXao.jpg?width=750&amp;height=526&amp;hash=1276\" \/><img decoding=\"async\" src=\"\/\/ae01.alicdn.com\/kf\/HTB1_Yd1XIfrK1Rjy0Fmq6xhEXXaf.jpg?width=750&amp;height=1293&amp;hash=2043\" \/><img decoding=\"async\" src=\"\/\/ae01.alicdn.com\/kf\/HTB1xSp2XN2rK1RkSnhJq6ykdpXaH.jpg?width=750&amp;height=1222&amp;hash=1972\" \/><img decoding=\"async\" src=\"\/\/ae01.alicdn.com\/kf\/HTB168x5XIrrK1Rjy1zeq6xalFXaz.jpg?width=750&amp;height=1236&amp;hash=1986\" \/><img decoding=\"async\" src=\"\/\/ae01.alicdn.com\/kf\/Ha90776290ca9491c92a3e54fa1daec83j.jpg?width=750&amp;height=1672&amp;hash=2422\" \/><\/span><\/span><\/strong><\/div>\n<div style=\"text-align: center;\"><\/div>\n<div>\n<p style=\"margin: 0; width: 100.0%;\">\n<\/div>\n<div style=\"text-align: center;\">\n<div style=\"text-align: center;\"><span style=\"font-size: 11.0px;\"><span style=\"color: #ffffff;\">Mochilas de marca de alta calidad, bolsos para ordenador port\u00e1til, para hombres y mujeres, de gran capacidad bolso de hombro, mochilas de viaje, Mochila CTT8<\/span><\/span><\/div>\n<div style=\"text-align: center;\">\n<div><\/div>\n<div style=\"text-align: center;\"><span style=\"font-size: 11.0px;\"><span style=\"color: #ffffff;\">Mochilas de marca de alta calidad para ordenador port\u00e1til para hombre y mujer, bolso de hombro para acampar al aire libre, mochilas de viaje de gran capacidad, Mochila<\/span><\/span><\/div>\n<\/div>\n<\/div>\n<\/div>\n\n    <div class=\"xs_social_share_widget xs_share_url after_content \t\tmain_content  wslu-style-1 wslu-share-box-shaped wslu-fill-colored wslu-none wslu-share-horizontal wslu-theme-font-no wslu-main_content\">\n\n\t\t\n        <ul>\n\t\t\t        <\/ul>\n    <\/div> \n","protected":false},"excerpt":{"rendered":"<p>Mochila GRANDE DE 85L\u00a0 Nota Las 1:1 pulgadas = 2,54 cm 1cm = 0,39 cm Nota 2: puede haber una ligera diferencia en el color, debido a la configuraci\u00f3n del monitor del ordenador Nota 3: con la diferencia en el m\u00e9todo de medici\u00f3n Puede haber una diferencia de 1-3 cm en el tama\u00f1o Mochilas de [&hellip;]<\/p>\n","protected":false},"featured_media":16659,"comment_status":"open","ping_status":"closed","template":"","meta":{"jetpack_publicize_message":"","jetpack_publicize_feature_enabled":true,"jetpack_social_post_already_shared":true,"jetpack_social_options":{"image_generator_settings":{"template":"highway","enabled":false},"version":2}},"product_brand":[],"product_cat":[195,196],"product_tag":[],"class_list":{"0":"post-16652","1":"product","2":"type-product","3":"status-publish","4":"has-post-thumbnail","6":"product_cat-mochilas","7":"product_cat-sobre-60-litros","9":"first","10":"instock","11":"sale","12":"taxable","13":"shipping-taxable","14":"purchasable","15":"product-type-variable"},"jetpack_publicize_connections":[],"jetpack_sharing_enabled":true,"_links":{"self":[{"href":"https:\/\/bodegaoutdoor.cl\/store\/wp-json\/wp\/v2\/product\/16652","targetHints":{"allow":["GET"]}}],"collection":[{"href":"https:\/\/bodegaoutdoor.cl\/store\/wp-json\/wp\/v2\/product"}],"about":[{"href":"https:\/\/bodegaoutdoor.cl\/store\/wp-json\/wp\/v2\/types\/product"}],"replies":[{"embeddable":true,"href":"https:\/\/bodegaoutdoor.cl\/store\/wp-json\/wp\/v2\/comments?post=16652"}],"version-history":[{"count":1,"href":"https:\/\/bodegaoutdoor.cl\/store\/wp-json\/wp\/v2\/product\/16652\/revisions"}],"predecessor-version":[{"id":71224,"href":"https:\/\/bodegaoutdoor.cl\/store\/wp-json\/wp\/v2\/product\/16652\/revisions\/71224"}],"wp:featuredmedia":[{"embeddable":true,"href":"https:\/\/bodegaoutdoor.cl\/store\/wp-json\/wp\/v2\/media\/16659"}],"wp:attachment":[{"href":"https:\/\/bodegaoutdoor.cl\/store\/wp-json\/wp\/v2\/media?parent=16652"}],"wp:term":[{"taxonomy":"product_brand","embeddable":true,"href":"https:\/\/bodegaoutdoor.cl\/store\/wp-json\/wp\/v2\/product_brand?post=16652"},{"taxonomy":"product_cat","embeddable":true,"href":"https:\/\/bodegaoutdoor.cl\/store\/wp-json\/wp\/v2\/product_cat?post=16652"},{"taxonomy":"product_tag","embeddable":true,"href":"https:\/\/bodegaoutdoor.cl\/store\/wp-json\/wp\/v2\/product_tag?post=16652"}],"curies":[{"name":"wp","href":"https:\/\/api.w.org\/{rel}","templated":true}]}}