{"id":16865,"date":"2020-09-06T17:04:55","date_gmt":"2020-09-06T17:04:55","guid":{"rendered":"https:\/\/bodegaoutdoor.cl\/store\/product\/vastar-telescopio-monocular-portatil-de-16x52-prismaticos-hd-de-alta-potencia-ocular-teatral-para-caza-campamento-rifle-de-dia-y-de-noche\/"},"modified":"2023-05-04T19:19:22","modified_gmt":"2023-05-04T23:19:22","slug":"monocular-portatil-de-16x52-prismaticos-hd-de-alta-potencia-campamento","status":"publish","type":"product","link":"https:\/\/bodegaoutdoor.cl\/store\/product\/monocular-portatil-de-16x52-prismaticos-hd-de-alta-potencia-campamento\/","title":{"rendered":"Monocular port\u00e1til de 16X52, prism\u00e1ticos HD de alta potencia, Campamento"},"content":{"rendered":"<div><span style=\"font-size: 14px;\">Lente \u00f3ptica de doble enfoque 16&#215;52 telescopio Monocular 10X<\/span><\/div>\n<div><span style=\"font-size: 14px;\">Este telescopio Monocular con lente \u00f3ptica de doble enfoque de 16&#215;52 te ayuda a ver cualquier objetivo, ya sea si est\u00e1s buscando p\u00e1jaros, caza, escalada, intenta obtener una mejor vista del escenario o incluso en tu evento deportivo de equipo favorito.<\/span><\/div>\n<div><\/div>\n<div><span style=\"font-size: 16px;\"><strong>Caracter\u00edstica:<\/strong><\/span><\/div>\n<div><span style=\"font-size: 14px;\">-Material del producto: pl\u00e1stico + lente de resina<\/span><\/div>\n<div><span style=\"font-size: 14px;\">-Tama\u00f1o del producto di\u00e1metro del agujero grande 5,5 cm x Altura 15cm<\/span><\/div>\n<div><span style=\"font-size: 14px;\">-Di\u00e1metro del orificio peque\u00f1o: 4,2 cm<\/span><\/div>\n<div><span style=\"font-size: 14px;\">-Campo de visi\u00f3n: 22 grados.<\/span><\/div>\n<div><span style=\"font-size: 14px;\">-Lente \u00f3ptica bifocal 16&#215;52<\/span><\/div>\n<div><span style=\"font-size: 14px;\">Estructura: Monocular<\/span><\/div>\n<div><\/div>\n<div><strong><span style=\"font-size: 16px;\">Descripci\u00f3n del producto:<\/span><\/strong><\/div>\n<div><span style=\"font-size: 14px;\">Observa la mejor distancia de 1000M, el campo de visi\u00f3n m\u00e1s lejano, ajuste dual de 8000m, Gran Aumento visi\u00f3n nocturna ultra clara y baja.<\/span><\/div>\n<div><span style=\"font-size: 14px;\"><strong>Incluye:<\/strong>1 * bolsa de tela 1 * Correa 1 * franela de lente 1 * manual<\/span><\/div>\n<div><\/div>\n<div><img decoding=\"async\" title=\"Vastar-telescopio Monocular port\u00e1til de 16X52, prism\u00e1ticos HD de alta potencia, ocular teatral para caza, Campamento, Rifle de d\u00eda y de noche\" src=\"https:\/\/bodegaoutdoor.cl\/store\/wp-content\/uploads\/2020\/09\/16865-4y72fg.jpg\" alt=\"Vastar-telescopio Monocular port\u00e1til de 16X52, prism\u00e1ticos HD de alta potencia, ocular teatral para caza, Campamento, Rifle de d\u00eda y de noche\" \/><img decoding=\"async\" title=\"Vastar-telescopio Monocular port\u00e1til de 16X52, prism\u00e1ticos HD de alta potencia, ocular teatral para caza, Campamento, Rifle de d\u00eda y de noche\" src=\"https:\/\/bodegaoutdoor.cl\/store\/wp-content\/uploads\/2020\/09\/16865-qg8pzz.jpg\" alt=\"Vastar-telescopio Monocular port\u00e1til de 16X52, prism\u00e1ticos HD de alta potencia, ocular teatral para caza, Campamento, Rifle de d\u00eda y de noche\" \/><img decoding=\"async\" title=\"Vastar-telescopio Monocular port\u00e1til de 16X52, prism\u00e1ticos HD de alta potencia, ocular teatral para caza, Campamento, Rifle de d\u00eda y de noche\" src=\"https:\/\/bodegaoutdoor.cl\/store\/wp-content\/uploads\/2020\/09\/16865-cp3qup.jpg\" alt=\"Vastar-telescopio Monocular port\u00e1til de 16X52, prism\u00e1ticos HD de alta potencia, ocular teatral para caza, Campamento, Rifle de d\u00eda y de noche\" \/><img decoding=\"async\" title=\"Vastar-telescopio Monocular port\u00e1til de 16X52, prism\u00e1ticos HD de alta potencia, ocular teatral para caza, Campamento, Rifle de d\u00eda y de noche\" src=\"https:\/\/bodegaoutdoor.cl\/store\/wp-content\/uploads\/2020\/09\/16865-b6ilo8.jpg\" alt=\"Vastar-telescopio Monocular port\u00e1til de 16X52, prism\u00e1ticos HD de alta potencia, ocular teatral para caza, Campamento, Rifle de d\u00eda y de noche\" \/><img decoding=\"async\" title=\"Vastar-telescopio Monocular port\u00e1til de 16X52, prism\u00e1ticos HD de alta potencia, ocular teatral para caza, Campamento, Rifle de d\u00eda y de noche\" src=\"https:\/\/bodegaoutdoor.cl\/store\/wp-content\/uploads\/2020\/09\/16865-sscavf.jpg\" alt=\"Vastar-telescopio Monocular port\u00e1til de 16X52, prism\u00e1ticos HD de alta potencia, ocular teatral para caza, Campamento, Rifle de d\u00eda y de noche\" \/><img decoding=\"async\" title=\"Vastar-telescopio Monocular port\u00e1til de 16X52, prism\u00e1ticos HD de alta potencia, ocular teatral para caza, Campamento, Rifle de d\u00eda y de noche\" src=\"https:\/\/bodegaoutdoor.cl\/store\/wp-content\/uploads\/2020\/09\/16865-6yc26u.jpg\" alt=\"Vastar-telescopio Monocular port\u00e1til de 16X52, prism\u00e1ticos HD de alta potencia, ocular teatral para caza, Campamento, Rifle de d\u00eda y de noche\" \/><img decoding=\"async\" title=\"Vastar-telescopio Monocular port\u00e1til de 16X52, prism\u00e1ticos HD de alta potencia, ocular teatral para caza, Campamento, Rifle de d\u00eda y de noche\" src=\"https:\/\/bodegaoutdoor.cl\/store\/wp-content\/uploads\/2020\/09\/16865-alhodq.jpg\" alt=\"Vastar-telescopio Monocular port\u00e1til de 16X52, prism\u00e1ticos HD de alta potencia, ocular teatral para caza, Campamento, Rifle de d\u00eda y de noche\" \/><\/div>\n<div><img decoding=\"async\" title=\"Vastar-telescopio Monocular port\u00e1til de 16X52, prism\u00e1ticos HD de alta potencia, ocular teatral para caza, Campamento, Rifle de d\u00eda y de noche\" src=\"https:\/\/bodegaoutdoor.cl\/store\/wp-content\/uploads\/2020\/09\/16865-ewrfee.jpg\" alt=\"Vastar-telescopio Monocular port\u00e1til de 16X52, prism\u00e1ticos HD de alta potencia, ocular teatral para caza, Campamento, Rifle de d\u00eda y de noche\" \/><img decoding=\"async\" title=\"Vastar-telescopio Monocular port\u00e1til de 16X52, prism\u00e1ticos HD de alta potencia, ocular teatral para caza, Campamento, Rifle de d\u00eda y de noche\" src=\"https:\/\/bodegaoutdoor.cl\/store\/wp-content\/uploads\/2020\/09\/16865-x4uq6h.jpg\" alt=\"Vastar-telescopio Monocular port\u00e1til de 16X52, prism\u00e1ticos HD de alta potencia, ocular teatral para caza, Campamento, Rifle de d\u00eda y de noche\" \/><img decoding=\"async\" title=\"Vastar-telescopio Monocular port\u00e1til de 16X52, prism\u00e1ticos HD de alta potencia, ocular teatral para caza, Campamento, Rifle de d\u00eda y de noche\" src=\"https:\/\/bodegaoutdoor.cl\/store\/wp-content\/uploads\/2020\/09\/16865-aamqvi.jpg\" alt=\"Vastar-telescopio Monocular port\u00e1til de 16X52, prism\u00e1ticos HD de alta potencia, ocular teatral para caza, Campamento, Rifle de d\u00eda y de noche\" \/><img decoding=\"async\" title=\"Vastar-telescopio Monocular port\u00e1til de 16X52, prism\u00e1ticos HD de alta potencia, ocular teatral para caza, Campamento, Rifle de d\u00eda y de noche\" src=\"https:\/\/bodegaoutdoor.cl\/store\/wp-content\/uploads\/2020\/09\/16865-btfpqk.jpg\" alt=\"Vastar-telescopio Monocular port\u00e1til de 16X52, prism\u00e1ticos HD de alta potencia, ocular teatral para caza, Campamento, Rifle de d\u00eda y de noche\" \/><img decoding=\"async\" title=\"Vastar-telescopio Monocular port\u00e1til de 16X52, prism\u00e1ticos HD de alta potencia, ocular teatral para caza, Campamento, Rifle de d\u00eda y de noche\" src=\"https:\/\/bodegaoutdoor.cl\/store\/wp-content\/uploads\/2020\/09\/16865-rqahul.jpg\" alt=\"Vastar-telescopio Monocular port\u00e1til de 16X52, prism\u00e1ticos HD de alta potencia, ocular teatral para caza, Campamento, Rifle de d\u00eda y de noche\" \/><img decoding=\"async\" title=\"Vastar-telescopio Monocular port\u00e1til de 16X52, prism\u00e1ticos HD de alta potencia, ocular teatral para caza, Campamento, Rifle de d\u00eda y de noche\" src=\"https:\/\/bodegaoutdoor.cl\/store\/wp-content\/uploads\/2020\/09\/16865-vik2qg.jpg\" alt=\"Vastar-telescopio Monocular port\u00e1til de 16X52, prism\u00e1ticos HD de alta potencia, ocular teatral para caza, Campamento, Rifle de d\u00eda y de noche\" \/><img decoding=\"async\" title=\"Vastar-telescopio Monocular port\u00e1til de 16X52, prism\u00e1ticos HD de alta potencia, ocular teatral para caza, Campamento, Rifle de d\u00eda y de noche\" src=\"https:\/\/bodegaoutdoor.cl\/store\/wp-content\/uploads\/2020\/09\/16865-wj1stz.jpg\" alt=\"Vastar-telescopio Monocular port\u00e1til de 16X52, prism\u00e1ticos HD de alta potencia, ocular teatral para caza, Campamento, Rifle de d\u00eda y de noche\" \/><img decoding=\"async\" title=\"Vastar-telescopio Monocular port\u00e1til de 16X52, prism\u00e1ticos HD de alta potencia, ocular teatral para caza, Campamento, Rifle de d\u00eda y de noche\" src=\"https:\/\/bodegaoutdoor.cl\/store\/wp-content\/uploads\/2020\/09\/16865-5lc7gc.jpg\" alt=\"Vastar-telescopio Monocular port\u00e1til de 16X52, prism\u00e1ticos HD de alta potencia, ocular teatral para caza, Campamento, Rifle de d\u00eda y de noche\" \/><\/div>\n<div><img decoding=\"async\" title=\"Vastar-telescopio Monocular port\u00e1til de 16X52, prism\u00e1ticos HD de alta potencia, ocular teatral para caza, Campamento, Rifle de d\u00eda y de noche\" src=\"https:\/\/bodegaoutdoor.cl\/store\/wp-content\/uploads\/2020\/09\/16865-metecn.jpg\" alt=\"Vastar-telescopio Monocular port\u00e1til de 16X52, prism\u00e1ticos HD de alta potencia, ocular teatral para caza, Campamento, Rifle de d\u00eda y de noche\" \/><img decoding=\"async\" title=\"Vastar-telescopio Monocular port\u00e1til de 16X52, prism\u00e1ticos HD de alta potencia, ocular teatral para caza, Campamento, Rifle de d\u00eda y de noche\" src=\"https:\/\/bodegaoutdoor.cl\/store\/wp-content\/uploads\/2020\/09\/16865-z4fgvm.jpg\" alt=\"Vastar-telescopio Monocular port\u00e1til de 16X52, prism\u00e1ticos HD de alta potencia, ocular teatral para caza, Campamento, Rifle de d\u00eda y de noche\" \/><img decoding=\"async\" title=\"Vastar-telescopio Monocular port\u00e1til de 16X52, prism\u00e1ticos HD de alta potencia, ocular teatral para caza, Campamento, Rifle de d\u00eda y de noche\" src=\"https:\/\/bodegaoutdoor.cl\/store\/wp-content\/uploads\/2020\/09\/16865-z5auos.jpg\" alt=\"Vastar-telescopio Monocular port\u00e1til de 16X52, prism\u00e1ticos HD de alta potencia, ocular teatral para caza, Campamento, Rifle de d\u00eda y de noche\" \/><\/div>\n<div><\/div>\n<div><\/div>\n\n    <div class=\"xs_social_share_widget xs_share_url after_content \t\tmain_content  wslu-style-1 wslu-share-box-shaped wslu-fill-colored wslu-none wslu-share-horizontal wslu-theme-font-no wslu-main_content\">\n\n\t\t\n        <ul>\n\t\t\t        <\/ul>\n    <\/div> \n","protected":false},"excerpt":{"rendered":"<p>Lente \u00f3ptica de doble enfoque 16&#215;52 telescopio Monocular 10X Este telescopio Monocular con lente \u00f3ptica de doble enfoque de 16&#215;52 te ayuda a ver cualquier objetivo, ya sea si est\u00e1s buscando p\u00e1jaros, caza, escalada, intenta obtener una mejor vista del escenario o incluso en tu evento deportivo de equipo favorito. Caracter\u00edstica: -Material del producto: pl\u00e1stico [&hellip;]<\/p>\n","protected":false},"featured_media":16867,"comment_status":"open","ping_status":"closed","template":"","meta":{"jetpack_publicize_message":"","jetpack_publicize_feature_enabled":true,"jetpack_social_post_already_shared":true,"jetpack_social_options":{"image_generator_settings":{"template":"highway","enabled":false},"version":2}},"product_brand":[],"product_cat":[1249],"product_tag":[],"class_list":{"0":"post-16865","1":"product","2":"type-product","3":"status-publish","4":"has-post-thumbnail","6":"product_cat-binoculares","8":"first","9":"instock","10":"sale","11":"taxable","12":"shipping-taxable","13":"purchasable","14":"product-type-variable"},"jetpack_publicize_connections":[],"jetpack_sharing_enabled":true,"_links":{"self":[{"href":"https:\/\/bodegaoutdoor.cl\/store\/wp-json\/wp\/v2\/product\/16865","targetHints":{"allow":["GET"]}}],"collection":[{"href":"https:\/\/bodegaoutdoor.cl\/store\/wp-json\/wp\/v2\/product"}],"about":[{"href":"https:\/\/bodegaoutdoor.cl\/store\/wp-json\/wp\/v2\/types\/product"}],"replies":[{"embeddable":true,"href":"https:\/\/bodegaoutdoor.cl\/store\/wp-json\/wp\/v2\/comments?post=16865"}],"version-history":[{"count":1,"href":"https:\/\/bodegaoutdoor.cl\/store\/wp-json\/wp\/v2\/product\/16865\/revisions"}],"predecessor-version":[{"id":71220,"href":"https:\/\/bodegaoutdoor.cl\/store\/wp-json\/wp\/v2\/product\/16865\/revisions\/71220"}],"wp:featuredmedia":[{"embeddable":true,"href":"https:\/\/bodegaoutdoor.cl\/store\/wp-json\/wp\/v2\/media\/16867"}],"wp:attachment":[{"href":"https:\/\/bodegaoutdoor.cl\/store\/wp-json\/wp\/v2\/media?parent=16865"}],"wp:term":[{"taxonomy":"product_brand","embeddable":true,"href":"https:\/\/bodegaoutdoor.cl\/store\/wp-json\/wp\/v2\/product_brand?post=16865"},{"taxonomy":"product_cat","embeddable":true,"href":"https:\/\/bodegaoutdoor.cl\/store\/wp-json\/wp\/v2\/product_cat?post=16865"},{"taxonomy":"product_tag","embeddable":true,"href":"https:\/\/bodegaoutdoor.cl\/store\/wp-json\/wp\/v2\/product_tag?post=16865"}],"curies":[{"name":"wp","href":"https:\/\/api.w.org\/{rel}","templated":true}]}}