{"id":16988,"date":"2020-09-07T01:01:53","date_gmt":"2020-09-07T01:01:53","guid":{"rendered":"https:\/\/bodegaoutdoor.cl\/store\/product\/juego-de-ducha-portatil-para-acampar-al-aire-libre-abs-resistente-al-agua-resistente-al-desgaste-ligero-carga-usb-equipo-de-lavado-de-coches-con-luz-led\/"},"modified":"2023-05-04T19:19:21","modified_gmt":"2023-05-04T23:19:21","slug":"juego-de-ducha-portatil-para-acampar-outdoor-ligero-carga-usb-y-luz-led","status":"publish","type":"product","link":"https:\/\/bodegaoutdoor.cl\/store\/product\/juego-de-ducha-portatil-para-acampar-outdoor-ligero-carga-usb-y-luz-led\/","title":{"rendered":"Juego de ducha port\u00e1til para acampar Outdoor ligero carga USB y luz LED"},"content":{"rendered":"<div style=\"width: px; line-height: 150%; font-family: Arial, Helvetica, sans-serif; font-size: 12px;\">\n<p style=\"margin-bottom: 6px; margin-top: 6px;\"><img decoding=\"async\" title=\"Juego de ducha port\u00e1til para acampar al aire libre ABS resistente al agua resistente al desgaste ligero carga USB equipo de lavado de coches con luz LED\" src=\"https:\/\/bodegaoutdoor.cl\/store\/wp-content\/uploads\/2020\/09\/16988-qqy1it.jpg\" alt=\"Juego de ducha port\u00e1til para acampar al aire libre ABS resistente al agua resistente al desgaste ligero carga USB equipo de lavado de coches con luz LED\" width=\" \" height=\"24\" \/><\/p>\n<p><strong>Caracter\u00edsticas:<\/strong><br \/>\nDise\u00f1o del gancho: Cuelgue el motor principal junto al cubo, conveniente de usar.<br \/>\nGancho S y Ventosa: fija la ducha, puedes colgar la ducha en la parte superior, como los \u00e1rboles, los coches o las ventanas.<br \/>\nLuces LED: funci\u00f3n de iluminaci\u00f3n por la noche, su actividad al aire libre ser\u00e1 m\u00e1s segura.<br \/>\nMaterial: hecho de material ABS de alta calidad, resistente al desgaste, resistente al agua y duradero.<br \/>\nLigero y port\u00e1til, f\u00e1cil de llevar, no sumar\u00e1 cargas a tu viaje.<br \/>\nDise\u00f1o a prueba de agua: IPX7 boca de carga a prueba de agua, dise\u00f1o completamente cerrado, m\u00e1s seguro y confiable.<br \/>\nM\u00faltiples m\u00e9todos de carga: puedes cargarlo con el puerto de carga USB a trav\u00e9s de las cargas de tu tel\u00e9fono, la bater\u00eda externa y la recarga a bordo.<br \/>\nLarga duraci\u00f3n de la bater\u00eda: La carga completa puede durar 90 minutos.<br \/>\nM\u00faltiples funciones: se puede usar para ducha al aire libre, riego y lavado de coches, conveniente para actividades al aire libre.<br \/>\nBomba autocebante: distancia m\u00e1xima de 4,5 m, alta eficiencia, alto rendimiento, m\u00e1s conveniente.<\/p>\n<p><strong>Especificaciones:<\/strong><br \/>\nMaterial: ABS<br \/>\nColor: Color naranja<br \/>\nTama\u00f1o del motor principal: 15*9,2*7,2 cm\/5,9*3,6 * 2.8in<br \/>\nLongitud del cabezal de ducha: 19,5 cm\/7,68 pulgadas<br \/>\nManguera de salida: 180cm<br \/>\nManguera de entrada: 60cm\/23,62 pulgadas<br \/>\nTama\u00f1o del paquete: 24*18,5*10,5 cm\/9,45*7,28 * 4.13in<br \/>\nPeso del paquete: 1080g\/2,38lb<\/p>\n<p><strong>Lista de paquetes:<\/strong><br \/>\n1 * del motor principal<br \/>\n1 * cabeza de Ducha<br \/>\n1 * tubo de salida<br \/>\n1 * Entrada de manguera<br \/>\n1 * Cable USB<br \/>\n1 * gancho en forma de S<br \/>\n1 * copa de succi\u00f3n<br \/>\n1 x asiento de fijaci\u00f3n de Ducha<br \/>\n1 * filtro<br \/>\n2 * anillos de sello<\/p>\n<p style=\"margin-bottom: 6px; margin-top: 6px;\"><img decoding=\"async\" title=\"Juego de ducha port\u00e1til para acampar al aire libre ABS resistente al agua resistente al desgaste ligero carga USB equipo de lavado de coches con luz LED\" src=\"https:\/\/bodegaoutdoor.cl\/store\/wp-content\/uploads\/2020\/09\/16988-gvvonp.jpg\" alt=\"Juego de ducha port\u00e1til para acampar al aire libre ABS resistente al agua resistente al desgaste ligero carga USB equipo de lavado de coches con luz LED\" width=\" \" height=\"24\" \/><\/p>\n<p><img decoding=\"async\" title=\"Juego de ducha port\u00e1til para acampar al aire libre ABS resistente al agua resistente al desgaste ligero carga USB equipo de lavado de coches con luz LED\" src=\"https:\/\/bodegaoutdoor.cl\/store\/wp-content\/uploads\/2020\/09\/16988-ndzzdo.jpg\" alt=\"Juego de ducha port\u00e1til para acampar al aire libre ABS resistente al agua resistente al desgaste ligero carga USB equipo de lavado de coches con luz LED\" \/><br \/>\n<img decoding=\"async\" title=\"Juego de ducha port\u00e1til para acampar al aire libre ABS resistente al agua resistente al desgaste ligero carga USB equipo de lavado de coches con luz LED\" src=\"https:\/\/bodegaoutdoor.cl\/store\/wp-content\/uploads\/2020\/09\/16988-mnaljy.jpg\" alt=\"Juego de ducha port\u00e1til para acampar al aire libre ABS resistente al agua resistente al desgaste ligero carga USB equipo de lavado de coches con luz LED\" \/><br \/>\n<img decoding=\"async\" title=\"Juego de ducha port\u00e1til para acampar al aire libre ABS resistente al agua resistente al desgaste ligero carga USB equipo de lavado de coches con luz LED\" src=\"https:\/\/bodegaoutdoor.cl\/store\/wp-content\/uploads\/2020\/09\/16988-7raftz.jpg\" alt=\"Juego de ducha port\u00e1til para acampar al aire libre ABS resistente al agua resistente al desgaste ligero carga USB equipo de lavado de coches con luz LED\" \/><br \/>\n<img decoding=\"async\" title=\"Juego de ducha port\u00e1til para acampar al aire libre ABS resistente al agua resistente al desgaste ligero carga USB equipo de lavado de coches con luz LED\" src=\"https:\/\/bodegaoutdoor.cl\/store\/wp-content\/uploads\/2020\/09\/16988-xguhpe.jpg\" alt=\"Juego de ducha port\u00e1til para acampar al aire libre ABS resistente al agua resistente al desgaste ligero carga USB equipo de lavado de coches con luz LED\" \/><br \/>\n<img decoding=\"async\" title=\"Juego de ducha port\u00e1til para acampar al aire libre ABS resistente al agua resistente al desgaste ligero carga USB equipo de lavado de coches con luz LED\" src=\"https:\/\/bodegaoutdoor.cl\/store\/wp-content\/uploads\/2020\/09\/16988-cb2zdg.jpg\" alt=\"Juego de ducha port\u00e1til para acampar al aire libre ABS resistente al agua resistente al desgaste ligero carga USB equipo de lavado de coches con luz LED\" \/><br \/>\n<img decoding=\"async\" title=\"Juego de ducha port\u00e1til para acampar al aire libre ABS resistente al agua resistente al desgaste ligero carga USB equipo de lavado de coches con luz LED\" src=\"https:\/\/bodegaoutdoor.cl\/store\/wp-content\/uploads\/2020\/09\/16988-kogpgr.jpg\" alt=\"Juego de ducha port\u00e1til para acampar al aire libre ABS resistente al agua resistente al desgaste ligero carga USB equipo de lavado de coches con luz LED\" \/><br \/>\n<img decoding=\"async\" title=\"Juego de ducha port\u00e1til para acampar al aire libre ABS resistente al agua resistente al desgaste ligero carga USB equipo de lavado de coches con luz LED\" src=\"https:\/\/bodegaoutdoor.cl\/store\/wp-content\/uploads\/2020\/09\/16988-rzju5m.jpg\" alt=\"Juego de ducha port\u00e1til para acampar al aire libre ABS resistente al agua resistente al desgaste ligero carga USB equipo de lavado de coches con luz LED\" \/><br \/>\n<img decoding=\"async\" title=\"Juego de ducha port\u00e1til para acampar al aire libre ABS resistente al agua resistente al desgaste ligero carga USB equipo de lavado de coches con luz LED\" src=\"https:\/\/bodegaoutdoor.cl\/store\/wp-content\/uploads\/2020\/09\/16988-wuo20e.jpg\" alt=\"Juego de ducha port\u00e1til para acampar al aire libre ABS resistente al agua resistente al desgaste ligero carga USB equipo de lavado de coches con luz LED\" \/><br \/>\n<img decoding=\"async\" title=\"Juego de ducha port\u00e1til para acampar al aire libre ABS resistente al agua resistente al desgaste ligero carga USB equipo de lavado de coches con luz LED\" src=\"https:\/\/bodegaoutdoor.cl\/store\/wp-content\/uploads\/2020\/09\/16988-7ke3zw.jpg\" alt=\"Juego de ducha port\u00e1til para acampar al aire libre ABS resistente al agua resistente al desgaste ligero carga USB equipo de lavado de coches con luz LED\" \/><br \/>\n<img decoding=\"async\" title=\"Juego de ducha port\u00e1til para acampar al aire libre ABS resistente al agua resistente al desgaste ligero carga USB equipo de lavado de coches con luz LED\" src=\"https:\/\/bodegaoutdoor.cl\/store\/wp-content\/uploads\/2020\/09\/16988-2pmqcj.jpg\" alt=\"Juego de ducha port\u00e1til para acampar al aire libre ABS resistente al agua resistente al desgaste ligero carga USB equipo de lavado de coches con luz LED\" \/><br \/>\n<img decoding=\"async\" title=\"Juego de ducha port\u00e1til para acampar al aire libre ABS resistente al agua resistente al desgaste ligero carga USB equipo de lavado de coches con luz LED\" src=\"https:\/\/bodegaoutdoor.cl\/store\/wp-content\/uploads\/2020\/09\/16988-zuxxtx.jpg\" alt=\"Juego de ducha port\u00e1til para acampar al aire libre ABS resistente al agua resistente al desgaste ligero carga USB equipo de lavado de coches con luz LED\" \/><br \/>\n<img decoding=\"async\" title=\"Juego de ducha port\u00e1til para acampar al aire libre ABS resistente al agua resistente al desgaste ligero carga USB equipo de lavado de coches con luz LED\" src=\"https:\/\/bodegaoutdoor.cl\/store\/wp-content\/uploads\/2020\/09\/16988-oihdrg.jpg\" alt=\"Juego de ducha port\u00e1til para acampar al aire libre ABS resistente al agua resistente al desgaste ligero carga USB equipo de lavado de coches con luz LED\" \/><br \/>\n<img decoding=\"async\" title=\"Juego de ducha port\u00e1til para acampar al aire libre ABS resistente al agua resistente al desgaste ligero carga USB equipo de lavado de coches con luz LED\" src=\"https:\/\/bodegaoutdoor.cl\/store\/wp-content\/uploads\/2020\/09\/16988-piug0u.jpg\" alt=\"Juego de ducha port\u00e1til para acampar al aire libre ABS resistente al agua resistente al desgaste ligero carga USB equipo de lavado de coches con luz LED\" \/><br \/>\n<img decoding=\"async\" title=\"Juego de ducha port\u00e1til para acampar al aire libre ABS resistente al agua resistente al desgaste ligero carga USB equipo de lavado de coches con luz LED\" src=\"https:\/\/bodegaoutdoor.cl\/store\/wp-content\/uploads\/2020\/09\/16988-wmjp0h.jpg\" alt=\"Juego de ducha port\u00e1til para acampar al aire libre ABS resistente al agua resistente al desgaste ligero carga USB equipo de lavado de coches con luz LED\" \/><\/p>\n<div style=\"margin-bottom: 6px; margin-top: 6px;\"><img decoding=\"async\" title=\"Juego de ducha port\u00e1til para acampar al aire libre ABS resistente al agua resistente al desgaste ligero carga USB equipo de lavado de coches con luz LED\" src=\"https:\/\/bodegaoutdoor.cl\/store\/wp-content\/uploads\/2020\/09\/16988-nhma2o.jpg\" alt=\"Juego de ducha port\u00e1til para acampar al aire libre ABS resistente al agua resistente al desgaste ligero carga USB equipo de lavado de coches con luz LED\" width=\" \" height=\"24\" \/><\/div>\n<p><img decoding=\"async\" title=\"Juego de ducha port\u00e1til para acampar al aire libre ABS resistente al agua resistente al desgaste ligero carga USB equipo de lavado de coches con luz LED\" src=\"https:\/\/bodegaoutdoor.cl\/store\/wp-content\/uploads\/2020\/09\/16988-4lauzk.jpg\" alt=\"Juego de ducha port\u00e1til para acampar al aire libre ABS resistente al agua resistente al desgaste ligero carga USB equipo de lavado de coches con luz LED\" width=\"425\" height=\"62\" \/><\/p>\n<p style=\"font-family: arial , helvetica; font-size: 12.0px; text-align: left;\">1) aceptamos Alipay West Uni\u00f3n TT<span style=\"font-size: 13.0px;\">Se aceptan todas las principales tarjetas de cr\u00e9dito a trav\u00e9s del procesador de pagos seguro ESCROW.<\/span><\/p>\n<p style=\"font-family: arial , helvetica; font-size: 12.0px; text-align: left;\">2) El pago se debe hacer en el plazo de 3 d\u00edas de la Orden.<\/p>\n<p style=\"font-family: arial , helvetica; font-size: 12.0px; text-align: left;\">3) Si no puedes realizar el pago inmediatamente despu\u00e9s del cierre de la subasta, espera unos minutos y vuelve a intentarlo. Los pagos deben completarse en un plazo de 3 d\u00edas.<\/p>\n<p style=\"margin-bottom: 6px; margin-top: 6px;\"><img decoding=\"async\" title=\"Juego de ducha port\u00e1til para acampar al aire libre ABS resistente al agua resistente al desgaste ligero carga USB equipo de lavado de coches con luz LED\" src=\"https:\/\/bodegaoutdoor.cl\/store\/wp-content\/uploads\/2020\/09\/16988-tzjyi7.jpg\" alt=\"Juego de ducha port\u00e1til para acampar al aire libre ABS resistente al agua resistente al desgaste ligero carga USB equipo de lavado de coches con luz LED\" width=\" \" height=\"24\" \/><\/p>\n<p style=\"font-family: arial , helvetica; font-size: 12.0px; text-align: left;\"><span style=\"font-weight: bold; font-size: 14px;\">1. Env\u00edo Mundial.<\/span>(Excepto algunos pa\u00edses y APO\/FPO)<br \/>\n2. Los pedidos se procesan a tiempo despu\u00e9s de la verificaci\u00f3n de pago.<br \/>\n3. Solo enviamos a direcciones confirmadas del pedido. Tu direcci\u00f3n de pedido debe coincidir con tu direcci\u00f3n de env\u00edo.<br \/>\n4. Las im\u00e1genes mostradas no son el art\u00edculo real y son solo para su referencia.<br \/>\n5. El tiempo de tr\u00e1nsito del servicio lo proporciona el transportista y excluye fines de semana y d\u00edas festivos. Los tiempos de tr\u00e1nsito pueden variar, sobre todo durante la temporada de vacaciones.<br \/>\n6. Si no has recibido el env\u00edo en el plazo de 30 d\u00edas desde el pago, cont\u00e1ctanos. Realizaremos un seguimiento del env\u00edo y nos pondremos en contacto con usted lo antes posible con una respuesta. \u00a1Nuestro objetivo es la satisfacci\u00f3n del cliente!<br \/>\n7. Debido al estado de las existencias y a las diferencias horarias, elegiremos enviar tu art\u00edculo desde nuestro primer almac\u00e9n disponible para una entrega r\u00e1pida.<br \/>\n8. Tiempo de entrega:<\/p>\n<p><img fetchpriority=\"high\" decoding=\"async\" title=\"Juego de ducha port\u00e1til para acampar al aire libre ABS resistente al agua resistente al desgaste ligero carga USB equipo de lavado de coches con luz LED\" src=\"https:\/\/bodegaoutdoor.cl\/store\/wp-content\/uploads\/2020\/09\/16988-6tlxbj.jpg\" alt=\"Juego de ducha port\u00e1til para acampar al aire libre ABS resistente al agua resistente al desgaste ligero carga USB equipo de lavado de coches con luz LED\" width=\"586\" height=\"170\" \/><\/p>\n<p style=\"margin-bottom: 6px; margin-top: 6px;\"><img decoding=\"async\" title=\"Juego de ducha port\u00e1til para acampar al aire libre ABS resistente al agua resistente al desgaste ligero carga USB equipo de lavado de coches con luz LED\" src=\"https:\/\/bodegaoutdoor.cl\/store\/wp-content\/uploads\/2020\/09\/16988-yptylu.jpg\" alt=\"Juego de ducha port\u00e1til para acampar al aire libre ABS resistente al agua resistente al desgaste ligero carga USB equipo de lavado de coches con luz LED\" width=\" \" height=\"24\" \/><\/p>\n<p style=\"font-family: arial , helvetica; font-size: 12.0px; text-align: left;\"><span style=\"font-family: arial , helvetica; font-size: 12.0px; text-align: left;\">1. Tiene 7 d\u00edas para contactarnos y 30 d\u00edas para devolverlo a partir de la fecha de recepci\u00f3n. Si te quedas el art\u00edculo durante m\u00e1s de 7 d\u00edas, se considerar\u00e1 usado y no te ofreceremos un reembolso ni un cambio. \u00a1NO hay excepciones! Los gastos de env\u00edo corren por cuenta del vendedor y del comprador a la mitad.<br \/>\n2. Todos los art\u00edculos devueltos deben estar en el embalaje original y debes proporcionarnos el n\u00famero de seguimiento del env\u00edo, la raz\u00f3n espec\u00edfica para la devoluci\u00f3n y tu po #.<br \/>\n3. Reembolsaremos la cantidad completa de la oferta ganadora, una vez recibido el art\u00edculo en su estado y embalaje originales con todos los componentes y accesorios incluidos, despu\u00e9s de que tanto el comprador como el vendedor cancelen la transacci\u00f3n de aliexpress. O puedes optar por un reemplazo.<br \/>\n4. Nos haremos cargo de todo el costo de env\u00edo si el (los) Producto (s) no es (son) como se anunci\u00f3.<\/span><\/p>\n<p style=\"margin-bottom: 6px; margin-top: 6px;\"><img decoding=\"async\" title=\"Juego de ducha port\u00e1til para acampar al aire libre ABS resistente al agua resistente al desgaste ligero carga USB equipo de lavado de coches con luz LED\" src=\"https:\/\/bodegaoutdoor.cl\/store\/wp-content\/uploads\/2020\/09\/16988-dcwcyo.jpg\" alt=\"Juego de ducha port\u00e1til para acampar al aire libre ABS resistente al agua resistente al desgaste ligero carga USB equipo de lavado de coches con luz LED\" width=\" \" height=\"24\" \/><\/p>\n<p style=\"font-family: arial , helvetica; font-size: 12.0px; text-align: left;\">1. 12 meses de garant\u00eda limitada del fabricante para art\u00edculos defectuosos (excepto los art\u00edculos da\u00f1ados o mal usados despu\u00e9s de la recepci\u00f3n). Los accesorios vienen con una garant\u00eda de 3 meses.<br \/>\n2. Los art\u00edculos defectuosos deben ser informados y devueltos dentro del per\u00edodo de garant\u00eda (y en el embalaje original, si es posible). Debe decirnos cu\u00e1l es el defecto y darnos su n\u00famero de pedido. No reparamos ni reemplazamos art\u00edculos con una garant\u00eda expirada.<br \/>\n\u00a1Aceptas todas las pol\u00edticas mencionadas anteriormente al realizar un pedido en aliexpress!<\/p>\n<p style=\"margin-bottom: 6px; margin-top: 6px;\"><img decoding=\"async\" title=\"Juego de ducha port\u00e1til para acampar al aire libre ABS resistente al agua resistente al desgaste ligero carga USB equipo de lavado de coches con luz LED\" src=\"https:\/\/bodegaoutdoor.cl\/store\/wp-content\/uploads\/2020\/09\/16988-q1lgfz.jpg\" alt=\"Juego de ducha port\u00e1til para acampar al aire libre ABS resistente al agua resistente al desgaste ligero carga USB equipo de lavado de coches con luz LED\" width=\" \" height=\"24\" \/><\/p>\n<p style=\"margin: 0.0px; padding: 0.0px; border: 0.0px; line-height: 16.0px; font-family: arial , helvetica; font-size: 12.0px; vertical-align: baseline;\">\u00a1Mantenemos altos est\u00e1ndares de excelencia y nos esforzamos por 100% la satisfacci\u00f3n del cliente! Su opini\u00f3n es muy importante. Le pedimos que se ponga en contacto con nosotros inmediatamente antes de dejar un comentario neutral o negativo, para que podamos abordar satisfactoriamente sus preocupaciones.<br \/>\n\u00a1Es imposible abordar problemas si no los conocemos!<\/p>\n<p style=\"margin-top: 6px;\"><img decoding=\"async\" title=\"Juego de ducha port\u00e1til para acampar al aire libre ABS resistente al agua resistente al desgaste ligero carga USB equipo de lavado de coches con luz LED\" src=\"https:\/\/bodegaoutdoor.cl\/store\/wp-content\/uploads\/2020\/09\/16988-3dttub.jpg\" alt=\"Juego de ducha port\u00e1til para acampar al aire libre ABS resistente al agua resistente al desgaste ligero carga USB equipo de lavado de coches con luz LED\" width=\" \" height=\"24\" \/><\/p>\n<\/div>\n\n    <div class=\"xs_social_share_widget xs_share_url after_content \t\tmain_content  wslu-style-1 wslu-share-box-shaped wslu-fill-colored wslu-none wslu-share-horizontal wslu-theme-font-no wslu-main_content\">\n\n\t\t\n        <ul>\n\t\t\t        <\/ul>\n    <\/div> \n","protected":false},"excerpt":{"rendered":"<p>Caracter\u00edsticas: Dise\u00f1o del gancho: Cuelgue el motor principal junto al cubo, conveniente de usar. Gancho S y Ventosa: fija la ducha, puedes colgar la ducha en la parte superior, como los \u00e1rboles, los coches o las ventanas. Luces LED: funci\u00f3n de iluminaci\u00f3n por la noche, su actividad al aire libre ser\u00e1 m\u00e1s segura. Material: hecho [&hellip;]<\/p>\n","protected":false},"featured_media":16990,"comment_status":"open","ping_status":"closed","template":"","meta":{"jetpack_publicize_message":"","jetpack_publicize_feature_enabled":true,"jetpack_social_post_already_shared":true,"jetpack_social_options":{"image_generator_settings":{"template":"highway","enabled":false},"version":2}},"product_brand":[],"product_cat":[15,64],"product_tag":[],"class_list":{"0":"post-16988","1":"product","2":"type-product","3":"status-publish","4":"has-post-thumbnail","6":"product_cat-otros","7":"product_cat-accessories","9":"first","10":"instock","11":"sale","12":"taxable","13":"shipping-taxable","14":"purchasable","15":"product-type-variable"},"jetpack_publicize_connections":[],"jetpack_sharing_enabled":true,"_links":{"self":[{"href":"https:\/\/bodegaoutdoor.cl\/store\/wp-json\/wp\/v2\/product\/16988","targetHints":{"allow":["GET"]}}],"collection":[{"href":"https:\/\/bodegaoutdoor.cl\/store\/wp-json\/wp\/v2\/product"}],"about":[{"href":"https:\/\/bodegaoutdoor.cl\/store\/wp-json\/wp\/v2\/types\/product"}],"replies":[{"embeddable":true,"href":"https:\/\/bodegaoutdoor.cl\/store\/wp-json\/wp\/v2\/comments?post=16988"}],"version-history":[{"count":2,"href":"https:\/\/bodegaoutdoor.cl\/store\/wp-json\/wp\/v2\/product\/16988\/revisions"}],"predecessor-version":[{"id":71217,"href":"https:\/\/bodegaoutdoor.cl\/store\/wp-json\/wp\/v2\/product\/16988\/revisions\/71217"}],"wp:featuredmedia":[{"embeddable":true,"href":"https:\/\/bodegaoutdoor.cl\/store\/wp-json\/wp\/v2\/media\/16990"}],"wp:attachment":[{"href":"https:\/\/bodegaoutdoor.cl\/store\/wp-json\/wp\/v2\/media?parent=16988"}],"wp:term":[{"taxonomy":"product_brand","embeddable":true,"href":"https:\/\/bodegaoutdoor.cl\/store\/wp-json\/wp\/v2\/product_brand?post=16988"},{"taxonomy":"product_cat","embeddable":true,"href":"https:\/\/bodegaoutdoor.cl\/store\/wp-json\/wp\/v2\/product_cat?post=16988"},{"taxonomy":"product_tag","embeddable":true,"href":"https:\/\/bodegaoutdoor.cl\/store\/wp-json\/wp\/v2\/product_tag?post=16988"}],"curies":[{"name":"wp","href":"https:\/\/api.w.org\/{rel}","templated":true}]}}