{"id":18157,"date":"2020-09-23T15:10:49","date_gmt":"2020-09-23T15:10:49","guid":{"rendered":"https:\/\/bodegaoutdoor.cl\/store\/product\/edc-tarjeta-de-credito-multifuncional-bolsillo-cuchillo-de-caza-deportes-al-aire-libre-camping-senderismo-sos-supervivencia-rescate-herramientas-de-emergencia-mj\/"},"modified":"2023-05-04T19:19:19","modified_gmt":"2023-05-04T23:19:19","slug":"tarjeta-multifuncional-bolsillo-camping-senderismo-sos-supervivencia-rescate-herramientas-outdoor","status":"publish","type":"product","link":"https:\/\/bodegaoutdoor.cl\/store\/product\/tarjeta-multifuncional-bolsillo-camping-senderismo-sos-supervivencia-rescate-herramientas-outdoor\/","title":{"rendered":"Tarjeta multifuncional bolsillo Camping senderismo SOS supervivencia rescate herramientas Outdoor"},"content":{"rendered":"<div style=\"width: 710.0px; font-family: tahoma , geneva , sans-serif;\">\n<div style=\"font-size: 20.0px; font-weight: bold; padding: 8.0px 10.0px; text-align: center;\"><\/div>\n<div>\n<table border=\"0\" width=\"100%\" cellspacing=\"0\" cellpadding=\"0\">\n<tbody>\n<tr>\n<td style=\"width: 130.0px; height: 25.0px; background-color: #126b62; padding-left: 10.0px; color: #ffffff; font-size: 14.0px; font-weight: bold; border-radius: 40.0px;\">Descripci\u00f3n<\/td>\n<td style=\"height: 25.0px; border-bottom: #126b62 solid 1.0px;\"><\/td>\n<\/tr>\n<\/tbody>\n<\/table>\n<\/div>\n<div style=\"padding: 15.0px; line-height: 1.6em; margin-bottom: 5.0px; overflow: hidden; height: 100.0%;\">\n<div>DETALLES:<br \/>\nTarjeta de herramientas multifunci\u00f3n<br \/>\nCondici\u00f3n: nuevo<\/div>\n<div>Color: Negro<br \/>\nMaterial del cuchillo: acero inoxidable<br \/>\nPeso: alrededor de 50g<br \/>\nTarjeta: aproximadamente 92*55*2mm<br \/>\nPermita un peque\u00f1o error en la medici\u00f3n.<\/div>\n<p>Funci\u00f3n:<br \/>\n1. Destornillador recto (Grande)<br \/>\n2 soberano<br \/>\n3 cordeles cuchillo<br \/>\n4 abrelatas de botella<br \/>\n5 puede abridor<br \/>\n6. Agujero para colgar la cuerda<br \/>\n7 de corte<br \/>\n8. Llave hexagonal externa<br \/>\n9 principal cuchillo<br \/>\n10 lado cuchillo<br \/>\n11 Llave ajustable (orificio de correcci\u00f3n)<\/p>\n<div>12 Ubicaci\u00f3n agujero<\/div>\n<p>13 Destornillador recto (peque\u00f1o)<br \/>\n14 De emergencia de cuerda<\/p>\n<p>* Ligero para llevar<br \/>\n* Seguridad y f\u00e1cil de usar, 14 Funciones para usted<br \/>\n* Se puede utilizar en camping, senderismo, mochilero, caza, viajes, montar a caballo<\/p>\n<p>Contenido del paquete: 1 Tarjeta de herramientas multifunci\u00f3n<\/p>\n<p><span style=\"color: #e53333;\"><strong>Hay un logotipo en la tarjeta de herramientas, aseg\u00farate de que no te importa antes de pujar, gracias por tu comprensi\u00f3n.<\/strong><\/span><\/p>\n<p><span style=\"color: #e53333;\">Aviso<\/span><\/p>\n<p><span style=\"color: #e53333;\">1. Permite un error de 1-3 debido a la medici\u00f3n manual.<\/span><span style=\"color: #e53333;\">Por favor, aseg\u00farese de que no le importe antes de pujar.<\/span><\/p>\n<p><span style=\"color: #e53333;\">2. Los colores pueden tener diferencias como muestra la diferencia, por favor comprenda. Debido al \u00e1ngulo y la luz, el objeto real puede ser ligeramente diferente al de la imagen, \u00a1Esperamos que nos comprenda!<\/span><\/p>\n<p>&nbsp;<\/p>\n<\/div>\n<div>\n<table border=\"0\" width=\"100%\" cellspacing=\"0\" cellpadding=\"0\">\n<tbody>\n<tr>\n<td style=\"width: 130.0px; height: 25.0px; background-color: #126b62; padding-left: 10.0px; color: #ffffff; font-size: 14.0px; font-weight: bold; border-radius: 40.0px;\">Crisol de grafito mini horno de oro de la antorcha de fusi\u00f3n del metal<\/td>\n<td style=\"height: 25.0px; border-bottom: #126b62 solid 1.0px;\"><\/td>\n<\/tr>\n<\/tbody>\n<\/table>\n<\/div>\n<div style=\"padding: 15.0px; line-height: 1.6em; margin-bottom: 5.0px; overflow: hidden; height: 100.0%;\">1 x Tarjeta de herramientas multifunci\u00f3n<\/div>\n<div><img decoding=\"async\" style=\"border: solid 1.0px #999999; margin-bottom: 3.0px;\" title=\"EDC tarjeta de cr\u00e9dito multifuncional bolsillo cuchillo de caza deportes al aire libre Camping senderismo SOS supervivencia rescate herramientas de emergencia MJ\" src=\"https:\/\/bodegaoutdoor.cl\/store\/wp-content\/uploads\/2020\/09\/18157-pqhys2.jpg\" alt=\"EDC tarjeta de cr\u00e9dito multifuncional bolsillo cuchillo de caza deportes al aire libre Camping senderismo SOS supervivencia rescate herramientas de emergencia MJ\" \/><br \/>\n<img decoding=\"async\" style=\"border: solid 1.0px #999999; margin-bottom: 3.0px;\" title=\"EDC tarjeta de cr\u00e9dito multifuncional bolsillo cuchillo de caza deportes al aire libre Camping senderismo SOS supervivencia rescate herramientas de emergencia MJ\" src=\"https:\/\/bodegaoutdoor.cl\/store\/wp-content\/uploads\/2020\/09\/18157-g7f9js.jpg\" alt=\"EDC tarjeta de cr\u00e9dito multifuncional bolsillo cuchillo de caza deportes al aire libre Camping senderismo SOS supervivencia rescate herramientas de emergencia MJ\" \/><br \/>\n<img decoding=\"async\" style=\"border: solid 1.0px #999999; margin-bottom: 3.0px;\" title=\"EDC tarjeta de cr\u00e9dito multifuncional bolsillo cuchillo de caza deportes al aire libre Camping senderismo SOS supervivencia rescate herramientas de emergencia MJ\" src=\"https:\/\/bodegaoutdoor.cl\/store\/wp-content\/uploads\/2020\/09\/18157-1p6dkj.jpg\" alt=\"EDC tarjeta de cr\u00e9dito multifuncional bolsillo cuchillo de caza deportes al aire libre Camping senderismo SOS supervivencia rescate herramientas de emergencia MJ\" \/><br \/>\n<img decoding=\"async\" style=\"border: solid 1.0px #999999; margin-bottom: 3.0px;\" title=\"EDC tarjeta de cr\u00e9dito multifuncional bolsillo cuchillo de caza deportes al aire libre Camping senderismo SOS supervivencia rescate herramientas de emergencia MJ\" src=\"https:\/\/bodegaoutdoor.cl\/store\/wp-content\/uploads\/2020\/09\/18157-zie7uc.jpg\" alt=\"EDC tarjeta de cr\u00e9dito multifuncional bolsillo cuchillo de caza deportes al aire libre Camping senderismo SOS supervivencia rescate herramientas de emergencia MJ\" \/><br \/>\n<img decoding=\"async\" style=\"border: solid 1.0px #999999; margin-bottom: 3.0px;\" title=\"EDC tarjeta de cr\u00e9dito multifuncional bolsillo cuchillo de caza deportes al aire libre Camping senderismo SOS supervivencia rescate herramientas de emergencia MJ\" src=\"https:\/\/bodegaoutdoor.cl\/store\/wp-content\/uploads\/2020\/09\/18157-a4crwi.jpg\" alt=\"EDC tarjeta de cr\u00e9dito multifuncional bolsillo cuchillo de caza deportes al aire libre Camping senderismo SOS supervivencia rescate herramientas de emergencia MJ\" \/><br \/>\n<img decoding=\"async\" style=\"border: solid 1.0px #999999; margin-bottom: 3.0px;\" title=\"EDC tarjeta de cr\u00e9dito multifuncional bolsillo cuchillo de caza deportes al aire libre Camping senderismo SOS supervivencia rescate herramientas de emergencia MJ\" src=\"https:\/\/bodegaoutdoor.cl\/store\/wp-content\/uploads\/2020\/09\/18157-e83xii.jpg\" alt=\"EDC tarjeta de cr\u00e9dito multifuncional bolsillo cuchillo de caza deportes al aire libre Camping senderismo SOS supervivencia rescate herramientas de emergencia MJ\" \/><br \/>\n<img decoding=\"async\" style=\"border: solid 1.0px #999999; margin-bottom: 3.0px;\" title=\"EDC tarjeta de cr\u00e9dito multifuncional bolsillo cuchillo de caza deportes al aire libre Camping senderismo SOS supervivencia rescate herramientas de emergencia MJ\" src=\"https:\/\/bodegaoutdoor.cl\/store\/wp-content\/uploads\/2020\/09\/18157-fwcsg1.jpg\" alt=\"EDC tarjeta de cr\u00e9dito multifuncional bolsillo cuchillo de caza deportes al aire libre Camping senderismo SOS supervivencia rescate herramientas de emergencia MJ\" \/><\/div>\n<div>\n<table border=\"0\" width=\"100%\" cellspacing=\"0\" cellpadding=\"0\">\n<tbody>\n<tr>\n<td style=\"width: 130.0px; height: 25.0px; background-color: #126b62; padding-left: 10.0px; color: #ffffff; font-size: 14.0px; font-weight: bold; border-radius: 40.0px;\">Env\u00edo<\/td>\n<td style=\"height: 25.0px; border-bottom: #126b62 solid 1.0px;\"><\/td>\n<\/tr>\n<\/tbody>\n<\/table>\n<\/div>\n<div style=\"line-height: 1.6em; margin-bottom: 5.0px; overflow: hidden; height: 100.0%;\">\n<ul>\n<li>Enviamos a todo el mundo (excepto algunos pa\u00edses y APO\/FPO).<\/li>\n<li>Solo enviamos a direcciones confirmadas del pedido. Tu direcci\u00f3n de pedido debe coincidir con tu direcci\u00f3n de env\u00edo.<\/li>\n<li>Los pedidos se procesan oportunamente despu\u00e9s de la verificaci\u00f3n de pago.<\/li>\n<li>Enviaremos el paquete desde China v\u00eda correo a\u00e9reo.<\/li>\n<li>El tiempo de entrega depende del transportista, la aduana y otros factores del destino y el env\u00edo postal. La mayor\u00eda de los paquetes pueden recibirse en 20 d\u00edas h\u00e1biles (4 semanas).<\/li>\n<\/ul>\n<\/div>\n<div>\n<table border=\"0\" width=\"100%\" cellspacing=\"0\" cellpadding=\"0\">\n<tbody>\n<tr>\n<td style=\"width: 130.0px; height: 25.0px; background-color: #126b62; padding-left: 10.0px; color: #ffffff; font-size: 14.0px; font-weight: bold; border-radius: 40.0px;\">Pol\u00edtica de devoluci\u00f3n<\/td>\n<td style=\"height: 25.0px; border-bottom: #126b62 solid 1.0px;\"><\/td>\n<\/tr>\n<\/tbody>\n<\/table>\n<\/div>\n<div style=\"line-height: 1.6em; margin-bottom: 5.0px; overflow: hidden; height: 100.0%;\">\n<ul>\n<li>Aceptamos solicitudes de correo electr\u00f3nico para devoluciones dentro de los 7 d\u00edas h\u00e1biles de recibir su pedido. Si el art\u00edculo est\u00e1 en tu posesi\u00f3n m\u00e1s de 7 d\u00edas, es conside #126B62 usado y no te emitiremos un reembolso o reemplazo.<\/li>\n<li>Si no est\u00e1s satisfecho al recibir el art\u00edculo, devu\u00e9lvelo en un plazo de 7 d\u00edas Para un reemplazo o devoluci\u00f3n del dinero. P\u00f3ngase en contacto con nosotros para obtener una gu\u00eda de devoluci\u00f3n antes de devolverlo.<\/li>\n<li>Todos los art\u00edculos devueltos deben estar en el embalaje original y debes proporcionarnos el n\u00famero de seguimiento del env\u00edo, el motivo espec\u00edfico de la devoluci\u00f3n y el ID de tu pedido.<\/li>\n<li>Si el art\u00edculo se estropea en 3 meses, te enviaremos otro sin coste adicional o te ofreceremos un reembolso una vez recibamos el art\u00edculo defectuoso.<\/li>\n<li>Si el art\u00edculo es defectuoso despu\u00e9s de 3 meses, a\u00fan puedes devolverlo. Le enviaremos uno nuevo despu\u00e9s de recibir el art\u00edculo defectuoso. Pero debe pagar la tarifa de env\u00edo adicional.<\/li>\n<li>\u00a1Aceptas todas las pol\u00edticas mencionadas anteriormente al realizar un pedido en aliexpress!<\/li>\n<\/ul>\n<\/div>\n<div>\n<table border=\"0\" width=\"100%\" cellspacing=\"0\" cellpadding=\"0\">\n<tbody>\n<tr>\n<td style=\"width: 130.0px; height: 25.0px; background-color: #126b62; padding-left: 10.0px; color: #ffffff; font-size: 14.0px; font-weight: bold; border-radius: 40.0px;\">Comentarios<\/td>\n<td style=\"height: 25.0px; border-bottom: #126b62 solid 1.0px;\"><\/td>\n<\/tr>\n<\/tbody>\n<\/table>\n<\/div>\n<div style=\"line-height: 1.6em; margin-bottom: 5.0px; overflow: hidden; height: 100.0%;\">\n<ul>\n<li>Si est\u00e1s satisfecho con nuestro producto y servicio, por favor, D\u00e9janos un comentario positivo con una valoraci\u00f3n de 5 estrellas que es muy importante para nosotros. Le agradeceremos que deje su verdadera sensaci\u00f3n aqu\u00ed.<\/li>\n<li>Si no est\u00e1 satisfecho con los art\u00edculos o nuestro servicio, por favor cont\u00e1ctenos antes de dejar cualquier comentario, resolveremos el problema inmediatamente, \u00a1Gracias!<\/li>\n<\/ul>\n<\/div>\n<div>\n<table border=\"0\" width=\"100%\" cellspacing=\"0\" cellpadding=\"0\">\n<tbody>\n<tr>\n<td style=\"width: 130.0px; height: 25.0px; background-color: #126b62; padding-left: 10.0px; color: #ffffff; font-size: 14.0px; font-weight: bold; border-radius: 40.0px;\">P\u00f3ngase en contacto con nosotros<\/td>\n<td style=\"height: 25.0px; border-bottom: #126b62 solid 1.0px;\"><\/td>\n<\/tr>\n<\/tbody>\n<\/table>\n<\/div>\n<div style=\"line-height: 1.6em; margin-bottom: 5.0px; overflow: hidden; height: 100.0%;\">\n<ul>\n<li>Por favor env\u00edenos un mensaje de<strong>Las 8:30 A las 18:00pm (GMT + 8) de lunes a s\u00e1bado<\/strong>\u00a1!<\/li>\n<li>Si tienes alguna pregunta, env\u00edanos un mensaje y danos la oportunidad de ayudarte. Todos los mensajes ser\u00e1n answe #126B62 dentro de 1 d\u00eda h\u00e1bil (excepto los d\u00edas festivos en China). Si no recibes nuestra respuesta, vuelve a enviar tu mensaje y te contestaremos lo antes posible.<\/li>\n<li>Pedimos disculpas por la demora en la respuesta durante los d\u00edas festivos (incluidos los domingos).<\/li>\n<\/ul>\n<\/div>\n<\/div>\n\n    <div class=\"xs_social_share_widget xs_share_url after_content \t\tmain_content  wslu-style-1 wslu-share-box-shaped wslu-fill-colored wslu-none wslu-share-horizontal wslu-theme-font-no wslu-main_content\">\n\n\t\t\n        <ul>\n\t\t\t        <\/ul>\n    <\/div> \n","protected":false},"excerpt":{"rendered":"<p>Descripci\u00f3n DETALLES: Tarjeta de herramientas multifunci\u00f3n Condici\u00f3n: nuevo Color: Negro Material del cuchillo: acero inoxidable Peso: alrededor de 50g Tarjeta: aproximadamente 92*55*2mm Permita un peque\u00f1o error en la medici\u00f3n. Funci\u00f3n: 1. Destornillador recto (Grande) 2 soberano 3 cordeles cuchillo 4 abrelatas de botella 5 puede abridor 6. Agujero para colgar la cuerda 7 de corte [&hellip;]<\/p>\n","protected":false},"featured_media":18159,"comment_status":"open","ping_status":"closed","template":"","meta":{"jetpack_publicize_message":"","jetpack_publicize_feature_enabled":true,"jetpack_social_post_already_shared":true,"jetpack_social_options":{"image_generator_settings":{"template":"highway","enabled":false},"version":2}},"product_brand":[],"product_cat":[64,15],"product_tag":[],"class_list":{"0":"post-18157","1":"product","2":"type-product","3":"status-publish","4":"has-post-thumbnail","6":"product_cat-accessories","7":"product_cat-otros","9":"first","10":"instock","11":"taxable","12":"shipping-taxable","13":"purchasable","14":"product-type-variable"},"jetpack_publicize_connections":[],"jetpack_sharing_enabled":true,"_links":{"self":[{"href":"https:\/\/bodegaoutdoor.cl\/store\/wp-json\/wp\/v2\/product\/18157","targetHints":{"allow":["GET"]}}],"collection":[{"href":"https:\/\/bodegaoutdoor.cl\/store\/wp-json\/wp\/v2\/product"}],"about":[{"href":"https:\/\/bodegaoutdoor.cl\/store\/wp-json\/wp\/v2\/types\/product"}],"replies":[{"embeddable":true,"href":"https:\/\/bodegaoutdoor.cl\/store\/wp-json\/wp\/v2\/comments?post=18157"}],"version-history":[{"count":2,"href":"https:\/\/bodegaoutdoor.cl\/store\/wp-json\/wp\/v2\/product\/18157\/revisions"}],"predecessor-version":[{"id":71198,"href":"https:\/\/bodegaoutdoor.cl\/store\/wp-json\/wp\/v2\/product\/18157\/revisions\/71198"}],"wp:featuredmedia":[{"embeddable":true,"href":"https:\/\/bodegaoutdoor.cl\/store\/wp-json\/wp\/v2\/media\/18159"}],"wp:attachment":[{"href":"https:\/\/bodegaoutdoor.cl\/store\/wp-json\/wp\/v2\/media?parent=18157"}],"wp:term":[{"taxonomy":"product_brand","embeddable":true,"href":"https:\/\/bodegaoutdoor.cl\/store\/wp-json\/wp\/v2\/product_brand?post=18157"},{"taxonomy":"product_cat","embeddable":true,"href":"https:\/\/bodegaoutdoor.cl\/store\/wp-json\/wp\/v2\/product_cat?post=18157"},{"taxonomy":"product_tag","embeddable":true,"href":"https:\/\/bodegaoutdoor.cl\/store\/wp-json\/wp\/v2\/product_tag?post=18157"}],"curies":[{"name":"wp","href":"https:\/\/api.w.org\/{rel}","templated":true}]}}