{"id":19613,"date":"2020-10-08T20:39:57","date_gmt":"2020-10-08T20:39:57","guid":{"rendered":"https:\/\/bodegaoutdoor.cl\/store\/?post_type=product&#038;p=19613"},"modified":"2023-05-04T19:19:16","modified_gmt":"2023-05-04T23:19:16","slug":"camisa-trekking-manga-corta-mujer","status":"publish","type":"product","link":"https:\/\/bodegaoutdoor.cl\/store\/product\/camisa-trekking-manga-corta-mujer\/","title":{"rendered":"Camisa Trekking Manga Corta Mujer"},"content":{"rendered":"<div class=\"product-short-description\">\n<p>Modelo cargo\u00a0cl\u00e1sico manga corta, elaborado en membrana ripstop de secado r\u00e1pido. Ideal para uso casual, corporativo y de actividades al aire libre.<\/p>\n<\/div>\n<p>Caracter\u00edsticas:<\/p>\n<ul>\n<li>Protecci\u00f3n solar UPF 50<\/li>\n<li>Botones para cerrar<\/li>\n<li>\u00c1rea ventilada en espalda<\/li>\n<li>Respiraderos ocultos en el \u00e1rea axilar para extra ventilaci\u00f3n<\/li>\n<li>Composici\u00f3n: 100% nylon<\/li>\n<li>Bolsillos: 2 frontales en \u00e1rea pectoral (1 con cierre y 1 con velcro), 1 frontal \u00e1rea abdominal derecha con cierre<\/li>\n<\/ul>\n<p>&nbsp;<\/p>\n<p>Otros Beneficios:<\/p>\n<ul>\n<li><em>Ripstop<\/em><\/li>\n<li><em>Antiolor<\/em><\/li>\n<li><em>Protecci\u00f3n Solar<\/em><\/li>\n<li><em>Secado r\u00e1pido<\/em><\/li>\n<li><em>Respirable<\/em><\/li>\n<\/ul>\n<p><img fetchpriority=\"high\" decoding=\"async\" class=\"alignnone size-full wp-image-19639\" src=\"https:\/\/bodegaoutdoor.cl\/store\/wp-content\/uploads\/2020\/10\/blanco.jpg\" alt=\"\" width=\"510\" height=\"510\" srcset=\"https:\/\/bodegaoutdoor.cl\/store\/wp-content\/uploads\/2020\/10\/blanco.jpg 510w, https:\/\/bodegaoutdoor.cl\/store\/wp-content\/uploads\/2020\/10\/blanco-300x300.jpg 300w, https:\/\/bodegaoutdoor.cl\/store\/wp-content\/uploads\/2020\/10\/blanco-100x100.jpg 100w, https:\/\/bodegaoutdoor.cl\/store\/wp-content\/uploads\/2020\/10\/blanco-150x150.jpg 150w\" sizes=\"(max-width: 510px) 100vw, 510px\" \/> <img decoding=\"async\" class=\"alignnone size-medium wp-image-19640\" src=\"https:\/\/bodegaoutdoor.cl\/store\/wp-content\/uploads\/2020\/10\/celeste.jpg\" alt=\"\" width=\"700\" height=\"648\" srcset=\"https:\/\/bodegaoutdoor.cl\/store\/wp-content\/uploads\/2020\/10\/celeste.jpg 700w, https:\/\/bodegaoutdoor.cl\/store\/wp-content\/uploads\/2020\/10\/celeste-600x555.jpg 600w\" sizes=\"(max-width: 700px) 100vw, 700px\" \/> <img decoding=\"async\" class=\"alignnone size-medium wp-image-19641\" src=\"https:\/\/bodegaoutdoor.cl\/store\/wp-content\/uploads\/2020\/10\/gris-1.jpg\" alt=\"\" width=\"510\" height=\"510\" srcset=\"https:\/\/bodegaoutdoor.cl\/store\/wp-content\/uploads\/2020\/10\/gris-1.jpg 510w, https:\/\/bodegaoutdoor.cl\/store\/wp-content\/uploads\/2020\/10\/gris-1-300x300.jpg 300w, https:\/\/bodegaoutdoor.cl\/store\/wp-content\/uploads\/2020\/10\/gris-1-100x100.jpg 100w, https:\/\/bodegaoutdoor.cl\/store\/wp-content\/uploads\/2020\/10\/gris-1-150x150.jpg 150w\" sizes=\"(max-width: 510px) 100vw, 510px\" \/> <img loading=\"lazy\" decoding=\"async\" class=\"alignnone size-medium wp-image-19642\" src=\"https:\/\/bodegaoutdoor.cl\/store\/wp-content\/uploads\/2020\/10\/gris1-MC.jpg\" alt=\"\" width=\"790\" height=\"790\" srcset=\"https:\/\/bodegaoutdoor.cl\/store\/wp-content\/uploads\/2020\/10\/gris1-MC.jpg 790w, https:\/\/bodegaoutdoor.cl\/store\/wp-content\/uploads\/2020\/10\/gris1-MC-300x300.jpg 300w, https:\/\/bodegaoutdoor.cl\/store\/wp-content\/uploads\/2020\/10\/gris1-MC-100x100.jpg 100w, https:\/\/bodegaoutdoor.cl\/store\/wp-content\/uploads\/2020\/10\/gris1-MC-600x600.jpg 600w, https:\/\/bodegaoutdoor.cl\/store\/wp-content\/uploads\/2020\/10\/gris1-MC-150x150.jpg 150w, https:\/\/bodegaoutdoor.cl\/store\/wp-content\/uploads\/2020\/10\/gris1-MC-768x768.jpg 768w\" sizes=\"(max-width: 790px) 100vw, 790px\" \/> <img loading=\"lazy\" decoding=\"async\" class=\"alignnone size-medium wp-image-19643\" src=\"https:\/\/bodegaoutdoor.cl\/store\/wp-content\/uploads\/2020\/10\/gris2-MC-510x510-1.jpg\" alt=\"\" width=\"510\" height=\"510\" srcset=\"https:\/\/bodegaoutdoor.cl\/store\/wp-content\/uploads\/2020\/10\/gris2-MC-510x510-1.jpg 510w, https:\/\/bodegaoutdoor.cl\/store\/wp-content\/uploads\/2020\/10\/gris2-MC-510x510-1-300x300.jpg 300w, https:\/\/bodegaoutdoor.cl\/store\/wp-content\/uploads\/2020\/10\/gris2-MC-510x510-1-100x100.jpg 100w, https:\/\/bodegaoutdoor.cl\/store\/wp-content\/uploads\/2020\/10\/gris2-MC-510x510-1-150x150.jpg 150w\" sizes=\"(max-width: 510px) 100vw, 510px\" \/> <img loading=\"lazy\" decoding=\"async\" class=\"alignnone size-medium wp-image-19644\" src=\"https:\/\/bodegaoutdoor.cl\/store\/wp-content\/uploads\/2020\/10\/gris3-MC-510x510-1.jpg\" alt=\"\" width=\"510\" height=\"510\" srcset=\"https:\/\/bodegaoutdoor.cl\/store\/wp-content\/uploads\/2020\/10\/gris3-MC-510x510-1.jpg 510w, https:\/\/bodegaoutdoor.cl\/store\/wp-content\/uploads\/2020\/10\/gris3-MC-510x510-1-300x300.jpg 300w, https:\/\/bodegaoutdoor.cl\/store\/wp-content\/uploads\/2020\/10\/gris3-MC-510x510-1-100x100.jpg 100w, https:\/\/bodegaoutdoor.cl\/store\/wp-content\/uploads\/2020\/10\/gris3-MC-510x510-1-150x150.jpg 150w\" sizes=\"(max-width: 510px) 100vw, 510px\" \/> <img loading=\"lazy\" decoding=\"async\" class=\"alignnone size-medium wp-image-19645\" src=\"https:\/\/bodegaoutdoor.cl\/store\/wp-content\/uploads\/2020\/10\/kaki.jpg\" alt=\"\" width=\"510\" height=\"510\" srcset=\"https:\/\/bodegaoutdoor.cl\/store\/wp-content\/uploads\/2020\/10\/kaki.jpg 510w, https:\/\/bodegaoutdoor.cl\/store\/wp-content\/uploads\/2020\/10\/kaki-300x300.jpg 300w, https:\/\/bodegaoutdoor.cl\/store\/wp-content\/uploads\/2020\/10\/kaki-100x100.jpg 100w, https:\/\/bodegaoutdoor.cl\/store\/wp-content\/uploads\/2020\/10\/kaki-150x150.jpg 150w\" sizes=\"(max-width: 510px) 100vw, 510px\" \/> <img loading=\"lazy\" decoding=\"async\" class=\"alignnone size-medium wp-image-19646\" src=\"https:\/\/bodegaoutdoor.cl\/store\/wp-content\/uploads\/2020\/10\/medidas-1.jpg\" alt=\"\" width=\"510\" height=\"510\" srcset=\"https:\/\/bodegaoutdoor.cl\/store\/wp-content\/uploads\/2020\/10\/medidas-1.jpg 510w, https:\/\/bodegaoutdoor.cl\/store\/wp-content\/uploads\/2020\/10\/medidas-1-300x300.jpg 300w, https:\/\/bodegaoutdoor.cl\/store\/wp-content\/uploads\/2020\/10\/medidas-1-100x100.jpg 100w, https:\/\/bodegaoutdoor.cl\/store\/wp-content\/uploads\/2020\/10\/medidas-1-150x150.jpg 150w\" sizes=\"(max-width: 510px) 100vw, 510px\" \/> <img loading=\"lazy\" decoding=\"async\" class=\"alignnone size-medium wp-image-19647\" src=\"https:\/\/bodegaoutdoor.cl\/store\/wp-content\/uploads\/2020\/10\/Mujer-CAMISA-MC-510x510-1.jpg\" alt=\"\" width=\"510\" height=\"510\" srcset=\"https:\/\/bodegaoutdoor.cl\/store\/wp-content\/uploads\/2020\/10\/Mujer-CAMISA-MC-510x510-1.jpg 510w, https:\/\/bodegaoutdoor.cl\/store\/wp-content\/uploads\/2020\/10\/Mujer-CAMISA-MC-510x510-1-300x300.jpg 300w, https:\/\/bodegaoutdoor.cl\/store\/wp-content\/uploads\/2020\/10\/Mujer-CAMISA-MC-510x510-1-100x100.jpg 100w, https:\/\/bodegaoutdoor.cl\/store\/wp-content\/uploads\/2020\/10\/Mujer-CAMISA-MC-510x510-1-150x150.jpg 150w\" sizes=\"(max-width: 510px) 100vw, 510px\" \/><\/p>\n\n    <div class=\"xs_social_share_widget xs_share_url after_content \t\tmain_content  wslu-style-1 wslu-share-box-shaped wslu-fill-colored wslu-none wslu-share-horizontal wslu-theme-font-no wslu-main_content\">\n\n\t\t\n        <ul>\n\t\t\t        <\/ul>\n    <\/div> \n","protected":false},"excerpt":{"rendered":"<p>Modelo cargo\u00a0cl\u00e1sico manga corta, elaborado en membrana ripstop de secado r\u00e1pido. Ideal para uso casual, corporativo y de actividades al aire libre. Caracter\u00edsticas: Protecci\u00f3n solar UPF 50 Botones para cerrar \u00c1rea ventilada en espalda Respiraderos ocultos en el \u00e1rea axilar para extra ventilaci\u00f3n Composici\u00f3n: 100% nylon Bolsillos: 2 frontales en \u00e1rea pectoral (1 con cierre [&hellip;]<\/p>\n","protected":false},"featured_media":19648,"comment_status":"open","ping_status":"closed","template":"","meta":{"jetpack_publicize_message":"","jetpack_publicize_feature_enabled":true,"jetpack_social_post_already_shared":true,"jetpack_social_options":{"image_generator_settings":{"template":"highway","enabled":false},"version":2}},"product_brand":[],"product_cat":[1436,63],"product_tag":[1459,1461,481,1457,1456,909,1460],"class_list":{"0":"post-19613","1":"product","2":"type-product","3":"status-publish","4":"has-post-thumbnail","6":"product_cat-poleras-camisas","7":"product_cat-vestuario-mujer","8":"product_tag-camisa","9":"product_tag-facil-secado","10":"product_tag-outdoor","11":"product_tag-respirable","12":"product_tag-secado-rapido","13":"product_tag-trekking","14":"product_tag-uv","16":"first","17":"instock","18":"sale","19":"taxable","20":"shipping-taxable","21":"purchasable","22":"product-type-variable"},"jetpack_publicize_connections":[],"jetpack_sharing_enabled":true,"_links":{"self":[{"href":"https:\/\/bodegaoutdoor.cl\/store\/wp-json\/wp\/v2\/product\/19613","targetHints":{"allow":["GET"]}}],"collection":[{"href":"https:\/\/bodegaoutdoor.cl\/store\/wp-json\/wp\/v2\/product"}],"about":[{"href":"https:\/\/bodegaoutdoor.cl\/store\/wp-json\/wp\/v2\/types\/product"}],"replies":[{"embeddable":true,"href":"https:\/\/bodegaoutdoor.cl\/store\/wp-json\/wp\/v2\/comments?post=19613"}],"version-history":[{"count":2,"href":"https:\/\/bodegaoutdoor.cl\/store\/wp-json\/wp\/v2\/product\/19613\/revisions"}],"predecessor-version":[{"id":71175,"href":"https:\/\/bodegaoutdoor.cl\/store\/wp-json\/wp\/v2\/product\/19613\/revisions\/71175"}],"wp:featuredmedia":[{"embeddable":true,"href":"https:\/\/bodegaoutdoor.cl\/store\/wp-json\/wp\/v2\/media\/19648"}],"wp:attachment":[{"href":"https:\/\/bodegaoutdoor.cl\/store\/wp-json\/wp\/v2\/media?parent=19613"}],"wp:term":[{"taxonomy":"product_brand","embeddable":true,"href":"https:\/\/bodegaoutdoor.cl\/store\/wp-json\/wp\/v2\/product_brand?post=19613"},{"taxonomy":"product_cat","embeddable":true,"href":"https:\/\/bodegaoutdoor.cl\/store\/wp-json\/wp\/v2\/product_cat?post=19613"},{"taxonomy":"product_tag","embeddable":true,"href":"https:\/\/bodegaoutdoor.cl\/store\/wp-json\/wp\/v2\/product_tag?post=19613"}],"curies":[{"name":"wp","href":"https:\/\/api.w.org\/{rel}","templated":true}]}}

<div class="product-short-description">
<p>Modelo cargo clásico manga corta, elaborado en membrana ripstop de secado rápido. Ideal para uso casual, corporativo y de actividades al aire libre.</p>
</div>
<p>Características:</p>
<ul>
<li>Protección solar UPF 50</li>
<li>Botones para cerrar</li>
<li>Área ventilada en espalda</li>
<li>Respiraderos ocultos en el área axilar para extra ventilación</li>
<li>Composición: 100% nylon</li>
<li>Bolsillos: 2 frontales en área pectoral (1 con cierre y 1 con velcro), 1 frontal área abdominal derecha con cierre</li>
</ul>
<p>&nbsp;</p>
<p>Otros Beneficios:</p>
<ul>
<li><em>Ripstop</em></li>
<li><em>Antiolor</em></li>
<li><em>Protección Solar</em></li>
<li><em>Secado rápido</em></li>
<li><em>Respirable</em></li>
</ul>
<p><img fetchpriority="high" decoding="async" class="alignnone size-full wp-image-19639" src="https://bodegaoutdoor.cl/store/wp-content/uploads/2020/10/blanco.jpg" alt="" width="510" height="510" srcset="https://bodegaoutdoor.cl/store/wp-content/uploads/2020/10/blanco.jpg 510w, https://bodegaoutdoor.cl/store/wp-content/uploads/2020/10/blanco-300x300.jpg 300w, https://bodegaoutdoor.cl/store/wp-content/uploads/2020/10/blanco-100x100.jpg 100w, https://bodegaoutdoor.cl/store/wp-content/uploads/2020/10/blanco-150x150.jpg 150w" sizes="(max-width: 510px) 100vw, 510px" /> <img decoding="async" class="alignnone size-medium wp-image-19640" src="https://bodegaoutdoor.cl/store/wp-content/uploads/2020/10/celeste.jpg" alt="" width="700" height="648" srcset="https://bodegaoutdoor.cl/store/wp-content/uploads/2020/10/celeste.jpg 700w, https://bodegaoutdoor.cl/store/wp-content/uploads/2020/10/celeste-600x555.jpg 600w" sizes="(max-width: 700px) 100vw, 700px" /> <img decoding="async" class="alignnone size-medium wp-image-19641" src="https://bodegaoutdoor.cl/store/wp-content/uploads/2020/10/gris-1.jpg" alt="" width="510" height="510" srcset="https://bodegaoutdoor.cl/store/wp-content/uploads/2020/10/gris-1.jpg 510w, https://bodegaoutdoor.cl/store/wp-content/uploads/2020/10/gris-1-300x300.jpg 300w, https://bodegaoutdoor.cl/store/wp-content/uploads/2020/10/gris-1-100x100.jpg 100w, https://bodegaoutdoor.cl/store/wp-content/uploads/2020/10/gris-1-150x150.jpg 150w" sizes="(max-width: 510px) 100vw, 510px" /> <img loading="lazy" decoding="async" class="alignnone size-medium wp-image-19642" src="https://bodegaoutdoor.cl/store/wp-content/uploads/2020/10/gris1-MC.jpg" alt="" width="790" height="790" srcset="https://bodegaoutdoor.cl/store/wp-content/uploads/2020/10/gris1-MC.jpg 790w, https://bodegaoutdoor.cl/store/wp-content/uploads/2020/10/gris1-MC-300x300.jpg 300w, https://bodegaoutdoor.cl/store/wp-content/uploads/2020/10/gris1-MC-100x100.jpg 100w, https://bodegaoutdoor.cl/store/wp-content/uploads/2020/10/gris1-MC-600x600.jpg 600w, https://bodegaoutdoor.cl/store/wp-content/uploads/2020/10/gris1-MC-150x150.jpg 150w, https://bodegaoutdoor.cl/store/wp-content/uploads/2020/10/gris1-MC-768x768.jpg 768w" sizes="(max-width: 790px) 100vw, 790px" /> <img loading="lazy" decoding="async" class="alignnone size-medium wp-image-19643" src="https://bodegaoutdoor.cl/store/wp-content/uploads/2020/10/gris2-MC-510x510-1.jpg" alt="" width="510" height="510" srcset="https://bodegaoutdoor.cl/store/wp-content/uploads/2020/10/gris2-MC-510x510-1.jpg 510w, https://bodegaoutdoor.cl/store/wp-content/uploads/2020/10/gris2-MC-510x510-1-300x300.jpg 300w, https://bodegaoutdoor.cl/store/wp-content/uploads/2020/10/gris2-MC-510x510-1-100x100.jpg 100w, https://bodegaoutdoor.cl/store/wp-content/uploads/2020/10/gris2-MC-510x510-1-150x150.jpg 150w" sizes="(max-width: 510px) 100vw, 510px" /> <img loading="lazy" decoding="async" class="alignnone size-medium wp-image-19644" src="https://bodegaoutdoor.cl/store/wp-content/uploads/2020/10/gris3-MC-510x510-1.jpg" alt="" width="510" height="510" srcset="https://bodegaoutdoor.cl/store/wp-content/uploads/2020/10/gris3-MC-510x510-1.jpg 510w, https://bodegaoutdoor.cl/store/wp-content/uploads/2020/10/gris3-MC-510x510-1-300x300.jpg 300w, https://bodegaoutdoor.cl/store/wp-content/uploads/2020/10/gris3-MC-510x510-1-100x100.jpg 100w, https://bodegaoutdoor.cl/store/wp-content/uploads/2020/10/gris3-MC-510x510-1-150x150.jpg 150w" sizes="(max-width: 510px) 100vw, 510px" /> <img loading="lazy" decoding="async" class="alignnone size-medium wp-image-19645" src="https://bodegaoutdoor.cl/store/wp-content/uploads/2020/10/kaki.jpg" alt="" width="510" height="510" srcset="https://bodegaoutdoor.cl/store/wp-content/uploads/2020/10/kaki.jpg 510w, https://bodegaoutdoor.cl/store/wp-content/uploads/2020/10/kaki-300x300.jpg 300w, https://bodegaoutdoor.cl/store/wp-content/uploads/2020/10/kaki-100x100.jpg 100w, https://bodegaoutdoor.cl/store/wp-content/uploads/2020/10/kaki-150x150.jpg 150w" sizes="(max-width: 510px) 100vw, 510px" /> <img loading="lazy" decoding="async" class="alignnone size-medium wp-image-19646" src="https://bodegaoutdoor.cl/store/wp-content/uploads/2020/10/medidas-1.jpg" alt="" width="510" height="510" srcset="https://bodegaoutdoor.cl/store/wp-content/uploads/2020/10/medidas-1.jpg 510w, https://bodegaoutdoor.cl/store/wp-content/uploads/2020/10/medidas-1-300x300.jpg 300w, https://bodegaoutdoor.cl/store/wp-content/uploads/2020/10/medidas-1-100x100.jpg 100w, https://bodegaoutdoor.cl/store/wp-content/uploads/2020/10/medidas-1-150x150.jpg 150w" sizes="(max-width: 510px) 100vw, 510px" /> <img loading="lazy" decoding="async" class="alignnone size-medium wp-image-19647" src="https://bodegaoutdoor.cl/store/wp-content/uploads/2020/10/Mujer-CAMISA-MC-510x510-1.jpg" alt="" width="510" height="510" srcset="https://bodegaoutdoor.cl/store/wp-content/uploads/2020/10/Mujer-CAMISA-MC-510x510-1.jpg 510w, https://bodegaoutdoor.cl/store/wp-content/uploads/2020/10/Mujer-CAMISA-MC-510x510-1-300x300.jpg 300w, https://bodegaoutdoor.cl/store/wp-content/uploads/2020/10/Mujer-CAMISA-MC-510x510-1-100x100.jpg 100w, https://bodegaoutdoor.cl/store/wp-content/uploads/2020/10/Mujer-CAMISA-MC-510x510-1-150x150.jpg 150w" sizes="(max-width: 510px) 100vw, 510px" /></p>

    <div class="xs_social_share_widget xs_share_url after_content 		main_content  wslu-style-1 wslu-share-box-shaped wslu-fill-colored wslu-none wslu-share-horizontal wslu-theme-font-no wslu-main_content">

		
        <ul>
			        </ul>
    </div>

<p>Modelo cargo clásico manga corta, elaborado en membrana ripstop de secado rápido. Ideal para uso casual, corporativo y de actividades al aire libre. Características: Protección solar UPF 50 Botones para cerrar Área ventilada en espalda Respiraderos ocultos en el área axilar para extra ventilación Composición: 100% nylon Bolsillos: 2 frontales en área pectoral (1 con cierre [&hellip;]</p>
