{"id":19800,"date":"2020-10-14T18:22:17","date_gmt":"2020-10-14T18:22:17","guid":{"rendered":"https:\/\/bodegaoutdoor.cl\/store\/?post_type=product&#038;p=19800"},"modified":"2023-05-04T19:19:15","modified_gmt":"2023-05-04T23:19:15","slug":"polera-ii-capa-micropolar-medio-cierre-hombre","status":"publish","type":"product","link":"https:\/\/bodegaoutdoor.cl\/store\/product\/polera-ii-capa-micropolar-medio-cierre-hombre\/","title":{"rendered":"Polera II Capa Micropolar Medio Cierre Hombre"},"content":{"rendered":"<div class=\"product-short-description\">\n<p>Prenda liviana y confortable que aporta el calor necesario para cualquier aventura outdoor durante toda \u00e9poca del a\u00f1o. Ideal como capa de abrigo intermedia en climas frios.<\/p>\n<p><strong><u>Especificaciones t\u00e9cnicas<\/u><\/strong><\/p>\n<ul>\n<li>Modelo de cuello alto con medio cierre.<\/li>\n<li>Calce regular<\/li>\n<li>Construida en textil micropolar tipo panel cuadriculado<\/li>\n<li>Tejido ultra liviano y c\u00f3modo.<\/li>\n<li>Costuras planas reforzadas.<\/li>\n<li>Controla la humedad, regulando la temperatura corporal.<\/li>\n<li>Respirable para mantener el cuerpo fresco y seco.<\/li>\n<li>Composici\u00f3n: 100% Fibra de Poliester<\/li>\n<li>Mu\u00f1ecas y pretina el\u00e1sticas.<\/li>\n<li>Peso aproximado: 250grs.<\/li>\n<\/ul>\n<p><strong>\u00a0<\/strong><\/p>\n<p><strong>Ventajas:<\/strong><\/p>\n<ul>\n<li>Liviano<\/li>\n<li>Respirable<\/li>\n<li>Termico<\/li>\n<\/ul>\n<p><img fetchpriority=\"high\" decoding=\"async\" class=\"alignnone size-full wp-image-19807\" src=\"https:\/\/bodegaoutdoor.cl\/store\/wp-content\/uploads\/2020\/10\/poleron-polar-panal-hombre-510x462-1.jpg\" alt=\"\" width=\"510\" height=\"462\" \/><\/p>\n<\/div>\n\n    <div class=\"xs_social_share_widget xs_share_url after_content \t\tmain_content  wslu-style-1 wslu-share-box-shaped wslu-fill-colored wslu-none wslu-share-horizontal wslu-theme-font-no wslu-main_content\">\n\n\t\t\n        <ul>\n\t\t\t        <\/ul>\n    <\/div> \n","protected":false},"excerpt":{"rendered":"<p>Prenda liviana y confortable que aporta el calor necesario para cualquier aventura outdoor durante toda \u00e9poca del a\u00f1o. Ideal como capa de abrigo intermedia en climas frios. Especificaciones t\u00e9cnicas Modelo de cuello alto con medio cierre. Calce regular Construida en textil micropolar tipo panel cuadriculado Tejido ultra liviano y c\u00f3modo. Costuras planas reforzadas. Controla la [&hellip;]<\/p>\n","protected":false},"featured_media":19803,"comment_status":"open","ping_status":"closed","template":"","meta":{"jetpack_publicize_message":"","jetpack_publicize_feature_enabled":true,"jetpack_social_post_already_shared":true,"jetpack_social_options":{"image_generator_settings":{"template":"highway","enabled":false},"version":2}},"product_brand":[],"product_cat":[72,62],"product_tag":[1475,481,1457,1474,828,909],"class_list":{"0":"post-19800","1":"product","2":"type-product","3":"status-publish","4":"has-post-thumbnail","6":"product_cat-hombre-segunda","7":"product_cat-vestuario-hombre","8":"product_tag-liviano","9":"product_tag-outdoor","10":"product_tag-respirable","11":"product_tag-segunda-capa","12":"product_tag-termico","13":"product_tag-trekking","15":"first","16":"instock","17":"sale","18":"taxable","19":"shipping-taxable","20":"purchasable","21":"product-type-variable"},"jetpack_publicize_connections":[],"jetpack_sharing_enabled":true,"_links":{"self":[{"href":"https:\/\/bodegaoutdoor.cl\/store\/wp-json\/wp\/v2\/product\/19800","targetHints":{"allow":["GET"]}}],"collection":[{"href":"https:\/\/bodegaoutdoor.cl\/store\/wp-json\/wp\/v2\/product"}],"about":[{"href":"https:\/\/bodegaoutdoor.cl\/store\/wp-json\/wp\/v2\/types\/product"}],"replies":[{"embeddable":true,"href":"https:\/\/bodegaoutdoor.cl\/store\/wp-json\/wp\/v2\/comments?post=19800"}],"version-history":[{"count":2,"href":"https:\/\/bodegaoutdoor.cl\/store\/wp-json\/wp\/v2\/product\/19800\/revisions"}],"predecessor-version":[{"id":71165,"href":"https:\/\/bodegaoutdoor.cl\/store\/wp-json\/wp\/v2\/product\/19800\/revisions\/71165"}],"wp:featuredmedia":[{"embeddable":true,"href":"https:\/\/bodegaoutdoor.cl\/store\/wp-json\/wp\/v2\/media\/19803"}],"wp:attachment":[{"href":"https:\/\/bodegaoutdoor.cl\/store\/wp-json\/wp\/v2\/media?parent=19800"}],"wp:term":[{"taxonomy":"product_brand","embeddable":true,"href":"https:\/\/bodegaoutdoor.cl\/store\/wp-json\/wp\/v2\/product_brand?post=19800"},{"taxonomy":"product_cat","embeddable":true,"href":"https:\/\/bodegaoutdoor.cl\/store\/wp-json\/wp\/v2\/product_cat?post=19800"},{"taxonomy":"product_tag","embeddable":true,"href":"https:\/\/bodegaoutdoor.cl\/store\/wp-json\/wp\/v2\/product_tag?post=19800"}],"curies":[{"name":"wp","href":"https:\/\/api.w.org\/{rel}","templated":true}]}}