{"id":19867,"date":"2020-10-14T19:03:02","date_gmt":"2020-10-14T19:03:02","guid":{"rendered":"https:\/\/bodegaoutdoor.cl\/store\/?post_type=product&#038;p=19867"},"modified":"2023-05-04T19:19:14","modified_gmt":"2023-05-04T23:19:14","slug":"pantalon-corto-short-deportivo-running-mujer-con-bolsillo-trasero","status":"publish","type":"product","link":"https:\/\/bodegaoutdoor.cl\/store\/product\/pantalon-corto-short-deportivo-running-mujer-con-bolsillo-trasero\/","title":{"rendered":"Pantalon corto Short Deportivo Running Mujer con bolsillo trasero"},"content":{"rendered":"<div class=\"product-short-description\">\n<p>Versatil modelo con pretina altamente elasticada y confeccionado en tela comoda y fresca que se mueve contigo mientras practicas y juegas.<\/p>\n<\/div>\n<p>Descripci\u00f3n del Producto:<\/p>\n<ul>\n<li>Uso: Ideal para el dia a dia o deportes de movimiento constante como el tenis, P\u00e1del, Squash, badmint\u00f3n,\u00a0Front\u00f3n, entre otros.<\/li>\n<li>Calce regular-holgado<\/li>\n<li>Tejido stretch, suave, c\u00f3modo y fresco<\/li>\n<li>Expulsa el sudor y la humedad que se acumula en el interior<\/li>\n<li>Composici\u00f3n Exterior: 100% poli\u00e9ster<\/li>\n<li>Forro: Si<\/li>\n<li>Composicion forro: 92% poli\u00e9ster \u2013 8% spandex<\/li>\n<li>Bolsillos: 1 trasero con cierre<\/li>\n<li>Cintura el\u00e1stica con cord\u00f3n ajustable<\/li>\n<li>Pais de fabricacion: China<\/li>\n<\/ul>\n<p>Ventajas:<\/p>\n<ul>\n<li><em>Secado r\u00e1pido<\/em><\/li>\n<li><em>Respirable<\/em><\/li>\n<li><em>Repelente al agua<\/em><\/li>\n<li><em>Antiolor<\/em><\/li>\n<li><em>Antisucio<\/em><\/li>\n<\/ul>\n<p>&nbsp;<\/p>\n<p>Instrucciones de Lavado y cuidado:<\/p>\n<ul>\n<li>Lavado a m\u00e1quina agua fr\u00eda ciclo delicado<\/li>\n<li>Usar solo detergentes suaves<\/li>\n<li>No usar blanqueador<\/li>\n<li>No secar en secadora<\/li>\n<li>No lavar en seco<\/li>\n<li>No planchar<img fetchpriority=\"high\" decoding=\"async\" class=\"alignnone size-full wp-image-19874\" src=\"https:\/\/bodegaoutdoor.cl\/store\/wp-content\/uploads\/2020\/10\/short-1.jpg\" alt=\"\" width=\"940\" height=\"940\" srcset=\"https:\/\/bodegaoutdoor.cl\/store\/wp-content\/uploads\/2020\/10\/short-1.jpg 940w, https:\/\/bodegaoutdoor.cl\/store\/wp-content\/uploads\/2020\/10\/short-1-300x300.jpg 300w, https:\/\/bodegaoutdoor.cl\/store\/wp-content\/uploads\/2020\/10\/short-1-100x100.jpg 100w, https:\/\/bodegaoutdoor.cl\/store\/wp-content\/uploads\/2020\/10\/short-1-600x600.jpg 600w, https:\/\/bodegaoutdoor.cl\/store\/wp-content\/uploads\/2020\/10\/short-1-150x150.jpg 150w, https:\/\/bodegaoutdoor.cl\/store\/wp-content\/uploads\/2020\/10\/short-1-768x768.jpg 768w\" sizes=\"(max-width: 940px) 100vw, 940px\" \/> <img decoding=\"async\" class=\"alignnone size-full wp-image-19870\" src=\"https:\/\/bodegaoutdoor.cl\/store\/wp-content\/uploads\/2020\/10\/AZUL-3-510x510-1.jpg\" alt=\"\" width=\"510\" height=\"510\" srcset=\"https:\/\/bodegaoutdoor.cl\/store\/wp-content\/uploads\/2020\/10\/AZUL-3-510x510-1.jpg 510w, https:\/\/bodegaoutdoor.cl\/store\/wp-content\/uploads\/2020\/10\/AZUL-3-510x510-1-300x300.jpg 300w, https:\/\/bodegaoutdoor.cl\/store\/wp-content\/uploads\/2020\/10\/AZUL-3-510x510-1-100x100.jpg 100w, https:\/\/bodegaoutdoor.cl\/store\/wp-content\/uploads\/2020\/10\/AZUL-3-510x510-1-150x150.jpg 150w\" sizes=\"(max-width: 510px) 100vw, 510px\" \/>\u00a0<img decoding=\"async\" class=\"alignnone size-medium wp-image-19872\" src=\"https:\/\/bodegaoutdoor.cl\/store\/wp-content\/uploads\/2020\/10\/NEGRO-2-510x510-3.jpg\" alt=\"\" width=\"510\" height=\"510\" srcset=\"https:\/\/bodegaoutdoor.cl\/store\/wp-content\/uploads\/2020\/10\/NEGRO-2-510x510-3.jpg 510w, https:\/\/bodegaoutdoor.cl\/store\/wp-content\/uploads\/2020\/10\/NEGRO-2-510x510-3-300x300.jpg 300w, https:\/\/bodegaoutdoor.cl\/store\/wp-content\/uploads\/2020\/10\/NEGRO-2-510x510-3-100x100.jpg 100w, https:\/\/bodegaoutdoor.cl\/store\/wp-content\/uploads\/2020\/10\/NEGRO-2-510x510-3-150x150.jpg 150w\" sizes=\"(max-width: 510px) 100vw, 510px\" \/> <img loading=\"lazy\" decoding=\"async\" class=\"alignnone size-full wp-image-19871\" src=\"https:\/\/bodegaoutdoor.cl\/store\/wp-content\/uploads\/2020\/10\/NEGRO-1-510x510-2.jpg\" alt=\"\" width=\"510\" height=\"510\" srcset=\"https:\/\/bodegaoutdoor.cl\/store\/wp-content\/uploads\/2020\/10\/NEGRO-1-510x510-2.jpg 510w, https:\/\/bodegaoutdoor.cl\/store\/wp-content\/uploads\/2020\/10\/NEGRO-1-510x510-2-300x300.jpg 300w, https:\/\/bodegaoutdoor.cl\/store\/wp-content\/uploads\/2020\/10\/NEGRO-1-510x510-2-100x100.jpg 100w, https:\/\/bodegaoutdoor.cl\/store\/wp-content\/uploads\/2020\/10\/NEGRO-1-510x510-2-150x150.jpg 150w\" sizes=\"(max-width: 510px) 100vw, 510px\" \/><\/li>\n<\/ul>\n\n    <div class=\"xs_social_share_widget xs_share_url after_content \t\tmain_content  wslu-style-1 wslu-share-box-shaped wslu-fill-colored wslu-none wslu-share-horizontal wslu-theme-font-no wslu-main_content\">\n\n\t\t\n        <ul>\n\t\t\t        <\/ul>\n    <\/div> \n","protected":false},"excerpt":{"rendered":"<p>Versatil modelo con pretina altamente elasticada y confeccionado en tela comoda y fresca que se mueve contigo mientras practicas y juegas. Descripci\u00f3n del Producto: Uso: Ideal para el dia a dia o deportes de movimiento constante como el tenis, P\u00e1del, Squash, badmint\u00f3n,\u00a0Front\u00f3n, entre otros. Calce regular-holgado Tejido stretch, suave, c\u00f3modo y fresco Expulsa el sudor [&hellip;]<\/p>\n","protected":false},"featured_media":19872,"comment_status":"open","ping_status":"closed","template":"","meta":{"jetpack_publicize_message":"","jetpack_publicize_feature_enabled":true,"jetpack_social_post_already_shared":true,"jetpack_social_options":{"image_generator_settings":{"template":"highway","enabled":false},"version":2}},"product_brand":[],"product_cat":[303,63],"product_tag":[1477,1476],"class_list":{"0":"post-19867","1":"product","2":"type-product","3":"status-publish","4":"has-post-thumbnail","6":"product_cat-pantalon-mujer","7":"product_cat-vestuario-mujer","8":"product_tag-running","9":"product_tag-short","11":"first","12":"instock","13":"sale","14":"taxable","15":"shipping-taxable","16":"purchasable","17":"product-type-variable"},"jetpack_publicize_connections":[],"jetpack_sharing_enabled":true,"_links":{"self":[{"href":"https:\/\/bodegaoutdoor.cl\/store\/wp-json\/wp\/v2\/product\/19867","targetHints":{"allow":["GET"]}}],"collection":[{"href":"https:\/\/bodegaoutdoor.cl\/store\/wp-json\/wp\/v2\/product"}],"about":[{"href":"https:\/\/bodegaoutdoor.cl\/store\/wp-json\/wp\/v2\/types\/product"}],"replies":[{"embeddable":true,"href":"https:\/\/bodegaoutdoor.cl\/store\/wp-json\/wp\/v2\/comments?post=19867"}],"version-history":[{"count":1,"href":"https:\/\/bodegaoutdoor.cl\/store\/wp-json\/wp\/v2\/product\/19867\/revisions"}],"predecessor-version":[{"id":71162,"href":"https:\/\/bodegaoutdoor.cl\/store\/wp-json\/wp\/v2\/product\/19867\/revisions\/71162"}],"wp:featuredmedia":[{"embeddable":true,"href":"https:\/\/bodegaoutdoor.cl\/store\/wp-json\/wp\/v2\/media\/19872"}],"wp:attachment":[{"href":"https:\/\/bodegaoutdoor.cl\/store\/wp-json\/wp\/v2\/media?parent=19867"}],"wp:term":[{"taxonomy":"product_brand","embeddable":true,"href":"https:\/\/bodegaoutdoor.cl\/store\/wp-json\/wp\/v2\/product_brand?post=19867"},{"taxonomy":"product_cat","embeddable":true,"href":"https:\/\/bodegaoutdoor.cl\/store\/wp-json\/wp\/v2\/product_cat?post=19867"},{"taxonomy":"product_tag","embeddable":true,"href":"https:\/\/bodegaoutdoor.cl\/store\/wp-json\/wp\/v2\/product_tag?post=19867"}],"curies":[{"name":"wp","href":"https:\/\/api.w.org\/{rel}","templated":true}]}}