{"id":20032,"date":"2020-10-15T14:22:27","date_gmt":"2020-10-15T14:22:27","guid":{"rendered":"https:\/\/bodegaoutdoor.cl\/store\/?post_type=product&#038;p=20032"},"modified":"2023-05-04T19:19:14","modified_gmt":"2023-05-04T23:19:14","slug":"poleron-hoddie-medio-cierre-hombre","status":"publish","type":"product","link":"https:\/\/bodegaoutdoor.cl\/store\/product\/poleron-hoddie-medio-cierre-hombre\/","title":{"rendered":"Poleron Hoddie Medio Cierre Hombre"},"content":{"rendered":"<div class=\"product-short-description\">\n<p>Sudadera con capucha de estilo urbano y calce holgado. Confeccionado en algod\u00f3n premium y poli\u00e9ster con un tejido liso en el exterior y acabado cepillado suave en el interior.<\/p>\n<\/div>\n<p>Caracter\u00edsticas:<\/p>\n<ul>\n<li>Proporciona la calidez justa y necesaria para el entrenamiento o el d\u00eda a d\u00eda en climas fr\u00edos.<\/li>\n<li>Estilo urbano informal.<\/li>\n<li>Tejido suave y respirable que expulsa el sudor de la piel manteni\u00e9ndola seca.<\/li>\n<li>Corte holgado, dise\u00f1ado para favorecer la comodidad y libertad de movimiento.<\/li>\n<li>Composici\u00f3n: 30% algod\u00f3n Premium, 70% poli\u00e9ster.<\/li>\n<li>Manga larga con pu\u00f1os de canal\u00e9.<\/li>\n<li>Capucha con cord\u00f3n.<\/li>\n<li>Medio cierre frontal.<\/li>\n<li>2 bolsillos en el \u00e1rea abdominal.<\/li>\n<\/ul>\n<p>&nbsp;<\/p>\n<p>Cuidados:<\/p>\n<ul>\n<li>Lavado a m\u00e1quina agua tibia.<\/li>\n<li>No usar blanqueador.<\/li>\n<li>No secar en secadora.<\/li>\n<li>No lavar en seco.<\/li>\n<\/ul>\n<p><img fetchpriority=\"high\" decoding=\"async\" class=\"alignnone size-full wp-image-20033\" src=\"https:\/\/bodegaoutdoor.cl\/store\/wp-content\/uploads\/2020\/10\/002azul-1-1.jpg\" alt=\"\" width=\"1400\" height=\"1400\" srcset=\"https:\/\/bodegaoutdoor.cl\/store\/wp-content\/uploads\/2020\/10\/002azul-1-1.jpg 1400w, https:\/\/bodegaoutdoor.cl\/store\/wp-content\/uploads\/2020\/10\/002azul-1-1-300x300.jpg 300w, https:\/\/bodegaoutdoor.cl\/store\/wp-content\/uploads\/2020\/10\/002azul-1-1-100x100.jpg 100w, https:\/\/bodegaoutdoor.cl\/store\/wp-content\/uploads\/2020\/10\/002azul-1-1-600x600.jpg 600w, https:\/\/bodegaoutdoor.cl\/store\/wp-content\/uploads\/2020\/10\/002azul-1-1-150x150.jpg 150w, https:\/\/bodegaoutdoor.cl\/store\/wp-content\/uploads\/2020\/10\/002azul-1-1-768x768.jpg 768w\" sizes=\"(max-width: 1400px) 100vw, 1400px\" \/> <img decoding=\"async\" class=\"alignnone size-medium wp-image-20034\" src=\"https:\/\/bodegaoutdoor.cl\/store\/wp-content\/uploads\/2020\/10\/002azul-1.jpg\" alt=\"\" width=\"1400\" height=\"1400\" srcset=\"https:\/\/bodegaoutdoor.cl\/store\/wp-content\/uploads\/2020\/10\/002azul-1.jpg 1400w, https:\/\/bodegaoutdoor.cl\/store\/wp-content\/uploads\/2020\/10\/002azul-1-300x300.jpg 300w, https:\/\/bodegaoutdoor.cl\/store\/wp-content\/uploads\/2020\/10\/002azul-1-100x100.jpg 100w, https:\/\/bodegaoutdoor.cl\/store\/wp-content\/uploads\/2020\/10\/002azul-1-600x600.jpg 600w, https:\/\/bodegaoutdoor.cl\/store\/wp-content\/uploads\/2020\/10\/002azul-1-150x150.jpg 150w, https:\/\/bodegaoutdoor.cl\/store\/wp-content\/uploads\/2020\/10\/002azul-1-768x768.jpg 768w\" sizes=\"(max-width: 1400px) 100vw, 1400px\" \/> <img decoding=\"async\" class=\"alignnone size-medium wp-image-20035\" src=\"https:\/\/bodegaoutdoor.cl\/store\/wp-content\/uploads\/2020\/10\/002azul-2-510x510-1.jpg\" alt=\"\" width=\"510\" height=\"510\" srcset=\"https:\/\/bodegaoutdoor.cl\/store\/wp-content\/uploads\/2020\/10\/002azul-2-510x510-1.jpg 510w, https:\/\/bodegaoutdoor.cl\/store\/wp-content\/uploads\/2020\/10\/002azul-2-510x510-1-300x300.jpg 300w, https:\/\/bodegaoutdoor.cl\/store\/wp-content\/uploads\/2020\/10\/002azul-2-510x510-1-100x100.jpg 100w, https:\/\/bodegaoutdoor.cl\/store\/wp-content\/uploads\/2020\/10\/002azul-2-510x510-1-150x150.jpg 150w\" sizes=\"(max-width: 510px) 100vw, 510px\" \/> <img loading=\"lazy\" decoding=\"async\" class=\"alignnone size-medium wp-image-20036\" src=\"https:\/\/bodegaoutdoor.cl\/store\/wp-content\/uploads\/2020\/10\/002azul-3-510x510-1.jpg\" alt=\"\" width=\"510\" height=\"510\" srcset=\"https:\/\/bodegaoutdoor.cl\/store\/wp-content\/uploads\/2020\/10\/002azul-3-510x510-1.jpg 510w, https:\/\/bodegaoutdoor.cl\/store\/wp-content\/uploads\/2020\/10\/002azul-3-510x510-1-300x300.jpg 300w, https:\/\/bodegaoutdoor.cl\/store\/wp-content\/uploads\/2020\/10\/002azul-3-510x510-1-100x100.jpg 100w, https:\/\/bodegaoutdoor.cl\/store\/wp-content\/uploads\/2020\/10\/002azul-3-510x510-1-150x150.jpg 150w\" sizes=\"(max-width: 510px) 100vw, 510px\" \/> <img loading=\"lazy\" decoding=\"async\" class=\"alignnone size-medium wp-image-20037\" src=\"https:\/\/bodegaoutdoor.cl\/store\/wp-content\/uploads\/2020\/10\/11.jpg\" alt=\"\" width=\"480\" height=\"480\" srcset=\"https:\/\/bodegaoutdoor.cl\/store\/wp-content\/uploads\/2020\/10\/11.jpg 480w, https:\/\/bodegaoutdoor.cl\/store\/wp-content\/uploads\/2020\/10\/11-300x300.jpg 300w, https:\/\/bodegaoutdoor.cl\/store\/wp-content\/uploads\/2020\/10\/11-100x100.jpg 100w, https:\/\/bodegaoutdoor.cl\/store\/wp-content\/uploads\/2020\/10\/11-150x150.jpg 150w\" sizes=\"(max-width: 480px) 100vw, 480px\" \/> <img loading=\"lazy\" decoding=\"async\" class=\"alignnone size-medium wp-image-20038\" src=\"https:\/\/bodegaoutdoor.cl\/store\/wp-content\/uploads\/2020\/10\/12.jpg\" alt=\"\" width=\"480\" height=\"480\" srcset=\"https:\/\/bodegaoutdoor.cl\/store\/wp-content\/uploads\/2020\/10\/12.jpg 480w, https:\/\/bodegaoutdoor.cl\/store\/wp-content\/uploads\/2020\/10\/12-300x300.jpg 300w, https:\/\/bodegaoutdoor.cl\/store\/wp-content\/uploads\/2020\/10\/12-100x100.jpg 100w, https:\/\/bodegaoutdoor.cl\/store\/wp-content\/uploads\/2020\/10\/12-150x150.jpg 150w\" sizes=\"(max-width: 480px) 100vw, 480px\" \/> <img loading=\"lazy\" decoding=\"async\" class=\"alignnone size-medium wp-image-20039\" src=\"https:\/\/bodegaoutdoor.cl\/store\/wp-content\/uploads\/2020\/10\/13-1.jpg\" alt=\"\" width=\"480\" height=\"480\" srcset=\"https:\/\/bodegaoutdoor.cl\/store\/wp-content\/uploads\/2020\/10\/13-1.jpg 480w, https:\/\/bodegaoutdoor.cl\/store\/wp-content\/uploads\/2020\/10\/13-1-300x300.jpg 300w, https:\/\/bodegaoutdoor.cl\/store\/wp-content\/uploads\/2020\/10\/13-1-100x100.jpg 100w, https:\/\/bodegaoutdoor.cl\/store\/wp-content\/uploads\/2020\/10\/13-1-150x150.jpg 150w\" sizes=\"(max-width: 480px) 100vw, 480px\" \/> <img loading=\"lazy\" decoding=\"async\" class=\"alignnone size-medium wp-image-20040\" src=\"https:\/\/bodegaoutdoor.cl\/store\/wp-content\/uploads\/2020\/10\/14-1.jpg\" alt=\"\" width=\"480\" height=\"480\" srcset=\"https:\/\/bodegaoutdoor.cl\/store\/wp-content\/uploads\/2020\/10\/14-1.jpg 480w, https:\/\/bodegaoutdoor.cl\/store\/wp-content\/uploads\/2020\/10\/14-1-300x300.jpg 300w, https:\/\/bodegaoutdoor.cl\/store\/wp-content\/uploads\/2020\/10\/14-1-100x100.jpg 100w, https:\/\/bodegaoutdoor.cl\/store\/wp-content\/uploads\/2020\/10\/14-1-150x150.jpg 150w\" sizes=\"(max-width: 480px) 100vw, 480px\" \/> <img loading=\"lazy\" decoding=\"async\" class=\"alignnone size-medium wp-image-20041\" src=\"https:\/\/bodegaoutdoor.cl\/store\/wp-content\/uploads\/2020\/10\/15.jpg\" alt=\"\" width=\"480\" height=\"480\" srcset=\"https:\/\/bodegaoutdoor.cl\/store\/wp-content\/uploads\/2020\/10\/15.jpg 480w, https:\/\/bodegaoutdoor.cl\/store\/wp-content\/uploads\/2020\/10\/15-300x300.jpg 300w, https:\/\/bodegaoutdoor.cl\/store\/wp-content\/uploads\/2020\/10\/15-100x100.jpg 100w, https:\/\/bodegaoutdoor.cl\/store\/wp-content\/uploads\/2020\/10\/15-150x150.jpg 150w\" sizes=\"(max-width: 480px) 100vw, 480px\" \/><\/p>\n\n    <div class=\"xs_social_share_widget xs_share_url after_content \t\tmain_content  wslu-style-1 wslu-share-box-shaped wslu-fill-colored wslu-none wslu-share-horizontal wslu-theme-font-no wslu-main_content\">\n\n\t\t\n        <ul>\n\t\t\t        <\/ul>\n    <\/div> \n","protected":false},"excerpt":{"rendered":"<p>Sudadera con capucha de estilo urbano y calce holgado. Confeccionado en algod\u00f3n premium y poli\u00e9ster con un tejido liso en el exterior y acabado cepillado suave en el interior. Caracter\u00edsticas: Proporciona la calidez justa y necesaria para el entrenamiento o el d\u00eda a d\u00eda en climas fr\u00edos. Estilo urbano informal. Tejido suave y respirable que [&hellip;]<\/p>\n","protected":false},"featured_media":20035,"comment_status":"open","ping_status":"closed","template":"","meta":{"jetpack_publicize_message":"","jetpack_publicize_feature_enabled":true,"jetpack_social_post_already_shared":true,"jetpack_social_options":{"image_generator_settings":{"template":"highway","enabled":false},"version":2}},"product_brand":[],"product_cat":[72,62],"product_tag":[],"class_list":{"0":"post-20032","1":"product","2":"type-product","3":"status-publish","4":"has-post-thumbnail","6":"product_cat-hombre-segunda","7":"product_cat-vestuario-hombre","9":"first","10":"instock","11":"sale","12":"taxable","13":"shipping-taxable","14":"purchasable","15":"product-type-variable"},"jetpack_publicize_connections":[],"jetpack_sharing_enabled":true,"_links":{"self":[{"href":"https:\/\/bodegaoutdoor.cl\/store\/wp-json\/wp\/v2\/product\/20032","targetHints":{"allow":["GET"]}}],"collection":[{"href":"https:\/\/bodegaoutdoor.cl\/store\/wp-json\/wp\/v2\/product"}],"about":[{"href":"https:\/\/bodegaoutdoor.cl\/store\/wp-json\/wp\/v2\/types\/product"}],"replies":[{"embeddable":true,"href":"https:\/\/bodegaoutdoor.cl\/store\/wp-json\/wp\/v2\/comments?post=20032"}],"version-history":[{"count":1,"href":"https:\/\/bodegaoutdoor.cl\/store\/wp-json\/wp\/v2\/product\/20032\/revisions"}],"predecessor-version":[{"id":71158,"href":"https:\/\/bodegaoutdoor.cl\/store\/wp-json\/wp\/v2\/product\/20032\/revisions\/71158"}],"wp:featuredmedia":[{"embeddable":true,"href":"https:\/\/bodegaoutdoor.cl\/store\/wp-json\/wp\/v2\/media\/20035"}],"wp:attachment":[{"href":"https:\/\/bodegaoutdoor.cl\/store\/wp-json\/wp\/v2\/media?parent=20032"}],"wp:term":[{"taxonomy":"product_brand","embeddable":true,"href":"https:\/\/bodegaoutdoor.cl\/store\/wp-json\/wp\/v2\/product_brand?post=20032"},{"taxonomy":"product_cat","embeddable":true,"href":"https:\/\/bodegaoutdoor.cl\/store\/wp-json\/wp\/v2\/product_cat?post=20032"},{"taxonomy":"product_tag","embeddable":true,"href":"https:\/\/bodegaoutdoor.cl\/store\/wp-json\/wp\/v2\/product_tag?post=20032"}],"curies":[{"name":"wp","href":"https:\/\/api.w.org\/{rel}","templated":true}]}}