{"id":20249,"date":"2020-11-03T21:48:41","date_gmt":"2020-11-03T21:48:41","guid":{"rendered":"https:\/\/bodegaoutdoor.cl\/store\/?post_type=product&#038;p=20249"},"modified":"2023-05-04T19:19:13","modified_gmt":"2023-05-04T23:19:13","slug":"parka-termica-sintetica-sin-costuras-mujer","status":"publish","type":"product","link":"https:\/\/bodegaoutdoor.cl\/store\/product\/parka-termica-sintetica-sin-costuras-mujer\/","title":{"rendered":"Parka T\u00e9rmica Sint\u00e9tica Sin Costuras Mujer"},"content":{"rendered":"<p>Antes de elegir su talla le sugerimos revisar la(s) ultima(s) imagen(es) de la publicaci\u00f3n que corresponden a tabla(s) de tallas\/medidas estimadas.<\/p>\n<p>Caracter\u00edsticas:<\/p>\n<ul>\n<li>Dise\u00f1o moderno con bandas termoselladas<\/li>\n<li>Relleno: 100% fibra de poli\u00e9ster<\/li>\n<li>Tela Exterior: 100% poli\u00e9ster<\/li>\n<li>Forro: 100% poli\u00e9ster<\/li>\n<li>Pretina y pu\u00f1os con banda el\u00e1stica<\/li>\n<li>Bolsillos con cierre; 2 laterales y uno en pecho.<\/li>\n<\/ul>\n<p>&nbsp;<\/p>\n<p>Ventajas:<\/p>\n<ul>\n<li><em>Impermeable<\/em><\/li>\n<li><em>T\u00e9rmica<\/em><\/li>\n<li><em>Protecci\u00f3n Solar<\/em><\/li>\n<li><em>Antisucio<\/em><\/li>\n<li><em>Antiolor<\/em><\/li>\n<\/ul>\n<p>&nbsp;<\/p>\n\n    <div class=\"xs_social_share_widget xs_share_url after_content \t\tmain_content  wslu-style-1 wslu-share-box-shaped wslu-fill-colored wslu-none wslu-share-horizontal wslu-theme-font-no wslu-main_content\">\n\n\t\t\n        <ul>\n\t\t\t        <\/ul>\n    <\/div> \n","protected":false},"excerpt":{"rendered":"<p>Antes de elegir su talla le sugerimos revisar la(s) ultima(s) imagen(es) de la publicaci\u00f3n que corresponden a tabla(s) de tallas\/medidas estimadas. Caracter\u00edsticas: Dise\u00f1o moderno con bandas termoselladas Relleno: 100% fibra de poli\u00e9ster Tela Exterior: 100% poli\u00e9ster Forro: 100% poli\u00e9ster Pretina y pu\u00f1os con banda el\u00e1stica Bolsillos con cierre; 2 laterales y uno en pecho. &nbsp; [&hellip;]<\/p>\n","protected":false},"featured_media":20267,"comment_status":"open","ping_status":"closed","template":"","meta":{"jetpack_publicize_message":"","jetpack_publicize_feature_enabled":true,"jetpack_social_post_already_shared":true,"jetpack_social_options":{"image_generator_settings":{"template":"highway","enabled":false},"version":2}},"product_brand":[],"product_cat":[70,63],"product_tag":[1483,1282,1487,481,1484,1482],"class_list":{"0":"post-20249","1":"product","2":"type-product","3":"status-publish","4":"has-post-thumbnail","6":"product_cat-mujer-tercera","7":"product_cat-vestuario-mujer","8":"product_tag-chaqueta","9":"product_tag-impermeable","10":"product_tag-mujer","11":"product_tag-outdoor","12":"product_tag-parka","13":"product_tag-tercera-capa","15":"first","16":"instock","17":"sale","18":"taxable","19":"shipping-taxable","20":"purchasable","21":"product-type-variable"},"jetpack_publicize_connections":[],"jetpack_sharing_enabled":true,"_links":{"self":[{"href":"https:\/\/bodegaoutdoor.cl\/store\/wp-json\/wp\/v2\/product\/20249","targetHints":{"allow":["GET"]}}],"collection":[{"href":"https:\/\/bodegaoutdoor.cl\/store\/wp-json\/wp\/v2\/product"}],"about":[{"href":"https:\/\/bodegaoutdoor.cl\/store\/wp-json\/wp\/v2\/types\/product"}],"replies":[{"embeddable":true,"href":"https:\/\/bodegaoutdoor.cl\/store\/wp-json\/wp\/v2\/comments?post=20249"}],"version-history":[{"count":2,"href":"https:\/\/bodegaoutdoor.cl\/store\/wp-json\/wp\/v2\/product\/20249\/revisions"}],"predecessor-version":[{"id":71154,"href":"https:\/\/bodegaoutdoor.cl\/store\/wp-json\/wp\/v2\/product\/20249\/revisions\/71154"}],"wp:featuredmedia":[{"embeddable":true,"href":"https:\/\/bodegaoutdoor.cl\/store\/wp-json\/wp\/v2\/media\/20267"}],"wp:attachment":[{"href":"https:\/\/bodegaoutdoor.cl\/store\/wp-json\/wp\/v2\/media?parent=20249"}],"wp:term":[{"taxonomy":"product_brand","embeddable":true,"href":"https:\/\/bodegaoutdoor.cl\/store\/wp-json\/wp\/v2\/product_brand?post=20249"},{"taxonomy":"product_cat","embeddable":true,"href":"https:\/\/bodegaoutdoor.cl\/store\/wp-json\/wp\/v2\/product_cat?post=20249"},{"taxonomy":"product_tag","embeddable":true,"href":"https:\/\/bodegaoutdoor.cl\/store\/wp-json\/wp\/v2\/product_tag?post=20249"}],"curies":[{"name":"wp","href":"https:\/\/api.w.org\/{rel}","templated":true}]}}

Parka Térmica Sintética Sin Costuras Mujer

<p>Antes de elegir su talla le sugerimos revisar la(s) ultima(s) imagen(es) de la publicación que corresponden a tabla(s) de tallas/medidas estimadas.</p>
<p>Características:</p>
<ul>
<li>Diseño moderno con bandas termoselladas</li>
<li>Relleno: 100% fibra de poliéster</li>
<li>Tela Exterior: 100% poliéster</li>
<li>Forro: 100% poliéster</li>
<li>Pretina y puños con banda elástica</li>
<li>Bolsillos con cierre; 2 laterales y uno en pecho.</li>
</ul>
<p>&nbsp;</p>
<p>Ventajas:</p>
<ul>
<li><em>Impermeable</em></li>
<li><em>Térmica</em></li>
<li><em>Protección Solar</em></li>
<li><em>Antisucio</em></li>
<li><em>Antiolor</em></li>
</ul>
<p>&nbsp;</p>

    <div class="xs_social_share_widget xs_share_url after_content 		main_content  wslu-style-1 wslu-share-box-shaped wslu-fill-colored wslu-none wslu-share-horizontal wslu-theme-font-no wslu-main_content">

		
        <ul>
			        </ul>
    </div>

<p>Antes de elegir su talla le sugerimos revisar la(s) ultima(s) imagen(es) de la publicación que corresponden a tabla(s) de tallas/medidas estimadas. Características: Diseño moderno con bandas termoselladas Relleno: 100% fibra de poliéster Tela Exterior: 100% poliéster Forro: 100% poliéster Pretina y puños con banda elástica Bolsillos con cierre; 2 laterales y uno en pecho. &nbsp; [&hellip;]</p>
