{"id":20286,"date":"2020-11-03T22:43:52","date_gmt":"2020-11-03T22:43:52","guid":{"rendered":"https:\/\/bodegaoutdoor.cl\/store\/?post_type=product&#038;p=20286"},"modified":"2023-05-04T19:19:13","modified_gmt":"2023-05-04T23:19:13","slug":"polera-manga-larga-pique-dryfit-hombre","status":"publish","type":"product","link":"https:\/\/bodegaoutdoor.cl\/store\/product\/polera-manga-larga-pique-dryfit-hombre\/","title":{"rendered":"Polera Manga Larga Pique DryFit Hombre"},"content":{"rendered":"<p>Caracter\u00edsticas:<\/p>\n<ul>\n<li>Camiseta manga larga con cuello tipo piqu\u00e9<\/li>\n<li>Pude ser usada para el d\u00eda a d\u00eda y todo tipo de deportes<\/li>\n<li>Altamente flexible, se ajusta a la silueta del cuerpo<\/li>\n<li>Tres botones<\/li>\n<li>Ultra liviana<\/li>\n<li>Costuras Planas, reforzadas y sin bordes que evitan el roce<\/li>\n<li>Libera la humedad y seca r\u00e1pido<\/li>\n<li>Composici\u00f3n: 88% Fibra de Poli\u00e9ster 12% Spandex<\/li>\n<li>Tratamiento antimicrobiano que anula la formaci\u00f3n de bacterias<\/li>\n<\/ul>\n<p>&nbsp;<\/p>\n<p>Ventajas adicionales de la prenda:<\/p>\n<ul>\n<li><em>Secado R\u00e1pido<\/em><\/li>\n<li><em>Protecci\u00f3n Solar<\/em><\/li>\n<li><em>Respirable<\/em><\/li>\n<li><em>Antiolor<\/em><\/li>\n<li><em>T\u00e9rmica al ser usada como primera capa<\/em><\/li>\n<\/ul>\n<p><img fetchpriority=\"high\" decoding=\"async\" class=\"alignnone size-full wp-image-20293\" src=\"https:\/\/bodegaoutdoor.cl\/store\/wp-content\/uploads\/2020\/11\/verde.jpg\" alt=\"\" width=\"510\" height=\"510\" srcset=\"https:\/\/bodegaoutdoor.cl\/store\/wp-content\/uploads\/2020\/11\/verde.jpg 510w, https:\/\/bodegaoutdoor.cl\/store\/wp-content\/uploads\/2020\/11\/verde-300x300.jpg 300w, https:\/\/bodegaoutdoor.cl\/store\/wp-content\/uploads\/2020\/11\/verde-100x100.jpg 100w, https:\/\/bodegaoutdoor.cl\/store\/wp-content\/uploads\/2020\/11\/verde-150x150.jpg 150w\" sizes=\"(max-width: 510px) 100vw, 510px\" \/> <img decoding=\"async\" class=\"alignnone size-medium wp-image-20292\" src=\"https:\/\/bodegaoutdoor.cl\/store\/wp-content\/uploads\/2020\/11\/negro-2.jpg\" alt=\"\" width=\"510\" height=\"510\" srcset=\"https:\/\/bodegaoutdoor.cl\/store\/wp-content\/uploads\/2020\/11\/negro-2.jpg 510w, https:\/\/bodegaoutdoor.cl\/store\/wp-content\/uploads\/2020\/11\/negro-2-300x300.jpg 300w, https:\/\/bodegaoutdoor.cl\/store\/wp-content\/uploads\/2020\/11\/negro-2-100x100.jpg 100w, https:\/\/bodegaoutdoor.cl\/store\/wp-content\/uploads\/2020\/11\/negro-2-150x150.jpg 150w\" sizes=\"(max-width: 510px) 100vw, 510px\" \/> <img decoding=\"async\" class=\"alignnone size-medium wp-image-20291\" src=\"https:\/\/bodegaoutdoor.cl\/store\/wp-content\/uploads\/2020\/11\/MG-AZULM3-510x510-1.jpg\" alt=\"\" width=\"510\" height=\"510\" srcset=\"https:\/\/bodegaoutdoor.cl\/store\/wp-content\/uploads\/2020\/11\/MG-AZULM3-510x510-1.jpg 510w, https:\/\/bodegaoutdoor.cl\/store\/wp-content\/uploads\/2020\/11\/MG-AZULM3-510x510-1-300x300.jpg 300w, https:\/\/bodegaoutdoor.cl\/store\/wp-content\/uploads\/2020\/11\/MG-AZULM3-510x510-1-100x100.jpg 100w, https:\/\/bodegaoutdoor.cl\/store\/wp-content\/uploads\/2020\/11\/MG-AZULM3-510x510-1-150x150.jpg 150w\" sizes=\"(max-width: 510px) 100vw, 510px\" \/> <img loading=\"lazy\" decoding=\"async\" class=\"alignnone size-medium wp-image-20290\" src=\"https:\/\/bodegaoutdoor.cl\/store\/wp-content\/uploads\/2020\/11\/MG-AZULM2.jpg\" alt=\"\" width=\"1200\" height=\"1200\" srcset=\"https:\/\/bodegaoutdoor.cl\/store\/wp-content\/uploads\/2020\/11\/MG-AZULM2.jpg 1200w, https:\/\/bodegaoutdoor.cl\/store\/wp-content\/uploads\/2020\/11\/MG-AZULM2-300x300.jpg 300w, https:\/\/bodegaoutdoor.cl\/store\/wp-content\/uploads\/2020\/11\/MG-AZULM2-100x100.jpg 100w, https:\/\/bodegaoutdoor.cl\/store\/wp-content\/uploads\/2020\/11\/MG-AZULM2-600x600.jpg 600w, https:\/\/bodegaoutdoor.cl\/store\/wp-content\/uploads\/2020\/11\/MG-AZULM2-150x150.jpg 150w, https:\/\/bodegaoutdoor.cl\/store\/wp-content\/uploads\/2020\/11\/MG-AZULM2-768x768.jpg 768w\" sizes=\"(max-width: 1200px) 100vw, 1200px\" \/> <img loading=\"lazy\" decoding=\"async\" class=\"alignnone size-medium wp-image-20289\" src=\"https:\/\/bodegaoutdoor.cl\/store\/wp-content\/uploads\/2020\/11\/MG-AZULM1-510x510-1.jpg\" alt=\"\" width=\"510\" height=\"510\" srcset=\"https:\/\/bodegaoutdoor.cl\/store\/wp-content\/uploads\/2020\/11\/MG-AZULM1-510x510-1.jpg 510w, https:\/\/bodegaoutdoor.cl\/store\/wp-content\/uploads\/2020\/11\/MG-AZULM1-510x510-1-300x300.jpg 300w, https:\/\/bodegaoutdoor.cl\/store\/wp-content\/uploads\/2020\/11\/MG-AZULM1-510x510-1-100x100.jpg 100w, https:\/\/bodegaoutdoor.cl\/store\/wp-content\/uploads\/2020\/11\/MG-AZULM1-510x510-1-150x150.jpg 150w\" sizes=\"(max-width: 510px) 100vw, 510px\" \/> <img loading=\"lazy\" decoding=\"async\" class=\"alignnone size-full wp-image-20288\" src=\"https:\/\/bodegaoutdoor.cl\/store\/wp-content\/uploads\/2020\/11\/gris-1.jpg\" alt=\"\" width=\"510\" height=\"510\" srcset=\"https:\/\/bodegaoutdoor.cl\/store\/wp-content\/uploads\/2020\/11\/gris-1.jpg 510w, https:\/\/bodegaoutdoor.cl\/store\/wp-content\/uploads\/2020\/11\/gris-1-300x300.jpg 300w, https:\/\/bodegaoutdoor.cl\/store\/wp-content\/uploads\/2020\/11\/gris-1-100x100.jpg 100w, https:\/\/bodegaoutdoor.cl\/store\/wp-content\/uploads\/2020\/11\/gris-1-150x150.jpg 150w\" sizes=\"(max-width: 510px) 100vw, 510px\" \/><\/p>\n\n    <div class=\"xs_social_share_widget xs_share_url after_content \t\tmain_content  wslu-style-1 wslu-share-box-shaped wslu-fill-colored wslu-none wslu-share-horizontal wslu-theme-font-no wslu-main_content\">\n\n\t\t\n        <ul>\n\t\t\t        <\/ul>\n    <\/div> \n","protected":false},"excerpt":{"rendered":"<p>Caracter\u00edsticas: Camiseta manga larga con cuello tipo piqu\u00e9 Pude ser usada para el d\u00eda a d\u00eda y todo tipo de deportes Altamente flexible, se ajusta a la silueta del cuerpo Tres botones Ultra liviana Costuras Planas, reforzadas y sin bordes que evitan el roce Libera la humedad y seca r\u00e1pido Composici\u00f3n: 88% Fibra de Poli\u00e9ster [&hellip;]<\/p>\n","protected":false},"featured_media":20293,"comment_status":"open","ping_status":"closed","template":"","meta":{"jetpack_publicize_message":"","jetpack_publicize_feature_enabled":true,"jetpack_social_post_already_shared":true,"jetpack_social_options":{"image_generator_settings":{"template":"highway","enabled":false},"version":2}},"product_brand":[],"product_cat":[575,71,62],"product_tag":[157,1490,1488,1440,1489,1457],"class_list":{"0":"post-20286","1":"product","2":"type-product","3":"status-publish","4":"has-post-thumbnail","6":"product_cat-camisas-hombre","7":"product_cat-hombre-primera","8":"product_cat-vestuario-hombre","9":"product_tag-hombre","10":"product_tag-manga-larga","11":"product_tag-pique","12":"product_tag-polera","13":"product_tag-proteccion-uv","14":"product_tag-respirable","16":"first","17":"instock","18":"sale","19":"taxable","20":"shipping-taxable","21":"purchasable","22":"product-type-variable"},"jetpack_publicize_connections":[],"jetpack_sharing_enabled":true,"_links":{"self":[{"href":"https:\/\/bodegaoutdoor.cl\/store\/wp-json\/wp\/v2\/product\/20286","targetHints":{"allow":["GET"]}}],"collection":[{"href":"https:\/\/bodegaoutdoor.cl\/store\/wp-json\/wp\/v2\/product"}],"about":[{"href":"https:\/\/bodegaoutdoor.cl\/store\/wp-json\/wp\/v2\/types\/product"}],"replies":[{"embeddable":true,"href":"https:\/\/bodegaoutdoor.cl\/store\/wp-json\/wp\/v2\/comments?post=20286"}],"version-history":[{"count":2,"href":"https:\/\/bodegaoutdoor.cl\/store\/wp-json\/wp\/v2\/product\/20286\/revisions"}],"predecessor-version":[{"id":71153,"href":"https:\/\/bodegaoutdoor.cl\/store\/wp-json\/wp\/v2\/product\/20286\/revisions\/71153"}],"wp:featuredmedia":[{"embeddable":true,"href":"https:\/\/bodegaoutdoor.cl\/store\/wp-json\/wp\/v2\/media\/20293"}],"wp:attachment":[{"href":"https:\/\/bodegaoutdoor.cl\/store\/wp-json\/wp\/v2\/media?parent=20286"}],"wp:term":[{"taxonomy":"product_brand","embeddable":true,"href":"https:\/\/bodegaoutdoor.cl\/store\/wp-json\/wp\/v2\/product_brand?post=20286"},{"taxonomy":"product_cat","embeddable":true,"href":"https:\/\/bodegaoutdoor.cl\/store\/wp-json\/wp\/v2\/product_cat?post=20286"},{"taxonomy":"product_tag","embeddable":true,"href":"https:\/\/bodegaoutdoor.cl\/store\/wp-json\/wp\/v2\/product_tag?post=20286"}],"curies":[{"name":"wp","href":"https:\/\/api.w.org\/{rel}","templated":true}]}}

<p>Características:</p>
<ul>
<li>Camiseta manga larga con cuello tipo piqué</li>
<li>Pude ser usada para el día a día y todo tipo de deportes</li>
<li>Altamente flexible, se ajusta a la silueta del cuerpo</li>
<li>Tres botones</li>
<li>Ultra liviana</li>
<li>Costuras Planas, reforzadas y sin bordes que evitan el roce</li>
<li>Libera la humedad y seca rápido</li>
<li>Composición: 88% Fibra de Poliéster 12% Spandex</li>
<li>Tratamiento antimicrobiano que anula la formación de bacterias</li>
</ul>
<p>&nbsp;</p>
<p>Ventajas adicionales de la prenda:</p>
<ul>
<li><em>Secado Rápido</em></li>
<li><em>Protección Solar</em></li>
<li><em>Respirable</em></li>
<li><em>Antiolor</em></li>
<li><em>Térmica al ser usada como primera capa</em></li>
</ul>
<p><img fetchpriority="high" decoding="async" class="alignnone size-full wp-image-20293" src="https://bodegaoutdoor.cl/store/wp-content/uploads/2020/11/verde.jpg" alt="" width="510" height="510" srcset="https://bodegaoutdoor.cl/store/wp-content/uploads/2020/11/verde.jpg 510w, https://bodegaoutdoor.cl/store/wp-content/uploads/2020/11/verde-300x300.jpg 300w, https://bodegaoutdoor.cl/store/wp-content/uploads/2020/11/verde-100x100.jpg 100w, https://bodegaoutdoor.cl/store/wp-content/uploads/2020/11/verde-150x150.jpg 150w" sizes="(max-width: 510px) 100vw, 510px" /> <img decoding="async" class="alignnone size-medium wp-image-20292" src="https://bodegaoutdoor.cl/store/wp-content/uploads/2020/11/negro-2.jpg" alt="" width="510" height="510" srcset="https://bodegaoutdoor.cl/store/wp-content/uploads/2020/11/negro-2.jpg 510w, https://bodegaoutdoor.cl/store/wp-content/uploads/2020/11/negro-2-300x300.jpg 300w, https://bodegaoutdoor.cl/store/wp-content/uploads/2020/11/negro-2-100x100.jpg 100w, https://bodegaoutdoor.cl/store/wp-content/uploads/2020/11/negro-2-150x150.jpg 150w" sizes="(max-width: 510px) 100vw, 510px" /> <img decoding="async" class="alignnone size-medium wp-image-20291" src="https://bodegaoutdoor.cl/store/wp-content/uploads/2020/11/MG-AZULM3-510x510-1.jpg" alt="" width="510" height="510" srcset="https://bodegaoutdoor.cl/store/wp-content/uploads/2020/11/MG-AZULM3-510x510-1.jpg 510w, https://bodegaoutdoor.cl/store/wp-content/uploads/2020/11/MG-AZULM3-510x510-1-300x300.jpg 300w, https://bodegaoutdoor.cl/store/wp-content/uploads/2020/11/MG-AZULM3-510x510-1-100x100.jpg 100w, https://bodegaoutdoor.cl/store/wp-content/uploads/2020/11/MG-AZULM3-510x510-1-150x150.jpg 150w" sizes="(max-width: 510px) 100vw, 510px" /> <img loading="lazy" decoding="async" class="alignnone size-medium wp-image-20290" src="https://bodegaoutdoor.cl/store/wp-content/uploads/2020/11/MG-AZULM2.jpg" alt="" width="1200" height="1200" srcset="https://bodegaoutdoor.cl/store/wp-content/uploads/2020/11/MG-AZULM2.jpg 1200w, https://bodegaoutdoor.cl/store/wp-content/uploads/2020/11/MG-AZULM2-300x300.jpg 300w, https://bodegaoutdoor.cl/store/wp-content/uploads/2020/11/MG-AZULM2-100x100.jpg 100w, https://bodegaoutdoor.cl/store/wp-content/uploads/2020/11/MG-AZULM2-600x600.jpg 600w, https://bodegaoutdoor.cl/store/wp-content/uploads/2020/11/MG-AZULM2-150x150.jpg 150w, https://bodegaoutdoor.cl/store/wp-content/uploads/2020/11/MG-AZULM2-768x768.jpg 768w" sizes="(max-width: 1200px) 100vw, 1200px" /> <img loading="lazy" decoding="async" class="alignnone size-medium wp-image-20289" src="https://bodegaoutdoor.cl/store/wp-content/uploads/2020/11/MG-AZULM1-510x510-1.jpg" alt="" width="510" height="510" srcset="https://bodegaoutdoor.cl/store/wp-content/uploads/2020/11/MG-AZULM1-510x510-1.jpg 510w, https://bodegaoutdoor.cl/store/wp-content/uploads/2020/11/MG-AZULM1-510x510-1-300x300.jpg 300w, https://bodegaoutdoor.cl/store/wp-content/uploads/2020/11/MG-AZULM1-510x510-1-100x100.jpg 100w, https://bodegaoutdoor.cl/store/wp-content/uploads/2020/11/MG-AZULM1-510x510-1-150x150.jpg 150w" sizes="(max-width: 510px) 100vw, 510px" /> <img loading="lazy" decoding="async" class="alignnone size-full wp-image-20288" src="https://bodegaoutdoor.cl/store/wp-content/uploads/2020/11/gris-1.jpg" alt="" width="510" height="510" srcset="https://bodegaoutdoor.cl/store/wp-content/uploads/2020/11/gris-1.jpg 510w, https://bodegaoutdoor.cl/store/wp-content/uploads/2020/11/gris-1-300x300.jpg 300w, https://bodegaoutdoor.cl/store/wp-content/uploads/2020/11/gris-1-100x100.jpg 100w, https://bodegaoutdoor.cl/store/wp-content/uploads/2020/11/gris-1-150x150.jpg 150w" sizes="(max-width: 510px) 100vw, 510px" /></p>

    <div class="xs_social_share_widget xs_share_url after_content 		main_content  wslu-style-1 wslu-share-box-shaped wslu-fill-colored wslu-none wslu-share-horizontal wslu-theme-font-no wslu-main_content">

		
        <ul>
			        </ul>
    </div>

<p>Características: Camiseta manga larga con cuello tipo piqué Pude ser usada para el día a día y todo tipo de deportes Altamente flexible, se ajusta a la silueta del cuerpo Tres botones Ultra liviana Costuras Planas, reforzadas y sin bordes que evitan el roce Libera la humedad y seca rápido Composición: 88% Fibra de Poliéster [&hellip;]</p>
