{"id":20409,"date":"2020-11-04T17:03:37","date_gmt":"2020-11-04T17:03:37","guid":{"rendered":"https:\/\/bodegaoutdoor.cl\/store\/product\/juego-de-herramientas-plegable-para-supervivencia-en-el-coche-pala-hacha-cuchillo-para-acampada-senderismo-herramienta-de-jardin-al-aire-libre-multiusos\/"},"modified":"2023-05-04T19:19:12","modified_gmt":"2023-05-04T23:19:12","slug":"juego-de-herramientas-plegable-para-supervivencia-en-el-coche-pala-hacha-cuchillo-para-acampada-senderismo-herramienta-de-jardin-al-aire-libre-multiusos","status":"publish","type":"product","link":"https:\/\/bodegaoutdoor.cl\/store\/product\/juego-de-herramientas-plegable-para-supervivencia-en-el-coche-pala-hacha-cuchillo-para-acampada-senderismo-herramienta-de-jardin-al-aire-libre-multiusos\/","title":{"rendered":"Set Herramientas plegable para supervivencia pala hacha, cuchillo para acampada, senderismo, herramienta de jard\u00edn al aire libre, multiusos"},"content":{"rendered":"<p><b>Descripci\u00f3n:<\/b><\/p>\n<p>4 en 1, cuchillo de supervivencia para acampar, senderismo, pala hacha, sierra, equipo de emergencia, kit de herramientas de preparaci\u00f3n.<br \/>\nLongitud total de 18,31 pulgadas (mango con cabezal de pala).<br \/>\nHecho de acero al carbono de calidad que es de alta resistencia y resistente al desgaste; El mango, la pala de camping es pr\u00e1ctica, funcionalidad y seguridad.<br \/>\nEl juego de pala hacha es una gran innovaci\u00f3n para el aventurero. En comparaci\u00f3n con otras pala, viene con un hacha de supervivencia que permite al cliente reemplazar las herramientas de la pala o el hacha para satisfacer sus diferentes necesidades.<br \/>\nEl montaje es necesario, gracias a la funci\u00f3n desmontable, es m\u00e1s c\u00f3modo de llevar para acampar, mochilero. Viene con una bolsa de tienda, tambi\u00e9n ser\u00eda un kit de supervivencia de emergencia de coche decente sin tomar mucho espacio.<\/p>\n<p><b>Especificaci\u00f3n:<\/b><\/p>\n<p>Material: acero inoxidable<\/p>\n<p>Tama\u00f1o del mango: 32.2x 4x 4cm\/12,68&#215;1,57&#215;1,57 pulgadas<br \/>\nManejar VI tama\u00f1o: 51.7x 4x 4cm\/20.35x 1.57x 1.57in<br \/>\nTama\u00f1o del mango del cuchillo: 50.5x 4x 4cm\/19,88&#215;1,57&#215;1,57 pulgadas<br \/>\nCon tama\u00f1o de la pala: 45x 11.7x 4cm\/17,72&#215;4,61 x 1.57in<br \/>\nTama\u00f1o del mango del hacha: 35cm x 13x 4cm\/13,78&#215;5,12&#215;1,57 pulgadas<br \/>\nBolsa de almacenamiento: 20x 15cm\/7.87x 5,91 pulgadas<\/p>\n<p><b>El paquete incluye:<\/b><\/p>\n<p>1 pieza de la manija<br \/>\nCabezal de pala de 1 pieza<br \/>\n1 pieza cabeza de hacha<br \/>\nCuchilla multifunci\u00f3n de 1 pieza<br \/>\n1 hoja de sierra<br \/>\n1 bolsa de almacenamiento<\/p>\n<p><b>Nota:<\/b><\/p>\n<p>Por favor, permita una ligera diferencia debido a la medida de manua l.<br \/>\nEl Color puede ser ligeramente diferente ya que cada monitor. \u00a1Gracias!<\/p>\n<p><span style=\"font-size: 16px;\"><img fetchpriority=\"high\" decoding=\"async\" title=\"Juego de Herramientas plegable para supervivencia en el coche, pala hacha, cuchillo para acampada, senderismo, herramienta de jard\u00edn al aire libre, multiusos\" src=\"https:\/\/bodegaoutdoor.cl\/store\/wp-content\/uploads\/2020\/11\/20409-ktbkxh.jpg\" alt=\"Juego de Herramientas plegable para supervivencia en el coche, pala hacha, cuchillo para acampada, senderismo, herramienta de jard\u00edn al aire libre, multiusos\" width=\"1024\" height=\"1024\" \/><\/span><\/p>\n<p><span style=\"font-size: 16px;\"><img decoding=\"async\" title=\"Juego de Herramientas plegable para supervivencia en el coche, pala hacha, cuchillo para acampada, senderismo, herramienta de jard\u00edn al aire libre, multiusos\" src=\"https:\/\/bodegaoutdoor.cl\/store\/wp-content\/uploads\/2020\/11\/20409-l5lvqs.jpg\" alt=\"Juego de Herramientas plegable para supervivencia en el coche, pala hacha, cuchillo para acampada, senderismo, herramienta de jard\u00edn al aire libre, multiusos\" width=\"1024\" height=\"1024\" \/><\/span><\/p>\n<p><span style=\"font-size: 16px;\"><img decoding=\"async\" title=\"Juego de Herramientas plegable para supervivencia en el coche, pala hacha, cuchillo para acampada, senderismo, herramienta de jard\u00edn al aire libre, multiusos\" src=\"https:\/\/bodegaoutdoor.cl\/store\/wp-content\/uploads\/2020\/11\/20409-b94wyh.jpg\" alt=\"Juego de Herramientas plegable para supervivencia en el coche, pala hacha, cuchillo para acampada, senderismo, herramienta de jard\u00edn al aire libre, multiusos\" width=\"1024\" height=\"1024\" \/><\/span><\/p>\n<p><span style=\"font-size: 16px;\"><img loading=\"lazy\" decoding=\"async\" title=\"Juego de Herramientas plegable para supervivencia en el coche, pala hacha, cuchillo para acampada, senderismo, herramienta de jard\u00edn al aire libre, multiusos\" src=\"https:\/\/bodegaoutdoor.cl\/store\/wp-content\/uploads\/2020\/11\/20409-cioabo.jpg\" alt=\"Juego de Herramientas plegable para supervivencia en el coche, pala hacha, cuchillo para acampada, senderismo, herramienta de jard\u00edn al aire libre, multiusos\" width=\"1024\" height=\"1024\" \/><\/span><\/p>\n<p><span style=\"font-size: 16px;\"><img loading=\"lazy\" decoding=\"async\" title=\"Juego de Herramientas plegable para supervivencia en el coche, pala hacha, cuchillo para acampada, senderismo, herramienta de jard\u00edn al aire libre, multiusos\" src=\"https:\/\/bodegaoutdoor.cl\/store\/wp-content\/uploads\/2020\/11\/20409-pi5oai.jpg\" alt=\"Juego de Herramientas plegable para supervivencia en el coche, pala hacha, cuchillo para acampada, senderismo, herramienta de jard\u00edn al aire libre, multiusos\" width=\"1024\" height=\"1024\" \/><\/span><\/p>\n<p><span style=\"font-size: 16px;\"><img loading=\"lazy\" decoding=\"async\" title=\"Juego de Herramientas plegable para supervivencia en el coche, pala hacha, cuchillo para acampada, senderismo, herramienta de jard\u00edn al aire libre, multiusos\" src=\"https:\/\/bodegaoutdoor.cl\/store\/wp-content\/uploads\/2020\/11\/20409-dx3xra.jpg\" alt=\"Juego de Herramientas plegable para supervivencia en el coche, pala hacha, cuchillo para acampada, senderismo, herramienta de jard\u00edn al aire libre, multiusos\" width=\"1024\" height=\"1024\" \/><\/span><\/p>\n<p><span style=\"font-size: 16px;\"><img loading=\"lazy\" decoding=\"async\" title=\"Juego de Herramientas plegable para supervivencia en el coche, pala hacha, cuchillo para acampada, senderismo, herramienta de jard\u00edn al aire libre, multiusos\" src=\"https:\/\/bodegaoutdoor.cl\/store\/wp-content\/uploads\/2020\/11\/20409-mysvzj.jpg\" alt=\"Juego de Herramientas plegable para supervivencia en el coche, pala hacha, cuchillo para acampada, senderismo, herramienta de jard\u00edn al aire libre, multiusos\" width=\"1024\" height=\"1024\" \/><\/span><\/p>\n<p><span style=\"font-size: 16px;\"><img loading=\"lazy\" decoding=\"async\" title=\"Juego de Herramientas plegable para supervivencia en el coche, pala hacha, cuchillo para acampada, senderismo, herramienta de jard\u00edn al aire libre, multiusos\" src=\"https:\/\/bodegaoutdoor.cl\/store\/wp-content\/uploads\/2020\/11\/20409-b6nkab.jpg\" alt=\"Juego de Herramientas plegable para supervivencia en el coche, pala hacha, cuchillo para acampada, senderismo, herramienta de jard\u00edn al aire libre, multiusos\" width=\"1024\" height=\"1024\" \/><\/span><\/p>\n<p><span style=\"font-size: 16px;\"><img loading=\"lazy\" decoding=\"async\" title=\"Juego de Herramientas plegable para supervivencia en el coche, pala hacha, cuchillo para acampada, senderismo, herramienta de jard\u00edn al aire libre, multiusos\" src=\"https:\/\/bodegaoutdoor.cl\/store\/wp-content\/uploads\/2020\/11\/20409-tecqkt.jpg\" alt=\"Juego de Herramientas plegable para supervivencia en el coche, pala hacha, cuchillo para acampada, senderismo, herramienta de jard\u00edn al aire libre, multiusos\" width=\"1024\" height=\"1024\" \/><\/span><\/p>\n<p><span style=\"font-size: 16px;\"><img loading=\"lazy\" decoding=\"async\" title=\"Juego de Herramientas plegable para supervivencia en el coche, pala hacha, cuchillo para acampada, senderismo, herramienta de jard\u00edn al aire libre, multiusos\" src=\"https:\/\/bodegaoutdoor.cl\/store\/wp-content\/uploads\/2020\/11\/20409-clnrw3.jpg\" alt=\"Juego de Herramientas plegable para supervivencia en el coche, pala hacha, cuchillo para acampada, senderismo, herramienta de jard\u00edn al aire libre, multiusos\" width=\"1024\" height=\"1024\" \/><\/span><\/p>\n<p><span style=\"font-size: 16px;\"><img loading=\"lazy\" decoding=\"async\" title=\"Juego de Herramientas plegable para supervivencia en el coche, pala hacha, cuchillo para acampada, senderismo, herramienta de jard\u00edn al aire libre, multiusos\" src=\"https:\/\/bodegaoutdoor.cl\/store\/wp-content\/uploads\/2020\/11\/20409-uwt83u.jpg\" alt=\"Juego de Herramientas plegable para supervivencia en el coche, pala hacha, cuchillo para acampada, senderismo, herramienta de jard\u00edn al aire libre, multiusos\" width=\"1024\" height=\"1024\" \/><\/span><\/p>\n<p><span style=\"font-size: 16px;\"><img loading=\"lazy\" decoding=\"async\" title=\"Juego de Herramientas plegable para supervivencia en el coche, pala hacha, cuchillo para acampada, senderismo, herramienta de jard\u00edn al aire libre, multiusos\" src=\"https:\/\/bodegaoutdoor.cl\/store\/wp-content\/uploads\/2020\/11\/20409-wqygiq.jpg\" alt=\"Juego de Herramientas plegable para supervivencia en el coche, pala hacha, cuchillo para acampada, senderismo, herramienta de jard\u00edn al aire libre, multiusos\" width=\"1024\" height=\"1024\" \/><\/span><\/p>\n<p><span style=\"font-size: 16px;\"><img loading=\"lazy\" decoding=\"async\" title=\"Juego de Herramientas plegable para supervivencia en el coche, pala hacha, cuchillo para acampada, senderismo, herramienta de jard\u00edn al aire libre, multiusos\" src=\"https:\/\/bodegaoutdoor.cl\/store\/wp-content\/uploads\/2020\/11\/20409-op1lmg.jpg\" alt=\"Juego de Herramientas plegable para supervivencia en el coche, pala hacha, cuchillo para acampada, senderismo, herramienta de jard\u00edn al aire libre, multiusos\" width=\"1024\" height=\"1024\" \/><\/span><\/p>\n<p><span style=\"font-size: 16px;\"><img loading=\"lazy\" decoding=\"async\" title=\"Juego de Herramientas plegable para supervivencia en el coche, pala hacha, cuchillo para acampada, senderismo, herramienta de jard\u00edn al aire libre, multiusos\" src=\"https:\/\/bodegaoutdoor.cl\/store\/wp-content\/uploads\/2020\/11\/20409-rucslk.jpg\" alt=\"Juego de Herramientas plegable para supervivencia en el coche, pala hacha, cuchillo para acampada, senderismo, herramienta de jard\u00edn al aire libre, multiusos\" width=\"1024\" height=\"1024\" \/><\/span><\/p>\n<p><span style=\"font-size: 16px;\"><img loading=\"lazy\" decoding=\"async\" title=\"Juego de Herramientas plegable para supervivencia en el coche, pala hacha, cuchillo para acampada, senderismo, herramienta de jard\u00edn al aire libre, multiusos\" src=\"https:\/\/bodegaoutdoor.cl\/store\/wp-content\/uploads\/2020\/11\/20409-3a46lm.jpg\" alt=\"Juego de Herramientas plegable para supervivencia en el coche, pala hacha, cuchillo para acampada, senderismo, herramienta de jard\u00edn al aire libre, multiusos\" width=\"1024\" height=\"1024\" \/><\/span><\/p>\n<p><span style=\"font-size: 16px;\"><img loading=\"lazy\" decoding=\"async\" title=\"Juego de Herramientas plegable para supervivencia en el coche, pala hacha, cuchillo para acampada, senderismo, herramienta de jard\u00edn al aire libre, multiusos\" src=\"https:\/\/bodegaoutdoor.cl\/store\/wp-content\/uploads\/2020\/11\/20409-dc2dnq.jpg\" alt=\"Juego de Herramientas plegable para supervivencia en el coche, pala hacha, cuchillo para acampada, senderismo, herramienta de jard\u00edn al aire libre, multiusos\" width=\"1024\" height=\"1024\" \/><\/span><\/p>\n\n    <div class=\"xs_social_share_widget xs_share_url after_content \t\tmain_content  wslu-style-1 wslu-share-box-shaped wslu-fill-colored wslu-none wslu-share-horizontal wslu-theme-font-no wslu-main_content\">\n\n\t\t\n        <ul>\n\t\t\t        <\/ul>\n    <\/div> \n","protected":false},"excerpt":{"rendered":"<p><span style=\"color: #ff0000;\">PRECIO MAYOR M\u00cdNIMO 3 UNIDADES\u00a0 $ 15.000 c\/u<\/span><\/p>\n","protected":false},"featured_media":20411,"comment_status":"open","ping_status":"closed","template":"","meta":{"jetpack_publicize_message":"","jetpack_publicize_feature_enabled":true,"jetpack_social_post_already_shared":true,"jetpack_social_options":{"image_generator_settings":{"template":"highway","enabled":false},"version":2}},"product_brand":[],"product_cat":[64],"product_tag":[483,2164,2162,2163,2165],"class_list":{"0":"post-20409","1":"product","2":"type-product","3":"status-publish","4":"has-post-thumbnail","6":"product_cat-accessories","7":"product_tag-camping","8":"product_tag-cuchillo","9":"product_tag-herramienta","10":"product_tag-pala","11":"product_tag-sierra","13":"first","14":"instock","15":"taxable","16":"shipping-taxable","17":"purchasable","18":"product-type-simple"},"jetpack_publicize_connections":[],"jetpack_sharing_enabled":true,"_links":{"self":[{"href":"https:\/\/bodegaoutdoor.cl\/store\/wp-json\/wp\/v2\/product\/20409","targetHints":{"allow":["GET"]}}],"collection":[{"href":"https:\/\/bodegaoutdoor.cl\/store\/wp-json\/wp\/v2\/product"}],"about":[{"href":"https:\/\/bodegaoutdoor.cl\/store\/wp-json\/wp\/v2\/types\/product"}],"replies":[{"embeddable":true,"href":"https:\/\/bodegaoutdoor.cl\/store\/wp-json\/wp\/v2\/comments?post=20409"}],"version-history":[{"count":2,"href":"https:\/\/bodegaoutdoor.cl\/store\/wp-json\/wp\/v2\/product\/20409\/revisions"}],"predecessor-version":[{"id":71147,"href":"https:\/\/bodegaoutdoor.cl\/store\/wp-json\/wp\/v2\/product\/20409\/revisions\/71147"}],"wp:featuredmedia":[{"embeddable":true,"href":"https:\/\/bodegaoutdoor.cl\/store\/wp-json\/wp\/v2\/media\/20411"}],"wp:attachment":[{"href":"https:\/\/bodegaoutdoor.cl\/store\/wp-json\/wp\/v2\/media?parent=20409"}],"wp:term":[{"taxonomy":"product_brand","embeddable":true,"href":"https:\/\/bodegaoutdoor.cl\/store\/wp-json\/wp\/v2\/product_brand?post=20409"},{"taxonomy":"product_cat","embeddable":true,"href":"https:\/\/bodegaoutdoor.cl\/store\/wp-json\/wp\/v2\/product_cat?post=20409"},{"taxonomy":"product_tag","embeddable":true,"href":"https:\/\/bodegaoutdoor.cl\/store\/wp-json\/wp\/v2\/product_tag?post=20409"}],"curies":[{"name":"wp","href":"https:\/\/api.w.org\/{rel}","templated":true}]}}