{"id":21979,"date":"2020-12-11T13:41:46","date_gmt":"2020-12-11T13:41:46","guid":{"rendered":"https:\/\/bodegaoutdoor.cl\/store\/product\/mosqueton-de-escalada-12kn-en-forma-de-d-cerradura-de-seguridad-equipo-de-escalada-profesional-cerradura-de-seguridad-accesorios-de-escalada-al-aire-libre\/"},"modified":"2023-05-04T19:19:10","modified_gmt":"2023-05-04T23:19:10","slug":"mosqueton-de-escalada-12kn-en-forma-de-d-cerradura-equipo-de-escalada-profesional","status":"publish","type":"product","link":"https:\/\/bodegaoutdoor.cl\/store\/product\/mosqueton-de-escalada-12kn-en-forma-de-d-cerradura-equipo-de-escalada-profesional\/","title":{"rendered":"Mosquet\u00f3n de escalada 12KN en forma de D, cerradura, equipo de escalada profesional"},"content":{"rendered":"<p style=\"text-align: center;\"><video style=\"max-width: 100%;\" src=\"\/\/cloud.video.taobao.com\/play\/u\/3216465882\/p\/1\/e\/6\/t\/10301\/274536186068.mp4\" poster=\"https:\/\/ae01.alicdn.com\/kf\/H7b6eefa3fcd34e6e85888c30b2d9a31bs\/Mosquet-n-de-escalada-12KN-en-forma-de-D-cerradura-de-seguridad-equipo-de-escalada-profesional.jpg,https:\/\/ae01.alicdn.com\/kf\/H99db51f1a00b40efa574b9386429afa8i\/Mosquet-n-de-escalada-12KN-en-forma-de-D-cerradura-de-seguridad-equipo-de-escalada-profesional.jpg,https:\/\/ae01.alicdn.com\/kf\/HLB1KwlIVmzqK1RjSZFjq6zlCFXal\/Mosquet-n-de-escalada-12KN-en-forma-de-D-cerradura-de-seguridad-equipo-de-escalada-profesional.jpg,https:\/\/ae01.alicdn.com\/kf\/HLB1jkpJVgHqK1RjSZFgq6y7JXXac\/Mosquet-n-de-escalada-12KN-en-forma-de-D-cerradura-de-seguridad-equipo-de-escalada-profesional.jpg,https:\/\/ae01.alicdn.com\/kf\/HLB1GkpJVgHqK1RjSZFgq6y7JXXaL\/Mosquet-n-de-escalada-12KN-en-forma-de-D-cerradura-de-seguridad-equipo-de-escalada-profesional.jpg,https:\/\/ae01.alicdn.com\/kf\/H5fda3b86d5f1459587971c6f4cd344d0V\/Mosquet-n-de-escalada-12KN-en-forma-de-D-cerradura-de-seguridad-equipo-de-escalada-profesional.jpg\" preload=\"auto\" controls=\"controls\" width=\"100%\" height=\"100%\"><\/video><\/p>\n<div>\n<div>\n<div><\/div>\n<\/div>\n<\/div>\n<div><\/div>\n<div>\n<table border=\"0\" width=\"100%\" cellspacing=\"0\" cellpadding=\"0\">\n<tbody>\n<tr>\n<td>\n<div>\n<p><img decoding=\"async\" title=\"Mosquet\u00f3n de escalada 12KN en forma de D, cerradura de seguridad, equipo de escalada profesional, cerradura de seguridad, accesorios de escalada al aire libre\" src=\"https:\/\/bodegaoutdoor.cl\/store\/wp-content\/uploads\/2020\/12\/21979-wumcin.jpg\" alt=\"Mosquet\u00f3n de escalada 12KN en forma de D, cerradura de seguridad, equipo de escalada profesional, cerradura de seguridad, accesorios de escalada al aire libre\" width=\"100%\" height=\"auto\" \/><\/p>\n<\/div>\n<div style=\"padding: 15px;\" align=\"left\"><strong>Mosquet\u00f3n profesional forma D 12\/25KN hebilla de escalada en roca cerradura maestra de seguridad Monta\u00f1ismo al aire libre equipo de espeleolog\u00eda<\/strong><\/div>\n<div style=\"padding: 15px;\" align=\"left\">\n<p><strong>Especificaciones:<\/strong><\/p>\n<p>Color:<br \/>\nNegroAzul orange<\/p>\n<p>Material: aluminio de aviaci\u00f3n 7075<\/p>\n<p>Peso: aprox. 62g<\/p>\n<p>Tama\u00f1o: 100*58mm\/3,94*2,28&#8243;<\/p>\n<p>Apertura: 16mm\/0,63 pulgadas<\/p>\n<p>Tracci\u00f3n Longitudinal: alrededor de 25kN (2500kg)<\/p>\n<p>Tensi\u00f3n transversal: aprox. 7KN (700kg)<\/p>\n<p>\u00c1mbito de aplicaci\u00f3n: escalada en monta\u00f1a, expansi\u00f3n, ca\u00edda de velocidad, operaci\u00f3n a gran altura, protecci\u00f3n de ingenier\u00eda, etc.<strong>Notas:<\/strong><\/p>\n<p>1. Permite una desviaci\u00f3n de 1-3cm debido a la medici\u00f3n manual.<\/p>\n<p>2. Debido a los diferentes monitores y efectos de la luz, el color real del art\u00edculo puede ser ligeramente diferente al color mostrado en las im\u00e1genes. \u00a1Gracias!<\/p>\n<\/div>\n<div><img decoding=\"async\" title=\"Mosquet\u00f3n de escalada 12KN en forma de D, cerradura de seguridad, equipo de escalada profesional, cerradura de seguridad, accesorios de escalada al aire libre\" src=\"https:\/\/bodegaoutdoor.cl\/store\/wp-content\/uploads\/2020\/12\/21979-9svwbw.jpg\" alt=\"Mosquet\u00f3n de escalada 12KN en forma de D, cerradura de seguridad, equipo de escalada profesional, cerradura de seguridad, accesorios de escalada al aire libre\" width=\"100%\" height=\"auto\" \/><\/div>\n<div style=\"padding: 15px;\">1 X Twistlock<\/div>\n<div><img decoding=\"async\" title=\"Mosquet\u00f3n de escalada 12KN en forma de D, cerradura de seguridad, equipo de escalada profesional, cerradura de seguridad, accesorios de escalada al aire libre\" src=\"https:\/\/bodegaoutdoor.cl\/store\/wp-content\/uploads\/2020\/12\/21979-fizcrj.jpg\" alt=\"Mosquet\u00f3n de escalada 12KN en forma de D, cerradura de seguridad, equipo de escalada profesional, cerradura de seguridad, accesorios de escalada al aire libre\" width=\"100%\" height=\"auto\" \/><\/div>\n<div style=\"text-align: center;\"><img decoding=\"async\" title=\"Mosquet\u00f3n de escalada 12KN en forma de D, cerradura de seguridad, equipo de escalada profesional, cerradura de seguridad, accesorios de escalada al aire libre\" src=\"https:\/\/bodegaoutdoor.cl\/store\/wp-content\/uploads\/2020\/12\/21979-bzdvqe.jpg\" alt=\"Mosquet\u00f3n de escalada 12KN en forma de D, cerradura de seguridad, equipo de escalada profesional, cerradura de seguridad, accesorios de escalada al aire libre\" width=\"798px\" \/><br \/>\n<img decoding=\"async\" title=\"Mosquet\u00f3n de escalada 12KN en forma de D, cerradura de seguridad, equipo de escalada profesional, cerradura de seguridad, accesorios de escalada al aire libre\" src=\"https:\/\/bodegaoutdoor.cl\/store\/wp-content\/uploads\/2020\/12\/21979-fgl9uj.jpg\" alt=\"Mosquet\u00f3n de escalada 12KN en forma de D, cerradura de seguridad, equipo de escalada profesional, cerradura de seguridad, accesorios de escalada al aire libre\" width=\"798px\" \/><br \/>\n<img decoding=\"async\" title=\"Mosquet\u00f3n de escalada 12KN en forma de D, cerradura de seguridad, equipo de escalada profesional, cerradura de seguridad, accesorios de escalada al aire libre\" src=\"https:\/\/bodegaoutdoor.cl\/store\/wp-content\/uploads\/2020\/12\/21979-kv5zkv.jpg\" alt=\"Mosquet\u00f3n de escalada 12KN en forma de D, cerradura de seguridad, equipo de escalada profesional, cerradura de seguridad, accesorios de escalada al aire libre\" width=\"798px\" \/><br \/>\n<img decoding=\"async\" title=\"Mosquet\u00f3n de escalada 12KN en forma de D, cerradura de seguridad, equipo de escalada profesional, cerradura de seguridad, accesorios de escalada al aire libre\" src=\"https:\/\/bodegaoutdoor.cl\/store\/wp-content\/uploads\/2020\/12\/21979-5krg9w.jpg\" alt=\"Mosquet\u00f3n de escalada 12KN en forma de D, cerradura de seguridad, equipo de escalada profesional, cerradura de seguridad, accesorios de escalada al aire libre\" width=\"798px\" \/><br \/>\n<img decoding=\"async\" title=\"Mosquet\u00f3n de escalada 12KN en forma de D, cerradura de seguridad, equipo de escalada profesional, cerradura de seguridad, accesorios de escalada al aire libre\" src=\"https:\/\/bodegaoutdoor.cl\/store\/wp-content\/uploads\/2020\/12\/21979-law10k.jpg\" alt=\"Mosquet\u00f3n de escalada 12KN en forma de D, cerradura de seguridad, equipo de escalada profesional, cerradura de seguridad, accesorios de escalada al aire libre\" width=\"798px\" \/><br \/>\n<img decoding=\"async\" title=\"Mosquet\u00f3n de escalada 12KN en forma de D, cerradura de seguridad, equipo de escalada profesional, cerradura de seguridad, accesorios de escalada al aire libre\" src=\"https:\/\/bodegaoutdoor.cl\/store\/wp-content\/uploads\/2020\/12\/21979-xusngy.jpg\" alt=\"Mosquet\u00f3n de escalada 12KN en forma de D, cerradura de seguridad, equipo de escalada profesional, cerradura de seguridad, accesorios de escalada al aire libre\" width=\"798px\" \/><br \/>\n<img decoding=\"async\" title=\"Mosquet\u00f3n de escalada 12KN en forma de D, cerradura de seguridad, equipo de escalada profesional, cerradura de seguridad, accesorios de escalada al aire libre\" src=\"https:\/\/bodegaoutdoor.cl\/store\/wp-content\/uploads\/2020\/12\/21979-nabmej.jpg\" alt=\"Mosquet\u00f3n de escalada 12KN en forma de D, cerradura de seguridad, equipo de escalada profesional, cerradura de seguridad, accesorios de escalada al aire libre\" width=\"798px\" \/><br \/>\n<img decoding=\"async\" title=\"Mosquet\u00f3n de escalada 12KN en forma de D, cerradura de seguridad, equipo de escalada profesional, cerradura de seguridad, accesorios de escalada al aire libre\" src=\"https:\/\/bodegaoutdoor.cl\/store\/wp-content\/uploads\/2020\/12\/21979-lbtfwq.jpg\" alt=\"Mosquet\u00f3n de escalada 12KN en forma de D, cerradura de seguridad, equipo de escalada profesional, cerradura de seguridad, accesorios de escalada al aire libre\" width=\"798px\" \/><br \/>\n<img decoding=\"async\" title=\"Mosquet\u00f3n de escalada 12KN en forma de D, cerradura de seguridad, equipo de escalada profesional, cerradura de seguridad, accesorios de escalada al aire libre\" src=\"https:\/\/bodegaoutdoor.cl\/store\/wp-content\/uploads\/2020\/12\/21979-xpxkxn.jpg\" alt=\"Mosquet\u00f3n de escalada 12KN en forma de D, cerradura de seguridad, equipo de escalada profesional, cerradura de seguridad, accesorios de escalada al aire libre\" width=\"798px\" \/><br \/>\n<img decoding=\"async\" title=\"Mosquet\u00f3n de escalada 12KN en forma de D, cerradura de seguridad, equipo de escalada profesional, cerradura de seguridad, accesorios de escalada al aire libre\" src=\"https:\/\/bodegaoutdoor.cl\/store\/wp-content\/uploads\/2020\/12\/21979-5upecb.jpg\" alt=\"Mosquet\u00f3n de escalada 12KN en forma de D, cerradura de seguridad, equipo de escalada profesional, cerradura de seguridad, accesorios de escalada al aire libre\" width=\"798px\" \/><br \/>\n<img decoding=\"async\" title=\"Mosquet\u00f3n de escalada 12KN en forma de D, cerradura de seguridad, equipo de escalada profesional, cerradura de seguridad, accesorios de escalada al aire libre\" src=\"https:\/\/bodegaoutdoor.cl\/store\/wp-content\/uploads\/2020\/12\/21979-rv5olr.jpg\" alt=\"Mosquet\u00f3n de escalada 12KN en forma de D, cerradura de seguridad, equipo de escalada profesional, cerradura de seguridad, accesorios de escalada al aire libre\" width=\"798px\" \/><br \/>\n<img decoding=\"async\" title=\"Mosquet\u00f3n de escalada 12KN en forma de D, cerradura de seguridad, equipo de escalada profesional, cerradura de seguridad, accesorios de escalada al aire libre\" src=\"https:\/\/bodegaoutdoor.cl\/store\/wp-content\/uploads\/2020\/12\/21979-obvw8h.jpg\" alt=\"Mosquet\u00f3n de escalada 12KN en forma de D, cerradura de seguridad, equipo de escalada profesional, cerradura de seguridad, accesorios de escalada al aire libre\" width=\"798px\" \/><\/div>\n<div><\/div>\n<\/td>\n<\/tr>\n<\/tbody>\n<\/table>\n<\/div>\n<div><\/div>\n<div>\n<div>\n<div><\/div>\n<\/div>\n<\/div>\n\n    <div class=\"xs_social_share_widget xs_share_url after_content \t\tmain_content  wslu-style-1 wslu-share-box-shaped wslu-fill-colored wslu-none wslu-share-horizontal wslu-theme-font-no wslu-main_content\">\n\n\t\t\n        <ul>\n\t\t\t        <\/ul>\n    <\/div> \n","protected":false},"excerpt":{"rendered":"<p>Mosquet\u00f3n profesional forma D 12\/25KN hebilla de escalada en roca cerradura maestra de seguridad Monta\u00f1ismo al aire libre equipo de espeleolog\u00eda Especificaciones: Color: NegroAzul orange Material: aluminio de aviaci\u00f3n 7075 Peso: aprox. 62g Tama\u00f1o: 100*58mm\/3,94*2,28&#8243; Apertura: 16mm\/0,63 pulgadas Tracci\u00f3n Longitudinal: alrededor de 25kN (2500kg) Tensi\u00f3n transversal: aprox. 7KN (700kg) \u00c1mbito de aplicaci\u00f3n: escalada en monta\u00f1a, [&hellip;]<\/p>\n","protected":false},"featured_media":22032,"comment_status":"open","ping_status":"closed","template":"","meta":{"jetpack_publicize_message":"","jetpack_publicize_feature_enabled":true,"jetpack_social_post_already_shared":true,"jetpack_social_options":{"image_generator_settings":{"template":"highway","enabled":false},"version":2}},"product_brand":[],"product_cat":[64,1647],"product_tag":[],"class_list":{"0":"post-21979","1":"product","2":"type-product","3":"status-publish","4":"has-post-thumbnail","6":"product_cat-accessories","7":"product_cat-escalada","9":"first","10":"instock","11":"sale","12":"taxable","13":"shipping-taxable","14":"purchasable","15":"product-type-variable"},"jetpack_publicize_connections":[],"jetpack_sharing_enabled":true,"_links":{"self":[{"href":"https:\/\/bodegaoutdoor.cl\/store\/wp-json\/wp\/v2\/product\/21979","targetHints":{"allow":["GET"]}}],"collection":[{"href":"https:\/\/bodegaoutdoor.cl\/store\/wp-json\/wp\/v2\/product"}],"about":[{"href":"https:\/\/bodegaoutdoor.cl\/store\/wp-json\/wp\/v2\/types\/product"}],"replies":[{"embeddable":true,"href":"https:\/\/bodegaoutdoor.cl\/store\/wp-json\/wp\/v2\/comments?post=21979"}],"version-history":[{"count":2,"href":"https:\/\/bodegaoutdoor.cl\/store\/wp-json\/wp\/v2\/product\/21979\/revisions"}],"predecessor-version":[{"id":71122,"href":"https:\/\/bodegaoutdoor.cl\/store\/wp-json\/wp\/v2\/product\/21979\/revisions\/71122"}],"wp:featuredmedia":[{"embeddable":true,"href":"https:\/\/bodegaoutdoor.cl\/store\/wp-json\/wp\/v2\/media\/22032"}],"wp:attachment":[{"href":"https:\/\/bodegaoutdoor.cl\/store\/wp-json\/wp\/v2\/media?parent=21979"}],"wp:term":[{"taxonomy":"product_brand","embeddable":true,"href":"https:\/\/bodegaoutdoor.cl\/store\/wp-json\/wp\/v2\/product_brand?post=21979"},{"taxonomy":"product_cat","embeddable":true,"href":"https:\/\/bodegaoutdoor.cl\/store\/wp-json\/wp\/v2\/product_cat?post=21979"},{"taxonomy":"product_tag","embeddable":true,"href":"https:\/\/bodegaoutdoor.cl\/store\/wp-json\/wp\/v2\/product_tag?post=21979"}],"curies":[{"name":"wp","href":"https:\/\/api.w.org\/{rel}","templated":true}]}}