{"id":22448,"date":"2020-12-13T22:09:23","date_gmt":"2020-12-13T22:09:23","guid":{"rendered":"https:\/\/bodegaoutdoor.cl\/store\/product\/pasamontanas-de-camuflaje-tactico-mascara-facial-cs-completa-juego-de-guerra-caza-del-ejercito-deportes-de-ciclismo-casco-con-forro-militar-multicam-cp-bufanda\/"},"modified":"2023-05-04T19:19:09","modified_gmt":"2023-05-04T23:19:09","slug":"pasamontanas-de-camuflaje-completa-depores-ciclismo-bufanda","status":"publish","type":"product","link":"https:\/\/bodegaoutdoor.cl\/store\/product\/pasamontanas-de-camuflaje-completa-depores-ciclismo-bufanda\/","title":{"rendered":"Pasamonta\u00f1as de camuflaje completa, depores, ciclismo,  bufanda"},"content":{"rendered":"<p style=\"text-align: center;\"><video style=\"max-width: 100%;\" src=\"\/\/cloud.video.taobao.com\/play\/u\/2206446930031\/p\/1\/e\/6\/t\/10301\/267137459595.mp4\" poster=\"https:\/\/ae01.alicdn.com\/kf\/Hc0c6df9ff122445e8cce20043f0e5df2q\/Pasamonta-as-de-camuflaje-t-ctico-m-scara-facial-CS-completa-juego-de-guerra-caza-del.jpg,https:\/\/ae01.alicdn.com\/kf\/Ha85f24d7d6974795b3f5791efa83f97eD\/Pasamonta-as-de-camuflaje-t-ctico-m-scara-facial-CS-completa-juego-de-guerra-caza-del.jpg,https:\/\/ae01.alicdn.com\/kf\/H621889ce67744839ac2e01011762482cs\/Pasamonta-as-de-camuflaje-t-ctico-m-scara-facial-CS-completa-juego-de-guerra-caza-del.jpg,https:\/\/ae01.alicdn.com\/kf\/H5fc3cc16008f4fd3850fe149a9280960W\/Pasamonta-as-de-camuflaje-t-ctico-m-scara-facial-CS-completa-juego-de-guerra-caza-del.jpg,https:\/\/ae01.alicdn.com\/kf\/H7eae6be52ada4b9e887337891e413e3eh\/Pasamonta-as-de-camuflaje-t-ctico-m-scara-facial-CS-completa-juego-de-guerra-caza-del.jpg,https:\/\/ae01.alicdn.com\/kf\/He414aac550524f4d8bceba17c05c1ad9g\/Pasamonta-as-de-camuflaje-t-ctico-m-scara-facial-CS-completa-juego-de-guerra-caza-del.jpg\" preload=\"auto\" controls=\"controls\" width=\"100%\" height=\"100%\"><\/video><\/p>\n<div><\/div>\n<div><\/div>\n<div><span style=\"font-size: 20px;\"><strong>Introducir<\/strong>: <\/span><\/div>\n<div><span style=\"font-size: 20px;\">1. Dise\u00f1o fino transpirable, cerca de tu piel y respira libremente.<\/span><\/div>\n<div><span style=\"font-size: 20px;\">2. Pasamonta\u00f1as t\u00e1ctico Cubre tu cabeza bloqueando el polvo, el sol UV o la nieve. Se puede usar por s\u00ed mismo o bajo cualquier tipo de casco. Ayuda a reducir el empa\u00f1amiento con el casco encendido.<\/span><\/div>\n<div><span style=\"font-size: 20px;\">3. Adecuado para primavera, verano, oto\u00f1o e invierno.<\/span><\/div>\n<div><span style=\"font-size: 20px;\">4 adecuado para deportes al aire libre, escalada, carrera, ciclismo, motocicleta, senderismo, canotaje, patinaje, caza, tiro, esqu\u00ed, surf, senderismo, escalada, paintball airsoft, entrenamiento t\u00e1ctico y otras actividades al aire libre.<\/span><\/div>\n<div><span style=\"font-size: 20px;\"><strong>Material<\/strong>: 100% nailon, vers\u00e1til y apto para todas las temporadas. El material se estira bien y tiene poros en el material.<\/span><\/div>\n<div><span style=\"font-size: 20px;\"><strong>Estilo<\/strong>: Exterior, t\u00e1ctico, Militar<\/span><\/div>\n<div><span style=\"font-size: 20px;\"><strong>Tama\u00f1o<\/strong>: Longitud: 35CM (13,78 pulgadas), ancho: 21CM (8,27 pulgadas); Es delgado y queda un poco apretado.<\/span><\/div>\n<p style=\"text-align: left; margin: 0;\"><img decoding=\"async\" style=\"width: 950px;\" title=\"Pasamonta\u00f1as de camuflaje t\u00e1ctico, m\u00e1scara facial CS completa, juego de guerra, caza del ej\u00e9rcito, deportes de ciclismo, casco con forro, militar, Multicam, CP, bufanda\" src=\"https:\/\/bodegaoutdoor.cl\/store\/wp-content\/uploads\/2020\/12\/22448-yxowwv.jpg\" alt=\"Pasamonta\u00f1as de camuflaje t\u00e1ctico, m\u00e1scara facial CS completa, juego de guerra, caza del ej\u00e9rcito, deportes de ciclismo, casco con forro, militar, Multicam, CP, bufanda\" \/><img decoding=\"async\" style=\"width: 950px;\" title=\"Pasamonta\u00f1as de camuflaje t\u00e1ctico, m\u00e1scara facial CS completa, juego de guerra, caza del ej\u00e9rcito, deportes de ciclismo, casco con forro, militar, Multicam, CP, bufanda\" src=\"https:\/\/bodegaoutdoor.cl\/store\/wp-content\/uploads\/2020\/12\/22448-4wrbwy.jpg\" alt=\"Pasamonta\u00f1as de camuflaje t\u00e1ctico, m\u00e1scara facial CS completa, juego de guerra, caza del ej\u00e9rcito, deportes de ciclismo, casco con forro, militar, Multicam, CP, bufanda\" \/><\/p>\n<p style=\"text-align: left; margin: 0;\"><img fetchpriority=\"high\" decoding=\"async\" title=\"Pasamonta\u00f1as de camuflaje t\u00e1ctico, m\u00e1scara facial CS completa, juego de guerra, caza del ej\u00e9rcito, deportes de ciclismo, casco con forro, militar, Multicam, CP, bufanda\" src=\"https:\/\/bodegaoutdoor.cl\/store\/wp-content\/uploads\/2020\/12\/22448-0ymtdu.jpg\" alt=\"Pasamonta\u00f1as de camuflaje t\u00e1ctico, m\u00e1scara facial CS completa, juego de guerra, caza del ej\u00e9rcito, deportes de ciclismo, casco con forro, militar, Multicam, CP, bufanda\" width=\"950\" height=\"950\" \/><\/p>\n<p style=\"text-align: left; margin: 0;\"><img decoding=\"async\" title=\"Pasamonta\u00f1as de camuflaje t\u00e1ctico, m\u00e1scara facial CS completa, juego de guerra, caza del ej\u00e9rcito, deportes de ciclismo, casco con forro, militar, Multicam, CP, bufanda\" src=\"https:\/\/bodegaoutdoor.cl\/store\/wp-content\/uploads\/2020\/12\/22448-1pmnkz.jpg\" alt=\"Pasamonta\u00f1as de camuflaje t\u00e1ctico, m\u00e1scara facial CS completa, juego de guerra, caza del ej\u00e9rcito, deportes de ciclismo, casco con forro, militar, Multicam, CP, bufanda\" width=\"950\" height=\"950\" \/><\/p>\n<p style=\"text-align: left; margin: 0;\"><img decoding=\"async\" style=\"width: 950px;\" title=\"Pasamonta\u00f1as de camuflaje t\u00e1ctico, m\u00e1scara facial CS completa, juego de guerra, caza del ej\u00e9rcito, deportes de ciclismo, casco con forro, militar, Multicam, CP, bufanda\" src=\"https:\/\/bodegaoutdoor.cl\/store\/wp-content\/uploads\/2020\/12\/22448-i5ty6m.jpg\" alt=\"Pasamonta\u00f1as de camuflaje t\u00e1ctico, m\u00e1scara facial CS completa, juego de guerra, caza del ej\u00e9rcito, deportes de ciclismo, casco con forro, militar, Multicam, CP, bufanda\" \/><br \/>\n<img decoding=\"async\" style=\"width: 950px;\" title=\"Pasamonta\u00f1as de camuflaje t\u00e1ctico, m\u00e1scara facial CS completa, juego de guerra, caza del ej\u00e9rcito, deportes de ciclismo, casco con forro, militar, Multicam, CP, bufanda\" src=\"https:\/\/bodegaoutdoor.cl\/store\/wp-content\/uploads\/2020\/12\/22448-1dbyua.jpg\" alt=\"Pasamonta\u00f1as de camuflaje t\u00e1ctico, m\u00e1scara facial CS completa, juego de guerra, caza del ej\u00e9rcito, deportes de ciclismo, casco con forro, militar, Multicam, CP, bufanda\" \/><br \/>\n<img decoding=\"async\" style=\"width: 950px;\" title=\"Pasamonta\u00f1as de camuflaje t\u00e1ctico, m\u00e1scara facial CS completa, juego de guerra, caza del ej\u00e9rcito, deportes de ciclismo, casco con forro, militar, Multicam, CP, bufanda\" src=\"https:\/\/bodegaoutdoor.cl\/store\/wp-content\/uploads\/2020\/12\/22448-hdl7sz.jpg\" alt=\"Pasamonta\u00f1as de camuflaje t\u00e1ctico, m\u00e1scara facial CS completa, juego de guerra, caza del ej\u00e9rcito, deportes de ciclismo, casco con forro, militar, Multicam, CP, bufanda\" \/><img decoding=\"async\" style=\"width: 950px;\" title=\"Pasamonta\u00f1as de camuflaje t\u00e1ctico, m\u00e1scara facial CS completa, juego de guerra, caza del ej\u00e9rcito, deportes de ciclismo, casco con forro, militar, Multicam, CP, bufanda\" src=\"https:\/\/bodegaoutdoor.cl\/store\/wp-content\/uploads\/2020\/12\/22448-s1evxz.jpg\" alt=\"Pasamonta\u00f1as de camuflaje t\u00e1ctico, m\u00e1scara facial CS completa, juego de guerra, caza del ej\u00e9rcito, deportes de ciclismo, casco con forro, militar, Multicam, CP, bufanda\" \/><img decoding=\"async\" style=\"width: 950px;\" title=\"Pasamonta\u00f1as de camuflaje t\u00e1ctico, m\u00e1scara facial CS completa, juego de guerra, caza del ej\u00e9rcito, deportes de ciclismo, casco con forro, militar, Multicam, CP, bufanda\" src=\"https:\/\/bodegaoutdoor.cl\/store\/wp-content\/uploads\/2020\/12\/22448-tvtmnf.jpg\" alt=\"Pasamonta\u00f1as de camuflaje t\u00e1ctico, m\u00e1scara facial CS completa, juego de guerra, caza del ej\u00e9rcito, deportes de ciclismo, casco con forro, militar, Multicam, CP, bufanda\" \/><\/p>\n<p style=\"text-align: left; margin: 0;\"><img decoding=\"async\" title=\"Pasamonta\u00f1as de camuflaje t\u00e1ctico, m\u00e1scara facial CS completa, juego de guerra, caza del ej\u00e9rcito, deportes de ciclismo, casco con forro, militar, Multicam, CP, bufanda\" src=\"https:\/\/bodegaoutdoor.cl\/store\/wp-content\/uploads\/2020\/12\/22448-c5k4pe.jpg\" alt=\"Pasamonta\u00f1as de camuflaje t\u00e1ctico, m\u00e1scara facial CS completa, juego de guerra, caza del ej\u00e9rcito, deportes de ciclismo, casco con forro, militar, Multicam, CP, bufanda\" width=\"950\" height=\"950\" \/><img loading=\"lazy\" decoding=\"async\" title=\"Pasamonta\u00f1as de camuflaje t\u00e1ctico, m\u00e1scara facial CS completa, juego de guerra, caza del ej\u00e9rcito, deportes de ciclismo, casco con forro, militar, Multicam, CP, bufanda\" src=\"https:\/\/bodegaoutdoor.cl\/store\/wp-content\/uploads\/2020\/12\/22448-4dkjej.jpg\" alt=\"Pasamonta\u00f1as de camuflaje t\u00e1ctico, m\u00e1scara facial CS completa, juego de guerra, caza del ej\u00e9rcito, deportes de ciclismo, casco con forro, militar, Multicam, CP, bufanda\" width=\"950\" height=\"950\" \/><br \/>\n<img decoding=\"async\" style=\"width: 950px;\" title=\"Pasamonta\u00f1as de camuflaje t\u00e1ctico, m\u00e1scara facial CS completa, juego de guerra, caza del ej\u00e9rcito, deportes de ciclismo, casco con forro, militar, Multicam, CP, bufanda\" src=\"https:\/\/bodegaoutdoor.cl\/store\/wp-content\/uploads\/2020\/12\/22448-n4szac.jpg\" alt=\"Pasamonta\u00f1as de camuflaje t\u00e1ctico, m\u00e1scara facial CS completa, juego de guerra, caza del ej\u00e9rcito, deportes de ciclismo, casco con forro, militar, Multicam, CP, bufanda\" \/><\/p>\n<p style=\"text-align: left; margin: 0;\"><img loading=\"lazy\" decoding=\"async\" title=\"Pasamonta\u00f1as de camuflaje t\u00e1ctico, m\u00e1scara facial CS completa, juego de guerra, caza del ej\u00e9rcito, deportes de ciclismo, casco con forro, militar, Multicam, CP, bufanda\" src=\"https:\/\/bodegaoutdoor.cl\/store\/wp-content\/uploads\/2020\/12\/22448-pubrnj.jpg\" alt=\"Pasamonta\u00f1as de camuflaje t\u00e1ctico, m\u00e1scara facial CS completa, juego de guerra, caza del ej\u00e9rcito, deportes de ciclismo, casco con forro, militar, Multicam, CP, bufanda\" width=\"950\" height=\"950\" \/><\/p>\n<p style=\"text-align: left; margin: 0;\"><img loading=\"lazy\" decoding=\"async\" title=\"Pasamonta\u00f1as de camuflaje t\u00e1ctico, m\u00e1scara facial CS completa, juego de guerra, caza del ej\u00e9rcito, deportes de ciclismo, casco con forro, militar, Multicam, CP, bufanda\" src=\"https:\/\/bodegaoutdoor.cl\/store\/wp-content\/uploads\/2020\/12\/22448-nfk21t.jpg\" alt=\"Pasamonta\u00f1as de camuflaje t\u00e1ctico, m\u00e1scara facial CS completa, juego de guerra, caza del ej\u00e9rcito, deportes de ciclismo, casco con forro, militar, Multicam, CP, bufanda\" width=\"950\" height=\"950\" \/><br \/>\n<img decoding=\"async\" style=\"width: 950px;\" title=\"Pasamonta\u00f1as de camuflaje t\u00e1ctico, m\u00e1scara facial CS completa, juego de guerra, caza del ej\u00e9rcito, deportes de ciclismo, casco con forro, militar, Multicam, CP, bufanda\" src=\"https:\/\/bodegaoutdoor.cl\/store\/wp-content\/uploads\/2020\/12\/22448-xvoyvm.jpg\" alt=\"Pasamonta\u00f1as de camuflaje t\u00e1ctico, m\u00e1scara facial CS completa, juego de guerra, caza del ej\u00e9rcito, deportes de ciclismo, casco con forro, militar, Multicam, CP, bufanda\" \/><img decoding=\"async\" style=\"width: 950px;\" title=\"Pasamonta\u00f1as de camuflaje t\u00e1ctico, m\u00e1scara facial CS completa, juego de guerra, caza del ej\u00e9rcito, deportes de ciclismo, casco con forro, militar, Multicam, CP, bufanda\" src=\"https:\/\/bodegaoutdoor.cl\/store\/wp-content\/uploads\/2020\/12\/22448-b23ilk.jpg\" alt=\"Pasamonta\u00f1as de camuflaje t\u00e1ctico, m\u00e1scara facial CS completa, juego de guerra, caza del ej\u00e9rcito, deportes de ciclismo, casco con forro, militar, Multicam, CP, bufanda\" \/><img decoding=\"async\" style=\"width: 950px;\" title=\"Pasamonta\u00f1as de camuflaje t\u00e1ctico, m\u00e1scara facial CS completa, juego de guerra, caza del ej\u00e9rcito, deportes de ciclismo, casco con forro, militar, Multicam, CP, bufanda\" src=\"https:\/\/bodegaoutdoor.cl\/store\/wp-content\/uploads\/2020\/12\/22448-0wmk8o.jpg\" alt=\"Pasamonta\u00f1as de camuflaje t\u00e1ctico, m\u00e1scara facial CS completa, juego de guerra, caza del ej\u00e9rcito, deportes de ciclismo, casco con forro, militar, Multicam, CP, bufanda\" \/><img decoding=\"async\" style=\"width: 950px;\" title=\"Pasamonta\u00f1as de camuflaje t\u00e1ctico, m\u00e1scara facial CS completa, juego de guerra, caza del ej\u00e9rcito, deportes de ciclismo, casco con forro, militar, Multicam, CP, bufanda\" src=\"https:\/\/bodegaoutdoor.cl\/store\/wp-content\/uploads\/2020\/12\/22448-jdv3sg.jpg\" alt=\"Pasamonta\u00f1as de camuflaje t\u00e1ctico, m\u00e1scara facial CS completa, juego de guerra, caza del ej\u00e9rcito, deportes de ciclismo, casco con forro, militar, Multicam, CP, bufanda\" \/><img decoding=\"async\" style=\"width: 950px;\" title=\"Pasamonta\u00f1as de camuflaje t\u00e1ctico, m\u00e1scara facial CS completa, juego de guerra, caza del ej\u00e9rcito, deportes de ciclismo, casco con forro, militar, Multicam, CP, bufanda\" src=\"https:\/\/bodegaoutdoor.cl\/store\/wp-content\/uploads\/2020\/12\/22448-mwwwsb.jpg\" alt=\"Pasamonta\u00f1as de camuflaje t\u00e1ctico, m\u00e1scara facial CS completa, juego de guerra, caza del ej\u00e9rcito, deportes de ciclismo, casco con forro, militar, Multicam, CP, bufanda\" \/><img decoding=\"async\" style=\"width: 950px;\" title=\"Pasamonta\u00f1as de camuflaje t\u00e1ctico, m\u00e1scara facial CS completa, juego de guerra, caza del ej\u00e9rcito, deportes de ciclismo, casco con forro, militar, Multicam, CP, bufanda\" src=\"https:\/\/bodegaoutdoor.cl\/store\/wp-content\/uploads\/2020\/12\/22448-jifhsg.jpg\" alt=\"Pasamonta\u00f1as de camuflaje t\u00e1ctico, m\u00e1scara facial CS completa, juego de guerra, caza del ej\u00e9rcito, deportes de ciclismo, casco con forro, militar, Multicam, CP, bufanda\" \/><img decoding=\"async\" style=\"width: 950px;\" title=\"Pasamonta\u00f1as de camuflaje t\u00e1ctico, m\u00e1scara facial CS completa, juego de guerra, caza del ej\u00e9rcito, deportes de ciclismo, casco con forro, militar, Multicam, CP, bufanda\" src=\"https:\/\/bodegaoutdoor.cl\/store\/wp-content\/uploads\/2020\/12\/22448-xnnhxy.jpg\" alt=\"Pasamonta\u00f1as de camuflaje t\u00e1ctico, m\u00e1scara facial CS completa, juego de guerra, caza del ej\u00e9rcito, deportes de ciclismo, casco con forro, militar, Multicam, CP, bufanda\" \/><img decoding=\"async\" style=\"width: 950px;\" title=\"Pasamonta\u00f1as de camuflaje t\u00e1ctico, m\u00e1scara facial CS completa, juego de guerra, caza del ej\u00e9rcito, deportes de ciclismo, casco con forro, militar, Multicam, CP, bufanda\" src=\"https:\/\/bodegaoutdoor.cl\/store\/wp-content\/uploads\/2020\/12\/22448-uz4zm9.jpg\" alt=\"Pasamonta\u00f1as de camuflaje t\u00e1ctico, m\u00e1scara facial CS completa, juego de guerra, caza del ej\u00e9rcito, deportes de ciclismo, casco con forro, militar, Multicam, CP, bufanda\" \/><img decoding=\"async\" style=\"width: 950px;\" title=\"Pasamonta\u00f1as de camuflaje t\u00e1ctico, m\u00e1scara facial CS completa, juego de guerra, caza del ej\u00e9rcito, deportes de ciclismo, casco con forro, militar, Multicam, CP, bufanda\" src=\"https:\/\/bodegaoutdoor.cl\/store\/wp-content\/uploads\/2020\/12\/22448-rdbl8h.jpg\" alt=\"Pasamonta\u00f1as de camuflaje t\u00e1ctico, m\u00e1scara facial CS completa, juego de guerra, caza del ej\u00e9rcito, deportes de ciclismo, casco con forro, militar, Multicam, CP, bufanda\" \/><img decoding=\"async\" style=\"width: 950px;\" title=\"Pasamonta\u00f1as de camuflaje t\u00e1ctico, m\u00e1scara facial CS completa, juego de guerra, caza del ej\u00e9rcito, deportes de ciclismo, casco con forro, militar, Multicam, CP, bufanda\" src=\"https:\/\/bodegaoutdoor.cl\/store\/wp-content\/uploads\/2020\/12\/22448-up40rc.jpg\" alt=\"Pasamonta\u00f1as de camuflaje t\u00e1ctico, m\u00e1scara facial CS completa, juego de guerra, caza del ej\u00e9rcito, deportes de ciclismo, casco con forro, militar, Multicam, CP, bufanda\" \/><img decoding=\"async\" style=\"width: 950px;\" title=\"Pasamonta\u00f1as de camuflaje t\u00e1ctico, m\u00e1scara facial CS completa, juego de guerra, caza del ej\u00e9rcito, deportes de ciclismo, casco con forro, militar, Multicam, CP, bufanda\" src=\"https:\/\/bodegaoutdoor.cl\/store\/wp-content\/uploads\/2020\/12\/22448-daohh5.jpg\" alt=\"Pasamonta\u00f1as de camuflaje t\u00e1ctico, m\u00e1scara facial CS completa, juego de guerra, caza del ej\u00e9rcito, deportes de ciclismo, casco con forro, militar, Multicam, CP, bufanda\" \/><img decoding=\"async\" style=\"width: 950px;\" title=\"Pasamonta\u00f1as de camuflaje t\u00e1ctico, m\u00e1scara facial CS completa, juego de guerra, caza del ej\u00e9rcito, deportes de ciclismo, casco con forro, militar, Multicam, CP, bufanda\" src=\"https:\/\/bodegaoutdoor.cl\/store\/wp-content\/uploads\/2020\/12\/22448-pi4pr9.jpg\" alt=\"Pasamonta\u00f1as de camuflaje t\u00e1ctico, m\u00e1scara facial CS completa, juego de guerra, caza del ej\u00e9rcito, deportes de ciclismo, casco con forro, militar, Multicam, CP, bufanda\" \/><img decoding=\"async\" style=\"width: 950px;\" title=\"Pasamonta\u00f1as de camuflaje t\u00e1ctico, m\u00e1scara facial CS completa, juego de guerra, caza del ej\u00e9rcito, deportes de ciclismo, casco con forro, militar, Multicam, CP, bufanda\" src=\"https:\/\/bodegaoutdoor.cl\/store\/wp-content\/uploads\/2020\/12\/22448-ub3kj3.jpg\" alt=\"Pasamonta\u00f1as de camuflaje t\u00e1ctico, m\u00e1scara facial CS completa, juego de guerra, caza del ej\u00e9rcito, deportes de ciclismo, casco con forro, militar, Multicam, CP, bufanda\" \/><img decoding=\"async\" style=\"width: 950px;\" title=\"Pasamonta\u00f1as de camuflaje t\u00e1ctico, m\u00e1scara facial CS completa, juego de guerra, caza del ej\u00e9rcito, deportes de ciclismo, casco con forro, militar, Multicam, CP, bufanda\" src=\"https:\/\/bodegaoutdoor.cl\/store\/wp-content\/uploads\/2020\/12\/22448-vhyt1j.jpg\" alt=\"Pasamonta\u00f1as de camuflaje t\u00e1ctico, m\u00e1scara facial CS completa, juego de guerra, caza del ej\u00e9rcito, deportes de ciclismo, casco con forro, militar, Multicam, CP, bufanda\" \/><img decoding=\"async\" style=\"width: 950px;\" title=\"Pasamonta\u00f1as de camuflaje t\u00e1ctico, m\u00e1scara facial CS completa, juego de guerra, caza del ej\u00e9rcito, deportes de ciclismo, casco con forro, militar, Multicam, CP, bufanda\" src=\"https:\/\/bodegaoutdoor.cl\/store\/wp-content\/uploads\/2020\/12\/22448-24bmfn.jpg\" alt=\"Pasamonta\u00f1as de camuflaje t\u00e1ctico, m\u00e1scara facial CS completa, juego de guerra, caza del ej\u00e9rcito, deportes de ciclismo, casco con forro, militar, Multicam, CP, bufanda\" \/><img decoding=\"async\" style=\"width: 950px;\" title=\"Pasamonta\u00f1as de camuflaje t\u00e1ctico, m\u00e1scara facial CS completa, juego de guerra, caza del ej\u00e9rcito, deportes de ciclismo, casco con forro, militar, Multicam, CP, bufanda\" src=\"https:\/\/bodegaoutdoor.cl\/store\/wp-content\/uploads\/2020\/12\/22448-4anxgr.jpg\" alt=\"Pasamonta\u00f1as de camuflaje t\u00e1ctico, m\u00e1scara facial CS completa, juego de guerra, caza del ej\u00e9rcito, deportes de ciclismo, casco con forro, militar, Multicam, CP, bufanda\" \/><\/p>\n<p style=\"text-align: left; margin: 0;\">\n\n    <div class=\"xs_social_share_widget xs_share_url after_content \t\tmain_content  wslu-style-1 wslu-share-box-shaped wslu-fill-colored wslu-none wslu-share-horizontal wslu-theme-font-no wslu-main_content\">\n\n\t\t\n        <ul>\n\t\t\t        <\/ul>\n    <\/div> \n","protected":false},"excerpt":{"rendered":"<p>Introducir: 1. Dise\u00f1o fino transpirable, cerca de tu piel y respira libremente. 2. Pasamonta\u00f1as t\u00e1ctico Cubre tu cabeza bloqueando el polvo, el sol UV o la nieve. Se puede usar por s\u00ed mismo o bajo cualquier tipo de casco. Ayuda a reducir el empa\u00f1amiento con el casco encendido. 3. Adecuado para primavera, verano, oto\u00f1o e [&hellip;]<\/p>\n","protected":false},"featured_media":22494,"comment_status":"open","ping_status":"closed","template":"","meta":{"jetpack_publicize_message":"","jetpack_publicize_feature_enabled":true,"jetpack_social_post_already_shared":true,"jetpack_social_options":{"image_generator_settings":{"template":"highway","enabled":false},"version":2}},"product_brand":[],"product_cat":[64,487,1316,62],"product_tag":[],"class_list":{"0":"post-22448","1":"product","2":"type-product","3":"status-publish","4":"has-post-thumbnail","6":"product_cat-accessories","7":"product_cat-airsoft","8":"product_cat-gorros","9":"product_cat-vestuario-hombre","11":"first","12":"instock","13":"sale","14":"taxable","15":"shipping-taxable","16":"purchasable","17":"product-type-variable"},"jetpack_publicize_connections":[],"jetpack_sharing_enabled":true,"_links":{"self":[{"href":"https:\/\/bodegaoutdoor.cl\/store\/wp-json\/wp\/v2\/product\/22448","targetHints":{"allow":["GET"]}}],"collection":[{"href":"https:\/\/bodegaoutdoor.cl\/store\/wp-json\/wp\/v2\/product"}],"about":[{"href":"https:\/\/bodegaoutdoor.cl\/store\/wp-json\/wp\/v2\/types\/product"}],"replies":[{"embeddable":true,"href":"https:\/\/bodegaoutdoor.cl\/store\/wp-json\/wp\/v2\/comments?post=22448"}],"version-history":[{"count":1,"href":"https:\/\/bodegaoutdoor.cl\/store\/wp-json\/wp\/v2\/product\/22448\/revisions"}],"predecessor-version":[{"id":71112,"href":"https:\/\/bodegaoutdoor.cl\/store\/wp-json\/wp\/v2\/product\/22448\/revisions\/71112"}],"wp:featuredmedia":[{"embeddable":true,"href":"https:\/\/bodegaoutdoor.cl\/store\/wp-json\/wp\/v2\/media\/22494"}],"wp:attachment":[{"href":"https:\/\/bodegaoutdoor.cl\/store\/wp-json\/wp\/v2\/media?parent=22448"}],"wp:term":[{"taxonomy":"product_brand","embeddable":true,"href":"https:\/\/bodegaoutdoor.cl\/store\/wp-json\/wp\/v2\/product_brand?post=22448"},{"taxonomy":"product_cat","embeddable":true,"href":"https:\/\/bodegaoutdoor.cl\/store\/wp-json\/wp\/v2\/product_cat?post=22448"},{"taxonomy":"product_tag","embeddable":true,"href":"https:\/\/bodegaoutdoor.cl\/store\/wp-json\/wp\/v2\/product_tag?post=22448"}],"curies":[{"name":"wp","href":"https:\/\/api.w.org\/{rel}","templated":true}]}}