{"id":23447,"date":"2020-12-13T22:36:26","date_gmt":"2020-12-13T22:36:26","guid":{"rendered":"https:\/\/bodegaoutdoor.cl\/store\/product\/spinner-antiestres-multifuncion-para-ninos-linterna-con-boligrafo-tactico-de-autodefensa-rompevidrio-de-emergencia-herramientas-edc-de-supervivencia-al-aire-libre-regalo\/"},"modified":"2023-05-04T19:19:08","modified_gmt":"2023-05-04T23:19:08","slug":"spinner-antiestres-multifuncion-linterna-con-boligrafo-tactico-de-autodefensa-rompevidrio-de-emergencia-herramientas-de-supervivencia","status":"publish","type":"product","link":"https:\/\/bodegaoutdoor.cl\/store\/product\/spinner-antiestres-multifuncion-linterna-con-boligrafo-tactico-de-autodefensa-rompevidrio-de-emergencia-herramientas-de-supervivencia\/","title":{"rendered":"Spinner antiestr\u00e9s multifunci\u00f3n, linterna con bol\u00edgrafo t\u00e1ctico de autodefensa, rompevidrio de emergencia, herramientas de supervivencia"},"content":{"rendered":"<p style=\"text-align: center\"><video style=\"max-width: 100%\" src=\"\/\/cloud.video.taobao.com\/play\/u\/4260051940\/p\/1\/e\/6\/t\/10301\/270762403240.mp4\" poster=\"https:\/\/ae01.alicdn.com\/kf\/H42de5cdf6f294c988e2d72fb8f7b7ac8R\/Spinner-antiestr-s-multifunci-n-para-ni-os-linterna-con-bol-grafo-t-ctico-de-autodefensa.jpg,https:\/\/ae01.alicdn.com\/kf\/H4dd0f0fe4d3041539dba884a8bce1b0eJ\/Spinner-antiestr-s-multifunci-n-para-ni-os-linterna-con-bol-grafo-t-ctico-de-autodefensa.jpg,https:\/\/ae01.alicdn.com\/kf\/H26333e9539c043c2ba7f5a4bac05cf4eM\/Spinner-antiestr-s-multifunci-n-para-ni-os-linterna-con-bol-grafo-t-ctico-de-autodefensa.jpg,https:\/\/ae01.alicdn.com\/kf\/H8a160112bc474baaa1f1cad1e47b0935v\/Spinner-antiestr-s-multifunci-n-para-ni-os-linterna-con-bol-grafo-t-ctico-de-autodefensa.jpg,https:\/\/ae01.alicdn.com\/kf\/H8ecc047fb10a4dc585e1e67e1a80414c6\/Spinner-antiestr-s-multifunci-n-para-ni-os-linterna-con-bol-grafo-t-ctico-de-autodefensa.jpg,https:\/\/ae01.alicdn.com\/kf\/H5efcc61edfae4fc2868ca560bbfc39e4P\/Spinner-antiestr-s-multifunci-n-para-ni-os-linterna-con-bol-grafo-t-ctico-de-autodefensa.jpg\" preload=\"auto\" controls=\"controls\" width=\"100%\" height=\"100%\"><\/video><\/p>\n<div>\n<div>\n<div>\n<div>\n<div>\n<div>\n<div>\n<div>\n<div><img decoding=\"async\" src=\"https:\/\/bodegaoutdoor.cl\/store\/wp-content\/uploads\/2020\/12\/23447-ufuedi.jpg\" title=\"Spinner antiestr\u00e9s multifunci\u00f3n, linterna con bol\u00edgrafo t\u00e1ctico de autodefensa, rompevidrio de emergencia, herramientas de supervivencia\" alt=\"Spinner antiestr\u00e9s multifunci\u00f3n, linterna con bol\u00edgrafo t\u00e1ctico de autodefensa, rompevidrio de emergencia, herramientas de supervivencia\" \/> <img decoding=\"async\" style=\"margin-bottom: 10px\" src=\"https:\/\/bodegaoutdoor.cl\/store\/wp-content\/uploads\/2020\/12\/23447-uieewr.jpg\" title=\"Spinner antiestr\u00e9s multifunci\u00f3n, linterna con bol\u00edgrafo t\u00e1ctico de autodefensa, rompevidrio de emergencia, herramientas de supervivencia\" alt=\"Spinner antiestr\u00e9s multifunci\u00f3n, linterna con bol\u00edgrafo t\u00e1ctico de autodefensa, rompevidrio de emergencia, herramientas de supervivencia\" \/> <img decoding=\"async\" src=\"https:\/\/bodegaoutdoor.cl\/store\/wp-content\/uploads\/2020\/12\/23447-te89rh.jpg\" title=\"Spinner antiestr\u00e9s multifunci\u00f3n, linterna con bol\u00edgrafo t\u00e1ctico de autodefensa, rompevidrio de emergencia, herramientas de supervivencia\" alt=\"Spinner antiestr\u00e9s multifunci\u00f3n, linterna con bol\u00edgrafo t\u00e1ctico de autodefensa, rompevidrio de emergencia, herramientas de supervivencia\" \/> <img decoding=\"async\" src=\"https:\/\/bodegaoutdoor.cl\/store\/wp-content\/uploads\/2020\/12\/23447-h6yjhk.jpg\" title=\"Spinner antiestr\u00e9s multifunci\u00f3n, linterna con bol\u00edgrafo t\u00e1ctico de autodefensa, rompevidrio de emergencia, herramientas de supervivencia\" alt=\"Spinner antiestr\u00e9s multifunci\u00f3n, linterna con bol\u00edgrafo t\u00e1ctico de autodefensa, rompevidrio de emergencia, herramientas de supervivencia\" \/> <img decoding=\"async\" src=\"https:\/\/bodegaoutdoor.cl\/store\/wp-content\/uploads\/2020\/12\/23447-f5qvuk.jpg\" title=\"Spinner antiestr\u00e9s multifunci\u00f3n, linterna con bol\u00edgrafo t\u00e1ctico de autodefensa, rompevidrio de emergencia, herramientas de supervivencia\" alt=\"Spinner antiestr\u00e9s multifunci\u00f3n, linterna con bol\u00edgrafo t\u00e1ctico de autodefensa, rompevidrio de emergencia, herramientas de supervivencia\" \/> <img decoding=\"async\" src=\"https:\/\/bodegaoutdoor.cl\/store\/wp-content\/uploads\/2020\/12\/23447-ynjrh3.jpg\" title=\"Spinner antiestr\u00e9s multifunci\u00f3n, linterna con bol\u00edgrafo t\u00e1ctico de autodefensa, rompevidrio de emergencia, herramientas de supervivencia\" alt=\"Spinner antiestr\u00e9s multifunci\u00f3n, linterna con bol\u00edgrafo t\u00e1ctico de autodefensa, rompevidrio de emergencia, herramientas de supervivencia\" \/> <img decoding=\"async\" src=\"https:\/\/bodegaoutdoor.cl\/store\/wp-content\/uploads\/2020\/12\/23447-jwatbx.jpg\" title=\"Spinner antiestr\u00e9s multifunci\u00f3n, linterna con bol\u00edgrafo t\u00e1ctico de autodefensa, rompevidrio de emergencia, herramientas de supervivencia\" alt=\"Spinner antiestr\u00e9s multifunci\u00f3n, linterna con bol\u00edgrafo t\u00e1ctico de autodefensa, rompevidrio de emergencia, herramientas de supervivencia\" \/><\/div>\n<\/div>\n<\/div>\n<\/div>\n<\/div>\n<\/div>\n<\/div>\n<\/div>\n<\/div>\n\n    <div class=\"xs_social_share_widget xs_share_url after_content \t\tmain_content  wslu-style-1 wslu-share-box-shaped wslu-fill-colored wslu-none wslu-share-horizontal wslu-theme-font-no wslu-main_content\">\n\n\t\t\n        <ul>\n\t\t\t        <\/ul>\n    <\/div> \n","protected":false},"excerpt":{"rendered":"","protected":false},"featured_media":23922,"comment_status":"open","ping_status":"closed","template":"","meta":{"jetpack_publicize_message":"","jetpack_publicize_feature_enabled":true,"jetpack_social_post_already_shared":true,"jetpack_social_options":{"image_generator_settings":{"template":"highway","enabled":false},"version":2}},"product_brand":[],"product_cat":[64,487,790],"product_tag":[],"class_list":{"0":"post-23447","1":"product","2":"type-product","3":"status-publish","4":"has-post-thumbnail","6":"product_cat-accessories","7":"product_cat-airsoft","8":"product_cat-autodefensa","10":"first","11":"instock","12":"sale","13":"taxable","14":"shipping-taxable","15":"purchasable","16":"product-type-variable"},"jetpack_publicize_connections":[],"jetpack_sharing_enabled":true,"_links":{"self":[{"href":"https:\/\/bodegaoutdoor.cl\/store\/wp-json\/wp\/v2\/product\/23447","targetHints":{"allow":["GET"]}}],"collection":[{"href":"https:\/\/bodegaoutdoor.cl\/store\/wp-json\/wp\/v2\/product"}],"about":[{"href":"https:\/\/bodegaoutdoor.cl\/store\/wp-json\/wp\/v2\/types\/product"}],"replies":[{"embeddable":true,"href":"https:\/\/bodegaoutdoor.cl\/store\/wp-json\/wp\/v2\/comments?post=23447"}],"version-history":[{"count":1,"href":"https:\/\/bodegaoutdoor.cl\/store\/wp-json\/wp\/v2\/product\/23447\/revisions"}],"predecessor-version":[{"id":71104,"href":"https:\/\/bodegaoutdoor.cl\/store\/wp-json\/wp\/v2\/product\/23447\/revisions\/71104"}],"wp:featuredmedia":[{"embeddable":true,"href":"https:\/\/bodegaoutdoor.cl\/store\/wp-json\/wp\/v2\/media\/23922"}],"wp:attachment":[{"href":"https:\/\/bodegaoutdoor.cl\/store\/wp-json\/wp\/v2\/media?parent=23447"}],"wp:term":[{"taxonomy":"product_brand","embeddable":true,"href":"https:\/\/bodegaoutdoor.cl\/store\/wp-json\/wp\/v2\/product_brand?post=23447"},{"taxonomy":"product_cat","embeddable":true,"href":"https:\/\/bodegaoutdoor.cl\/store\/wp-json\/wp\/v2\/product_cat?post=23447"},{"taxonomy":"product_tag","embeddable":true,"href":"https:\/\/bodegaoutdoor.cl\/store\/wp-json\/wp\/v2\/product_tag?post=23447"}],"curies":[{"name":"wp","href":"https:\/\/api.w.org\/{rel}","templated":true}]}}