{"id":29824,"date":"2021-03-02T14:21:18","date_gmt":"2021-03-02T17:21:18","guid":{"rendered":"https:\/\/bodegaoutdoor.cl\/store\/?post_type=product&#038;p=29824"},"modified":"2023-05-04T19:19:02","modified_gmt":"2023-05-04T23:19:02","slug":"kit-sos-supervivencia-11-en-1","status":"publish","type":"product","link":"https:\/\/bodegaoutdoor.cl\/store\/product\/kit-sos-supervivencia-11-en-1\/","title":{"rendered":"Kit SOS supervivencia 11 en 1"},"content":{"rendered":"<p>Incluye :<\/p>\n<p>1 Manta supervivencia,<\/p>\n<p>1 serrucho port\u00e1til,<\/p>\n<p>1 br\u00fajula,<\/p>\n<p>1 pedernal,<\/p>\n<p>1 navaja,<\/p>\n<p>1 l\u00e1piz supervivencia,<\/p>\n<p>1 tarjeta multifunci\u00f3n,<\/p>\n<p>1 linterna<\/p>\n<p>1 Silbato<\/p>\n<p>1 llavero mini linterna<\/p>\n<p>1 llavero Botella<\/p>\n<p><img fetchpriority=\"high\" decoding=\"async\" class=\"alignnone size-full wp-image-29825\" src=\"https:\/\/bodegaoutdoor.cl\/store\/wp-content\/uploads\/2021\/03\/de-emergencia-kit-de-supervivencia-de-kit-de-primeros-auxilios-sos-herramienta-tactica-linterna-con-molle-bolsa-adecuado-para-11en1.jpg\" alt=\"\" width=\"800\" height=\"800\" srcset=\"https:\/\/bodegaoutdoor.cl\/store\/wp-content\/uploads\/2021\/03\/de-emergencia-kit-de-supervivencia-de-kit-de-primeros-auxilios-sos-herramienta-tactica-linterna-con-molle-bolsa-adecuado-para-11en1.jpg 800w, https:\/\/bodegaoutdoor.cl\/store\/wp-content\/uploads\/2021\/03\/de-emergencia-kit-de-supervivencia-de-kit-de-primeros-auxilios-sos-herramienta-tactica-linterna-con-molle-bolsa-adecuado-para-11en1-300x300.jpg 300w, https:\/\/bodegaoutdoor.cl\/store\/wp-content\/uploads\/2021\/03\/de-emergencia-kit-de-supervivencia-de-kit-de-primeros-auxilios-sos-herramienta-tactica-linterna-con-molle-bolsa-adecuado-para-11en1-100x100.jpg 100w, https:\/\/bodegaoutdoor.cl\/store\/wp-content\/uploads\/2021\/03\/de-emergencia-kit-de-supervivencia-de-kit-de-primeros-auxilios-sos-herramienta-tactica-linterna-con-molle-bolsa-adecuado-para-11en1-600x600.jpg 600w, https:\/\/bodegaoutdoor.cl\/store\/wp-content\/uploads\/2021\/03\/de-emergencia-kit-de-supervivencia-de-kit-de-primeros-auxilios-sos-herramienta-tactica-linterna-con-molle-bolsa-adecuado-para-11en1-150x150.jpg 150w, https:\/\/bodegaoutdoor.cl\/store\/wp-content\/uploads\/2021\/03\/de-emergencia-kit-de-supervivencia-de-kit-de-primeros-auxilios-sos-herramienta-tactica-linterna-con-molle-bolsa-adecuado-para-11en1-768x768.jpg 768w\" sizes=\"(max-width: 800px) 100vw, 800px\" \/><\/p>\n<p>&nbsp;<\/p>\n<p>&nbsp;<\/p>\n<p><img decoding=\"async\" class=\"aligncenter\" title=\"Kit de supervivencia de emergencia, Kit de botiqu\u00edn de primeros auxilios, linterna de herramienta t\u00e1ctica SOS con bolsa Molle adecuada para acampada de aventurra, Camping\" src=\"https:\/\/bodegaoutdoor.cl\/store\/wp-content\/uploads\/2020\/08\/10013-eaxagw.jpg\" alt=\"Kit de supervivencia de emergencia, Kit de botiqu\u00edn de primeros auxilios, linterna de herramienta t\u00e1ctica SOS con bolsa Molle adecuada para acampada de aventurra, Camping\" \/><\/p>\n<p><img decoding=\"async\" class=\"aligncenter\" style=\"border-style: none; vertical-align: middle; max-width: 100%; text-align: justify;\" title=\"Kit de supervivencia de emergencia, Kit de botiqu\u00edn de primeros auxilios, linterna de herramienta t\u00e1ctica SOS con bolsa Molle adecuada para acampada de aventurra, Camping\" src=\"https:\/\/bodegaoutdoor.cl\/store\/wp-content\/uploads\/2020\/08\/10013-wy72s1.jpg\" alt=\"Kit de supervivencia de emergencia, Kit de botiqu\u00edn de primeros auxilios, linterna de herramienta t\u00e1ctica SOS con bolsa Molle adecuada para acampada de aventurra, Camping\" \/><\/p>\n<p>&nbsp;<\/p>\n<p>&nbsp;<\/p>\n\n    <div class=\"xs_social_share_widget xs_share_url after_content \t\tmain_content  wslu-style-1 wslu-share-box-shaped wslu-fill-colored wslu-none wslu-share-horizontal wslu-theme-font-no wslu-main_content\">\n\n\t\t\n        <ul>\n\t\t\t        <\/ul>\n    <\/div> \n","protected":false},"excerpt":{"rendered":"<p>Incluye : 1 Manta supervivencia, 1 serrucho port\u00e1til, 1 br\u00fajula, 1 pedernal, 1 navaja, 1 l\u00e1piz supervivencia, 1 tarjeta multifunci\u00f3n, 1 linterna 1 Silbato 1 llavero mini linterna 1 llavero Botella &nbsp; &nbsp; &nbsp; &nbsp;<\/p>\n","protected":false},"featured_media":29825,"comment_status":"open","ping_status":"closed","template":"","meta":{"jetpack_publicize_message":"","jetpack_publicize_feature_enabled":true,"jetpack_social_post_already_shared":true,"jetpack_social_options":{"image_generator_settings":{"template":"highway","enabled":false},"version":2}},"product_brand":[],"product_cat":[488,777],"product_tag":[2242,1591,779],"class_list":{"0":"post-29824","1":"product","2":"type-product","3":"status-publish","4":"has-post-thumbnail","6":"product_cat-kits","7":"product_cat-sos-kits","8":"product_tag-emergencia","9":"product_tag-kit","10":"product_tag-sos","12":"first","13":"instock","14":"sale","15":"taxable","16":"shipping-taxable","17":"purchasable","18":"product-type-simple"},"jetpack_publicize_connections":[],"jetpack_sharing_enabled":true,"_links":{"self":[{"href":"https:\/\/bodegaoutdoor.cl\/store\/wp-json\/wp\/v2\/product\/29824","targetHints":{"allow":["GET"]}}],"collection":[{"href":"https:\/\/bodegaoutdoor.cl\/store\/wp-json\/wp\/v2\/product"}],"about":[{"href":"https:\/\/bodegaoutdoor.cl\/store\/wp-json\/wp\/v2\/types\/product"}],"replies":[{"embeddable":true,"href":"https:\/\/bodegaoutdoor.cl\/store\/wp-json\/wp\/v2\/comments?post=29824"}],"version-history":[{"count":2,"href":"https:\/\/bodegaoutdoor.cl\/store\/wp-json\/wp\/v2\/product\/29824\/revisions"}],"predecessor-version":[{"id":71058,"href":"https:\/\/bodegaoutdoor.cl\/store\/wp-json\/wp\/v2\/product\/29824\/revisions\/71058"}],"wp:featuredmedia":[{"embeddable":true,"href":"https:\/\/bodegaoutdoor.cl\/store\/wp-json\/wp\/v2\/media\/29825"}],"wp:attachment":[{"href":"https:\/\/bodegaoutdoor.cl\/store\/wp-json\/wp\/v2\/media?parent=29824"}],"wp:term":[{"taxonomy":"product_brand","embeddable":true,"href":"https:\/\/bodegaoutdoor.cl\/store\/wp-json\/wp\/v2\/product_brand?post=29824"},{"taxonomy":"product_cat","embeddable":true,"href":"https:\/\/bodegaoutdoor.cl\/store\/wp-json\/wp\/v2\/product_cat?post=29824"},{"taxonomy":"product_tag","embeddable":true,"href":"https:\/\/bodegaoutdoor.cl\/store\/wp-json\/wp\/v2\/product_tag?post=29824"}],"curies":[{"name":"wp","href":"https:\/\/api.w.org\/{rel}","templated":true}]}}