{"id":32232,"date":"2021-03-10T14:02:04","date_gmt":"2021-03-10T17:02:04","guid":{"rendered":"https:\/\/bodegaoutdoor.cl\/store\/product\/esdy-botas-de-respuesta-rapida-tactica-militar-al-aire-libre-transpirable-tela-oxford-hebilla-automatica-superior-senderismo-escalada-zapatos-unisex\/"},"modified":"2023-07-19T11:30:20","modified_gmt":"2023-07-19T15:30:20","slug":"esdy-botas-de-respuesta-rapida-tactica-militar-al-aire-libre-transpirable-tela-oxford-hebilla-automatica-superior-senderismo-escalada-zapatos-unisex","status":"publish","type":"product","link":"https:\/\/bodegaoutdoor.cl\/store\/product\/esdy-botas-de-respuesta-rapida-tactica-militar-al-aire-libre-transpirable-tela-oxford-hebilla-automatica-superior-senderismo-escalada-zapatos-unisex\/","title":{"rendered":"Botin t\u00e1ctico Esdy hebilla autom\u00e1tica senderismo escalada"},"content":{"rendered":"<div>\n<div>\n<p style=\"text-align: center;\"><span style=\"font-size: 14pt;\">\u00a0<\/span><\/p>\n<p style=\"text-align: center;\"><span style=\"font-size: 14.0pt;\">Material: suela MD + caucho; material superior: Pu + Oxford<\/span><\/p>\n<p style=\"text-align: center;\"><span style=\"font-size: 14.0pt;\"><img decoding=\"async\" title=\"Esdy botas de Respuesta R\u00e1pida t\u00e1ctica militar al aire libre transpirable tela Oxford hebilla autom\u00e1tica superior senderismo escalada zapatos Unisex\" src=\"https:\/\/bodegaoutdoor.cl\/store\/wp-content\/uploads\/2021\/03\/32232-x4xpra.jpg\" alt=\"Esdy botas de Respuesta R\u00e1pida t\u00e1ctica militar al aire libre transpirable tela Oxford hebilla autom\u00e1tica superior senderismo escalada zapatos Unisex\" \/><\/span><\/p>\n<p style=\"text-align: center;\"><img fetchpriority=\"high\" decoding=\"async\" title=\"Esdy botas de Respuesta R\u00e1pida t\u00e1ctica militar al aire libre transpirable tela Oxford hebilla autom\u00e1tica superior senderismo escalada zapatos Unisex\" src=\"https:\/\/bodegaoutdoor.cl\/store\/wp-content\/uploads\/2021\/03\/32232-c4lssi.jpg\" alt=\"Esdy botas de Respuesta R\u00e1pida t\u00e1ctica militar al aire libre transpirable tela Oxford hebilla autom\u00e1tica superior senderismo escalada zapatos Unisex\" width=\"790\" height=\"790\" \/><\/p>\n<p><img decoding=\"async\" title=\"Esdy botas de Respuesta R\u00e1pida t\u00e1ctica militar al aire libre transpirable tela Oxford hebilla autom\u00e1tica superior senderismo escalada zapatos Unisex\" src=\"https:\/\/bodegaoutdoor.cl\/store\/wp-content\/uploads\/2021\/03\/32232-9ownd7.jpg\" alt=\"Esdy botas de Respuesta R\u00e1pida t\u00e1ctica militar al aire libre transpirable tela Oxford hebilla autom\u00e1tica superior senderismo escalada zapatos Unisex\" width=\"790\" height=\"790\" \/><\/p>\n<p><img decoding=\"async\" title=\"Esdy botas de Respuesta R\u00e1pida t\u00e1ctica militar al aire libre transpirable tela Oxford hebilla autom\u00e1tica superior senderismo escalada zapatos Unisex\" src=\"https:\/\/bodegaoutdoor.cl\/store\/wp-content\/uploads\/2021\/03\/32232-tzsfki.jpg\" alt=\"Esdy botas de Respuesta R\u00e1pida t\u00e1ctica militar al aire libre transpirable tela Oxford hebilla autom\u00e1tica superior senderismo escalada zapatos Unisex\" width=\"790\" height=\"790\" \/><\/p>\n<p><img loading=\"lazy\" decoding=\"async\" title=\"Esdy botas de Respuesta R\u00e1pida t\u00e1ctica militar al aire libre transpirable tela Oxford hebilla autom\u00e1tica superior senderismo escalada zapatos Unisex\" src=\"https:\/\/bodegaoutdoor.cl\/store\/wp-content\/uploads\/2021\/03\/32232-11cnog.jpg\" alt=\"Esdy botas de Respuesta R\u00e1pida t\u00e1ctica militar al aire libre transpirable tela Oxford hebilla autom\u00e1tica superior senderismo escalada zapatos Unisex\" width=\"790\" height=\"790\" \/><\/p>\n<p><img loading=\"lazy\" decoding=\"async\" title=\"Esdy botas de Respuesta R\u00e1pida t\u00e1ctica militar al aire libre transpirable tela Oxford hebilla autom\u00e1tica superior senderismo escalada zapatos Unisex\" src=\"https:\/\/bodegaoutdoor.cl\/store\/wp-content\/uploads\/2021\/03\/32232-vn9wbq.jpg\" alt=\"Esdy botas de Respuesta R\u00e1pida t\u00e1ctica militar al aire libre transpirable tela Oxford hebilla autom\u00e1tica superior senderismo escalada zapatos Unisex\" width=\"790\" height=\"790\" \/><\/p>\n<p><img loading=\"lazy\" decoding=\"async\" title=\"Esdy botas de Respuesta R\u00e1pida t\u00e1ctica militar al aire libre transpirable tela Oxford hebilla autom\u00e1tica superior senderismo escalada zapatos Unisex\" src=\"https:\/\/bodegaoutdoor.cl\/store\/wp-content\/uploads\/2021\/03\/32232-aw7nim.jpg\" alt=\"Esdy botas de Respuesta R\u00e1pida t\u00e1ctica militar al aire libre transpirable tela Oxford hebilla autom\u00e1tica superior senderismo escalada zapatos Unisex\" width=\"790\" height=\"790\" \/><\/p>\n<p><img loading=\"lazy\" decoding=\"async\" title=\"Esdy botas de Respuesta R\u00e1pida t\u00e1ctica militar al aire libre transpirable tela Oxford hebilla autom\u00e1tica superior senderismo escalada zapatos Unisex\" src=\"https:\/\/bodegaoutdoor.cl\/store\/wp-content\/uploads\/2021\/03\/32232-dfsnnz.jpg\" alt=\"Esdy botas de Respuesta R\u00e1pida t\u00e1ctica militar al aire libre transpirable tela Oxford hebilla autom\u00e1tica superior senderismo escalada zapatos Unisex\" width=\"790\" height=\"790\" \/><\/p>\n<p><img loading=\"lazy\" decoding=\"async\" title=\"Esdy botas de Respuesta R\u00e1pida t\u00e1ctica militar al aire libre transpirable tela Oxford hebilla autom\u00e1tica superior senderismo escalada zapatos Unisex\" src=\"https:\/\/bodegaoutdoor.cl\/store\/wp-content\/uploads\/2021\/03\/32232-4z4rk5.jpg\" alt=\"Esdy botas de Respuesta R\u00e1pida t\u00e1ctica militar al aire libre transpirable tela Oxford hebilla autom\u00e1tica superior senderismo escalada zapatos Unisex\" width=\"790\" height=\"790\" \/><\/p>\n<p><img loading=\"lazy\" decoding=\"async\" title=\"Esdy botas de Respuesta R\u00e1pida t\u00e1ctica militar al aire libre transpirable tela Oxford hebilla autom\u00e1tica superior senderismo escalada zapatos Unisex\" src=\"https:\/\/bodegaoutdoor.cl\/store\/wp-content\/uploads\/2021\/03\/32232-940ait.jpg\" alt=\"Esdy botas de Respuesta R\u00e1pida t\u00e1ctica militar al aire libre transpirable tela Oxford hebilla autom\u00e1tica superior senderismo escalada zapatos Unisex\" width=\"790\" height=\"790\" \/><\/p>\n<p><img loading=\"lazy\" decoding=\"async\" title=\"Esdy botas de Respuesta R\u00e1pida t\u00e1ctica militar al aire libre transpirable tela Oxford hebilla autom\u00e1tica superior senderismo escalada zapatos Unisex\" src=\"https:\/\/bodegaoutdoor.cl\/store\/wp-content\/uploads\/2021\/03\/32232-gngekh.jpg\" alt=\"Esdy botas de Respuesta R\u00e1pida t\u00e1ctica militar al aire libre transpirable tela Oxford hebilla autom\u00e1tica superior senderismo escalada zapatos Unisex\" width=\"790\" height=\"790\" \/><br \/>\n<img decoding=\"async\" title=\"Esdy botas de Respuesta R\u00e1pida t\u00e1ctica militar al aire libre transpirable tela Oxford hebilla autom\u00e1tica superior senderismo escalada zapatos Unisex\" src=\"https:\/\/bodegaoutdoor.cl\/store\/wp-content\/uploads\/2021\/03\/32232-pywmbc.jpg\" alt=\"Esdy botas de Respuesta R\u00e1pida t\u00e1ctica militar al aire libre transpirable tela Oxford hebilla autom\u00e1tica superior senderismo escalada zapatos Unisex\" \/><img decoding=\"async\" title=\"Esdy botas de Respuesta R\u00e1pida t\u00e1ctica militar al aire libre transpirable tela Oxford hebilla autom\u00e1tica superior senderismo escalada zapatos Unisex\" src=\"https:\/\/bodegaoutdoor.cl\/store\/wp-content\/uploads\/2021\/03\/32232-kqhsei.jpg\" alt=\"Esdy botas de Respuesta R\u00e1pida t\u00e1ctica militar al aire libre transpirable tela Oxford hebilla autom\u00e1tica superior senderismo escalada zapatos Unisex\" \/><img decoding=\"async\" title=\"Esdy botas de Respuesta R\u00e1pida t\u00e1ctica militar al aire libre transpirable tela Oxford hebilla autom\u00e1tica superior senderismo escalada zapatos Unisex\" src=\"https:\/\/bodegaoutdoor.cl\/store\/wp-content\/uploads\/2021\/03\/32232-ncvn8a.jpg\" alt=\"Esdy botas de Respuesta R\u00e1pida t\u00e1ctica militar al aire libre transpirable tela Oxford hebilla autom\u00e1tica superior senderismo escalada zapatos Unisex\" \/><img decoding=\"async\" title=\"Esdy botas de Respuesta R\u00e1pida t\u00e1ctica militar al aire libre transpirable tela Oxford hebilla autom\u00e1tica superior senderismo escalada zapatos Unisex\" src=\"https:\/\/bodegaoutdoor.cl\/store\/wp-content\/uploads\/2021\/03\/32232-ndxqtm.jpg\" alt=\"Esdy botas de Respuesta R\u00e1pida t\u00e1ctica militar al aire libre transpirable tela Oxford hebilla autom\u00e1tica superior senderismo escalada zapatos Unisex\" \/><img decoding=\"async\" title=\"Esdy botas de Respuesta R\u00e1pida t\u00e1ctica militar al aire libre transpirable tela Oxford hebilla autom\u00e1tica superior senderismo escalada zapatos Unisex\" src=\"https:\/\/bodegaoutdoor.cl\/store\/wp-content\/uploads\/2021\/03\/32232-fzh8ii.jpg\" alt=\"Esdy botas de Respuesta R\u00e1pida t\u00e1ctica militar al aire libre transpirable tela Oxford hebilla autom\u00e1tica superior senderismo escalada zapatos Unisex\" \/><img decoding=\"async\" title=\"Esdy botas de Respuesta R\u00e1pida t\u00e1ctica militar al aire libre transpirable tela Oxford hebilla autom\u00e1tica superior senderismo escalada zapatos Unisex\" src=\"https:\/\/bodegaoutdoor.cl\/store\/wp-content\/uploads\/2021\/03\/32232-dug4q9.jpg\" alt=\"Esdy botas de Respuesta R\u00e1pida t\u00e1ctica militar al aire libre transpirable tela Oxford hebilla autom\u00e1tica superior senderismo escalada zapatos Unisex\" \/><img decoding=\"async\" title=\"Esdy botas de Respuesta R\u00e1pida t\u00e1ctica militar al aire libre transpirable tela Oxford hebilla autom\u00e1tica superior senderismo escalada zapatos Unisex\" src=\"https:\/\/bodegaoutdoor.cl\/store\/wp-content\/uploads\/2021\/03\/32232-x9b65d.jpg\" alt=\"Esdy botas de Respuesta R\u00e1pida t\u00e1ctica militar al aire libre transpirable tela Oxford hebilla autom\u00e1tica superior senderismo escalada zapatos Unisex\" \/><img decoding=\"async\" title=\"Esdy botas de Respuesta R\u00e1pida t\u00e1ctica militar al aire libre transpirable tela Oxford hebilla autom\u00e1tica superior senderismo escalada zapatos Unisex\" src=\"https:\/\/bodegaoutdoor.cl\/store\/wp-content\/uploads\/2021\/03\/32232-o2lxbb.jpg\" alt=\"Esdy botas de Respuesta R\u00e1pida t\u00e1ctica militar al aire libre transpirable tela Oxford hebilla autom\u00e1tica superior senderismo escalada zapatos Unisex\" \/><img decoding=\"async\" title=\"Esdy botas de Respuesta R\u00e1pida t\u00e1ctica militar al aire libre transpirable tela Oxford hebilla autom\u00e1tica superior senderismo escalada zapatos Unisex\" src=\"https:\/\/bodegaoutdoor.cl\/store\/wp-content\/uploads\/2021\/03\/32232-yt0ceg.jpg\" alt=\"Esdy botas de Respuesta R\u00e1pida t\u00e1ctica militar al aire libre transpirable tela Oxford hebilla autom\u00e1tica superior senderismo escalada zapatos Unisex\" \/><\/p>\n<p>&nbsp;<\/p>\n<\/div>\n<\/div>\n\n    <div class=\"xs_social_share_widget xs_share_url after_content \t\tmain_content  wslu-style-1 wslu-share-box-shaped wslu-fill-colored wslu-none wslu-share-horizontal wslu-theme-font-no wslu-main_content\">\n\n\t\t\n        <ul>\n\t\t\t        <\/ul>\n    <\/div> \n","protected":false},"excerpt":{"rendered":"<p>\u00a0 Material: suela MD + caucho; material superior: Pu + Oxford &nbsp;<\/p>\n","protected":false},"featured_media":32692,"comment_status":"open","ping_status":"closed","template":"","meta":{"jetpack_publicize_message":"","jetpack_publicize_feature_enabled":true,"jetpack_social_post_already_shared":true,"jetpack_social_options":{"image_generator_settings":{"template":"highway","enabled":false},"version":2}},"product_brand":[],"product_cat":[41,43],"product_tag":[2207,156,849,481,909],"class_list":{"0":"post-32232","1":"product","2":"type-product","3":"status-publish","4":"has-post-thumbnail","6":"product_cat-calzado","7":"product_cat-calzado-hombre","8":"product_tag-botin","9":"product_tag-calzado","10":"product_tag-esdy","11":"product_tag-outdoor","12":"product_tag-trekking","14":"first","15":"instock","16":"sale","17":"taxable","18":"shipping-taxable","19":"purchasable","20":"product-type-variable"},"jetpack_publicize_connections":[],"jetpack_sharing_enabled":true,"_links":{"self":[{"href":"https:\/\/bodegaoutdoor.cl\/store\/wp-json\/wp\/v2\/product\/32232","targetHints":{"allow":["GET"]}}],"collection":[{"href":"https:\/\/bodegaoutdoor.cl\/store\/wp-json\/wp\/v2\/product"}],"about":[{"href":"https:\/\/bodegaoutdoor.cl\/store\/wp-json\/wp\/v2\/types\/product"}],"replies":[{"embeddable":true,"href":"https:\/\/bodegaoutdoor.cl\/store\/wp-json\/wp\/v2\/comments?post=32232"}],"version-history":[{"count":1,"href":"https:\/\/bodegaoutdoor.cl\/store\/wp-json\/wp\/v2\/product\/32232\/revisions"}],"predecessor-version":[{"id":71044,"href":"https:\/\/bodegaoutdoor.cl\/store\/wp-json\/wp\/v2\/product\/32232\/revisions\/71044"}],"wp:featuredmedia":[{"embeddable":true,"href":"https:\/\/bodegaoutdoor.cl\/store\/wp-json\/wp\/v2\/media\/32692"}],"wp:attachment":[{"href":"https:\/\/bodegaoutdoor.cl\/store\/wp-json\/wp\/v2\/media?parent=32232"}],"wp:term":[{"taxonomy":"product_brand","embeddable":true,"href":"https:\/\/bodegaoutdoor.cl\/store\/wp-json\/wp\/v2\/product_brand?post=32232"},{"taxonomy":"product_cat","embeddable":true,"href":"https:\/\/bodegaoutdoor.cl\/store\/wp-json\/wp\/v2\/product_cat?post=32232"},{"taxonomy":"product_tag","embeddable":true,"href":"https:\/\/bodegaoutdoor.cl\/store\/wp-json\/wp\/v2\/product_tag?post=32232"}],"curies":[{"name":"wp","href":"https:\/\/api.w.org\/{rel}","templated":true}]}}