{"id":3350,"date":"2020-07-14T02:39:45","date_gmt":"2020-07-14T02:39:45","guid":{"rendered":"https:\/\/bodegaoutdoor.cl\/store\/product\/auriculares-inalambricos-lenovo-bluetooth5-0-auriculares-magneticos-con-banda-para-el-cuello-auriculares-deportivos-impermeables-ipx5-con-microfono-de-cancelacion-de-ruido\/"},"modified":"2023-05-04T19:19:42","modified_gmt":"2023-05-04T23:19:42","slug":"auriculares-inalambricos-lenovo-bluetooth5-0-auriculares-magneticos-con-banda-para-el-cuello-auriculares-deportivos-impermeables-ipx5-con-microfono-de-cancelacion-de-ruido","status":"publish","type":"product","link":"https:\/\/bodegaoutdoor.cl\/store\/product\/auriculares-inalambricos-lenovo-bluetooth5-0-auriculares-magneticos-con-banda-para-el-cuello-auriculares-deportivos-impermeables-ipx5-con-microfono-de-cancelacion-de-ruido\/","title":{"rendered":"Auriculares inal\u00e1mbricos Lenovo Bluetooth 5.0"},"content":{"rendered":"<p style=\"text-align: center;\"><video style=\"max-width: 100%;\" src=\"\/\/cloud.video.taobao.com\/play\/u\/4085895994\/p\/1\/e\/6\/t\/10301\/248780656450.mp4\" poster=\"https:\/\/ae01.alicdn.com\/kf\/H014a628e041a44fb9ac0e74fdfd9a7517\/Auriculares-inal-mbricos-Lenovo-Bluetooth5-0-auriculares-magn-ticos-con-banda-para-el-cuello-Auriculares-deportivos.jpg,https:\/\/ae01.alicdn.com\/kf\/Hcac14d4db48c422d97113b83a960338eJ\/Auriculares-inal-mbricos-Lenovo-Bluetooth5-0-auriculares-magn-ticos-con-banda-para-el-cuello-Auriculares-deportivos.jpg,https:\/\/ae01.alicdn.com\/kf\/H5bcc5e6937304204b936097e39164d3dh\/Auriculares-inal-mbricos-Lenovo-Bluetooth5-0-auriculares-magn-ticos-con-banda-para-el-cuello-Auriculares-deportivos.jpg,https:\/\/ae01.alicdn.com\/kf\/Haec2a44a08074c45a1120574469e0769O\/Auriculares-inal-mbricos-Lenovo-Bluetooth5-0-auriculares-magn-ticos-con-banda-para-el-cuello-Auriculares-deportivos.jpg,https:\/\/ae01.alicdn.com\/kf\/Hca05c35745ce41a689ac927415482814G\/Auriculares-inal-mbricos-Lenovo-Bluetooth5-0-auriculares-magn-ticos-con-banda-para-el-cuello-Auriculares-deportivos.jpg,https:\/\/ae01.alicdn.com\/kf\/H1789640af95d41ae98ca2deb0bc85c74D\/Auriculares-inal-mbricos-Lenovo-Bluetooth5-0-auriculares-magn-ticos-con-banda-para-el-cuello-Auriculares-deportivos.jpg\" preload=\"auto\" controls=\"controls\" width=\"100%\" height=\"100%\"><\/video><\/p>\n<div>\n<div>\n<p>&nbsp;<\/p>\n<div style=\"margin-left: 2.0876826722338%; margin-top: -72.025052192067%; width: 22.86012526096%;\"><a href=\"\/\/www.aliexpress.com\/item\/detail\/4000049082585.html\" target=\"_blank\" rel=\"noopener noreferrer\"><img decoding=\"async\" title=\"Auriculares inal\u00e1mbricos Lenovo Bluetooth5.0, auriculares magn\u00e9ticos con banda para el cuello, Auriculares deportivos impermeables IPX5 con micr\u00f3fono de cancelaci\u00f3n de ruido\" src=\"https:\/\/bodegaoutdoor.cl\/store\/wp-content\/uploads\/2020\/07\/3350-3m4agj.png\" alt=\"Auriculares inal\u00e1mbricos Lenovo Bluetooth5.0, auriculares magn\u00e9ticos con banda para el cuello, Auriculares deportivos impermeables IPX5 con micr\u00f3fono de cancelaci\u00f3n de ruido\" \/><\/a><\/div>\n<div style=\"margin-left: 26.409185803758%; margin-top: -34.133611691023%; width: 22.86012526096%;\"><\/div>\n<div style=\"margin-left: 50.730688935282%; margin-top: -34.133611691023%; width: 22.86012526096%;\"><\/div>\n<div style=\"margin-left: 75.052192066806%; margin-top: -34.133611691023%; width: 22.86012526096%;\"><a href=\"\/\/www.aliexpress.com\/item\/detail\/4000772802281.html\" target=\"_blank\" rel=\"noopener noreferrer\"><img decoding=\"async\" title=\"Auriculares inal\u00e1mbricos Lenovo Bluetooth5.0, auriculares magn\u00e9ticos con banda para el cuello, Auriculares deportivos impermeables IPX5 con micr\u00f3fono de cancelaci\u00f3n de ruido\" src=\"https:\/\/bodegaoutdoor.cl\/store\/wp-content\/uploads\/2020\/07\/3350-3m4agj.png\" alt=\"Auriculares inal\u00e1mbricos Lenovo Bluetooth5.0, auriculares magn\u00e9ticos con banda para el cuello, Auriculares deportivos impermeables IPX5 con micr\u00f3fono de cancelaci\u00f3n de ruido\" \/><\/a><\/div>\n<div style=\"margin-left: 2.0876826722338%; margin-top: 1.4613778705637%; width: 22.86012526096%;\"><a href=\"\/\/www.aliexpress.com\/item\/detail\/4000460985238.html\" target=\"_blank\" rel=\"noopener noreferrer\"><img decoding=\"async\" title=\"Auriculares inal\u00e1mbricos Lenovo Bluetooth5.0, auriculares magn\u00e9ticos con banda para el cuello, Auriculares deportivos impermeables IPX5 con micr\u00f3fono de cancelaci\u00f3n de ruido\" src=\"https:\/\/bodegaoutdoor.cl\/store\/wp-content\/uploads\/2020\/07\/3350-3m4agj.png\" alt=\"Auriculares inal\u00e1mbricos Lenovo Bluetooth5.0, auriculares magn\u00e9ticos con banda para el cuello, Auriculares deportivos impermeables IPX5 con micr\u00f3fono de cancelaci\u00f3n de ruido\" \/><\/a><\/div>\n<div style=\"margin-left: 26.409185803758%; margin-top: -34.133611691023%; width: 22.86012526096%;\"><a href=\"\/\/www.aliexpress.com\/item\/detail\/4000537130890.html\" target=\"_blank\" rel=\"noopener noreferrer\"><img decoding=\"async\" title=\"Auriculares inal\u00e1mbricos Lenovo Bluetooth5.0, auriculares magn\u00e9ticos con banda para el cuello, Auriculares deportivos impermeables IPX5 con micr\u00f3fono de cancelaci\u00f3n de ruido\" src=\"https:\/\/bodegaoutdoor.cl\/store\/wp-content\/uploads\/2020\/07\/3350-3m4agj.png\" alt=\"Auriculares inal\u00e1mbricos Lenovo Bluetooth5.0, auriculares magn\u00e9ticos con banda para el cuello, Auriculares deportivos impermeables IPX5 con micr\u00f3fono de cancelaci\u00f3n de ruido\" \/><\/a><\/div>\n<div style=\"margin-left: 50.730688935282%; margin-top: -34.133611691023%; width: 22.86012526096%;\"><a href=\"\/\/www.aliexpress.com\/item\/detail\/4000751269950.html\" target=\"_blank\" rel=\"noopener noreferrer\"><img decoding=\"async\" title=\"Auriculares inal\u00e1mbricos Lenovo Bluetooth5.0, auriculares magn\u00e9ticos con banda para el cuello, Auriculares deportivos impermeables IPX5 con micr\u00f3fono de cancelaci\u00f3n de ruido\" src=\"https:\/\/bodegaoutdoor.cl\/store\/wp-content\/uploads\/2020\/07\/3350-3m4agj.png\" alt=\"Auriculares inal\u00e1mbricos Lenovo Bluetooth5.0, auriculares magn\u00e9ticos con banda para el cuello, Auriculares deportivos impermeables IPX5 con micr\u00f3fono de cancelaci\u00f3n de ruido\" \/><\/a><\/div>\n<div style=\"margin-left: 75.052192066806%; margin-top: -34.133611691023%; width: 22.86012526096%;\"><a href=\"\/\/www.aliexpress.com\/item\/detail\/4000785976372.html\" target=\"_blank\" rel=\"noopener noreferrer\"><img decoding=\"async\" title=\"Auriculares inal\u00e1mbricos Lenovo Bluetooth5.0, auriculares magn\u00e9ticos con banda para el cuello, Auriculares deportivos impermeables IPX5 con micr\u00f3fono de cancelaci\u00f3n de ruido\" src=\"https:\/\/bodegaoutdoor.cl\/store\/wp-content\/uploads\/2020\/07\/3350-3m4agj.png\" alt=\"Auriculares inal\u00e1mbricos Lenovo Bluetooth5.0, auriculares magn\u00e9ticos con banda para el cuello, Auriculares deportivos impermeables IPX5 con micr\u00f3fono de cancelaci\u00f3n de ruido\" \/><\/a><\/div>\n<div style=\"margin-left: 1.2526096033403%; margin-top: -167.32776617954%; width: 97.494780793319%;\"><a href=\"\/\/www.aliexpress.com\/item\/4000537130890.html?spm=a2g0o.productlist.0.0.44b863deNmCgOT&amp;algo_pvid=25143c19-f201-4c7e-9bd4-d0bc87a444d8&amp;algo_expid=25143c19-f201-4c7e-9bd4-d0bc87a444d8-24&amp;btsid=0bb47a1915847019552617235e700e&amp;ws_ab_test=searchweb0_0,searchweb201602_,searchweb201603_\" target=\"_blank\" rel=\"noopener noreferrer\"><img decoding=\"async\" title=\"Auriculares inal\u00e1mbricos Lenovo Bluetooth5.0, auriculares magn\u00e9ticos con banda para el cuello, Auriculares deportivos impermeables IPX5 con micr\u00f3fono de cancelaci\u00f3n de ruido\" src=\"https:\/\/bodegaoutdoor.cl\/store\/wp-content\/uploads\/2020\/07\/3350-wb60uw.png\" alt=\"Auriculares inal\u00e1mbricos Lenovo Bluetooth5.0, auriculares magn\u00e9ticos con banda para el cuello, Auriculares deportivos impermeables IPX5 con micr\u00f3fono de cancelaci\u00f3n de ruido\" \/><\/a><\/div>\n<div style=\"margin-left: 0.93945720250522%; margin-top: 31.941544885177%; width: 99.164926931106%;\"><a href=\"\/\/lenovoonline.aliexpress.com\/store\/4486023?spm=a2g0o.productlist.0.0.44b863deNmCgOT\" target=\"_blank\" rel=\"noopener noreferrer\"><img decoding=\"async\" title=\"Auriculares inal\u00e1mbricos Lenovo Bluetooth5.0, auriculares magn\u00e9ticos con banda para el cuello, Auriculares deportivos impermeables IPX5 con micr\u00f3fono de cancelaci\u00f3n de ruido\" src=\"https:\/\/bodegaoutdoor.cl\/store\/wp-content\/uploads\/2020\/07\/3350-ac78lt.png\" alt=\"Auriculares inal\u00e1mbricos Lenovo Bluetooth5.0, auriculares magn\u00e9ticos con banda para el cuello, Auriculares deportivos impermeables IPX5 con micr\u00f3fono de cancelaci\u00f3n de ruido\" \/><\/a><\/div>\n<div style=\"margin-left: 0%; margin-top: -61.064718162839%; width: 100.20876826722%;\"><a href=\"668%230%23131923%235_668%23808%234093%2337_668%23888%233325%2319\" target=\"_blank\" rel=\"noopener noreferrer\"><img decoding=\"async\" title=\"Auriculares inal\u00e1mbricos Lenovo Bluetooth5.0, auriculares magn\u00e9ticos con banda para el cuello, Auriculares deportivos impermeables IPX5 con micr\u00f3fono de cancelaci\u00f3n de ruido\" src=\"https:\/\/bodegaoutdoor.cl\/store\/wp-content\/uploads\/2020\/07\/3350-xvth9o.png\" alt=\"Auriculares inal\u00e1mbricos Lenovo Bluetooth5.0, auriculares magn\u00e9ticos con banda para el cuello, Auriculares deportivos impermeables IPX5 con micr\u00f3fono de cancelaci\u00f3n de ruido\" \/><\/a><\/div>\n<div style=\"margin-top: 108.76826722338%; height: 0; width: 0;\"><\/div>\n<\/div>\n<div style=\"border: 0;\"><\/div>\n<\/div>\n<div>\n<p style=\"font-family: 'OpenSans'; color: #000; font-weight: 900; font-size: 20px; line-height: 28px; margin-bottom: 12px;\">Principales caracter\u00edsticas<\/p>\n<p style=\"font-family: 'OpenSans'; color: #000; font-weight: 300; font-size: 14px; line-height: 20px; margin-bottom: 12px;\">\u25cf Cuenta con tecnolog\u00eda BT 5,0, conveniente para que lo conecte a su tel\u00e9fono inteligente, con micr\u00f3fono con cancelaci\u00f3n de ruido CVC, los auriculares se deshacen de los ruidos est\u00e1ticos y ambientales durante las llamadas telef\u00f3nicas, para que puedas tener llamadas m\u00e1s claras y m\u00e1s estables.<br \/>\n\u25cf Altavoces de grado superior, que le dan sonido est\u00e9reo envolvente, perfecto para jugar juegos.<br \/>\n\u25cf Bater\u00eda recargable integrada de 80mAh, que le proporciona un tiempo de espera de 120 horas y un tiempo de trabajo continuo de aproximadamente 8 horas.<br \/>\n\u25cf Al conectarse a su tel\u00e9fono, la capacidad de la bater\u00eda de los auriculares se mostrar\u00e1 en su tel\u00e9fono para que pueda saber cu\u00e1ndo cargar sus auriculares f\u00e1cilmente.<br \/>\n\u25cf Hecho de metal calificado y material de silicona, es a prueba de polvo, resistente al sudor y resistente al agua, ideal para su uso diario.<br \/>\n\u25cf Dise\u00f1o ergon\u00f3mico y magn\u00e9tico, ligero y muy flexible, se puede doblar en cualquier forma, f\u00e1cil de almacenar.<\/p>\n<\/div>\n<div>\n<p style=\"font-family: 'OpenSans'; color: #000; font-weight: 900; font-size: 20px; line-height: 28px; margin-bottom: 12px;\">Paquete de Detalles<\/p>\n<p style=\"font-family: 'OpenSans'; color: #000; font-weight: 300; font-size: 14px; line-height: 20px; margin-bottom: 12px;\">1 par de auriculares<br \/>\n1 x Manual de ingl\u00e9s<br \/>\n3 x pares de almohadillas<br \/>\n1 x Cable USB<\/p>\n<\/div>\n<div><img decoding=\"async\" title=\"Auriculares inal\u00e1mbricos Lenovo Bluetooth5.0, auriculares magn\u00e9ticos con banda para el cuello, Auriculares deportivos impermeables IPX5 con micr\u00f3fono de cancelaci\u00f3n de ruido\" src=\"https:\/\/bodegaoutdoor.cl\/store\/wp-content\/uploads\/2020\/07\/3350-dy9tal.jpeg\" alt=\"Auriculares inal\u00e1mbricos Lenovo Bluetooth5.0, auriculares magn\u00e9ticos con banda para el cuello, Auriculares deportivos impermeables IPX5 con micr\u00f3fono de cancelaci\u00f3n de ruido\" \/><img decoding=\"async\" title=\"Auriculares inal\u00e1mbricos Lenovo Bluetooth5.0, auriculares magn\u00e9ticos con banda para el cuello, Auriculares deportivos impermeables IPX5 con micr\u00f3fono de cancelaci\u00f3n de ruido\" src=\"https:\/\/bodegaoutdoor.cl\/store\/wp-content\/uploads\/2020\/07\/3350-zaxdzh.jpg\" alt=\"Auriculares inal\u00e1mbricos Lenovo Bluetooth5.0, auriculares magn\u00e9ticos con banda para el cuello, Auriculares deportivos impermeables IPX5 con micr\u00f3fono de cancelaci\u00f3n de ruido\" \/><img decoding=\"async\" title=\"Auriculares inal\u00e1mbricos Lenovo Bluetooth5.0, auriculares magn\u00e9ticos con banda para el cuello, Auriculares deportivos impermeables IPX5 con micr\u00f3fono de cancelaci\u00f3n de ruido\" src=\"https:\/\/bodegaoutdoor.cl\/store\/wp-content\/uploads\/2020\/07\/3350-h4ge8i.jpeg\" alt=\"Auriculares inal\u00e1mbricos Lenovo Bluetooth5.0, auriculares magn\u00e9ticos con banda para el cuello, Auriculares deportivos impermeables IPX5 con micr\u00f3fono de cancelaci\u00f3n de ruido\" \/><img decoding=\"async\" title=\"Auriculares inal\u00e1mbricos Lenovo Bluetooth5.0, auriculares magn\u00e9ticos con banda para el cuello, Auriculares deportivos impermeables IPX5 con micr\u00f3fono de cancelaci\u00f3n de ruido\" src=\"https:\/\/bodegaoutdoor.cl\/store\/wp-content\/uploads\/2020\/07\/3350-keeibu.jpeg\" alt=\"Auriculares inal\u00e1mbricos Lenovo Bluetooth5.0, auriculares magn\u00e9ticos con banda para el cuello, Auriculares deportivos impermeables IPX5 con micr\u00f3fono de cancelaci\u00f3n de ruido\" \/><img decoding=\"async\" title=\"Auriculares inal\u00e1mbricos Lenovo Bluetooth5.0, auriculares magn\u00e9ticos con banda para el cuello, Auriculares deportivos impermeables IPX5 con micr\u00f3fono de cancelaci\u00f3n de ruido\" src=\"https:\/\/bodegaoutdoor.cl\/store\/wp-content\/uploads\/2020\/07\/3350-dmvhdg.jpeg\" alt=\"Auriculares inal\u00e1mbricos Lenovo Bluetooth5.0, auriculares magn\u00e9ticos con banda para el cuello, Auriculares deportivos impermeables IPX5 con micr\u00f3fono de cancelaci\u00f3n de ruido\" \/><img decoding=\"async\" title=\"Auriculares inal\u00e1mbricos Lenovo Bluetooth5.0, auriculares magn\u00e9ticos con banda para el cuello, Auriculares deportivos impermeables IPX5 con micr\u00f3fono de cancelaci\u00f3n de ruido\" src=\"https:\/\/bodegaoutdoor.cl\/store\/wp-content\/uploads\/2020\/07\/3350-7eajrt.jpeg\" alt=\"Auriculares inal\u00e1mbricos Lenovo Bluetooth5.0, auriculares magn\u00e9ticos con banda para el cuello, Auriculares deportivos impermeables IPX5 con micr\u00f3fono de cancelaci\u00f3n de ruido\" \/><img decoding=\"async\" title=\"Auriculares inal\u00e1mbricos Lenovo Bluetooth5.0, auriculares magn\u00e9ticos con banda para el cuello, Auriculares deportivos impermeables IPX5 con micr\u00f3fono de cancelaci\u00f3n de ruido\" src=\"https:\/\/bodegaoutdoor.cl\/store\/wp-content\/uploads\/2020\/07\/3350-appk6g.jpg\" alt=\"Auriculares inal\u00e1mbricos Lenovo Bluetooth5.0, auriculares magn\u00e9ticos con banda para el cuello, Auriculares deportivos impermeables IPX5 con micr\u00f3fono de cancelaci\u00f3n de ruido\" \/><img decoding=\"async\" title=\"Auriculares inal\u00e1mbricos Lenovo Bluetooth5.0, auriculares magn\u00e9ticos con banda para el cuello, Auriculares deportivos impermeables IPX5 con micr\u00f3fono de cancelaci\u00f3n de ruido\" src=\"https:\/\/bodegaoutdoor.cl\/store\/wp-content\/uploads\/2020\/07\/3350-3f41fn.jpeg\" alt=\"Auriculares inal\u00e1mbricos Lenovo Bluetooth5.0, auriculares magn\u00e9ticos con banda para el cuello, Auriculares deportivos impermeables IPX5 con micr\u00f3fono de cancelaci\u00f3n de ruido\" \/><img decoding=\"async\" title=\"Auriculares inal\u00e1mbricos Lenovo Bluetooth5.0, auriculares magn\u00e9ticos con banda para el cuello, Auriculares deportivos impermeables IPX5 con micr\u00f3fono de cancelaci\u00f3n de ruido\" src=\"https:\/\/bodegaoutdoor.cl\/store\/wp-content\/uploads\/2020\/07\/3350-rb4cqh.jpeg\" alt=\"Auriculares inal\u00e1mbricos Lenovo Bluetooth5.0, auriculares magn\u00e9ticos con banda para el cuello, Auriculares deportivos impermeables IPX5 con micr\u00f3fono de cancelaci\u00f3n de ruido\" \/><img decoding=\"async\" title=\"Auriculares inal\u00e1mbricos Lenovo Bluetooth5.0, auriculares magn\u00e9ticos con banda para el cuello, Auriculares deportivos impermeables IPX5 con micr\u00f3fono de cancelaci\u00f3n de ruido\" src=\"https:\/\/bodegaoutdoor.cl\/store\/wp-content\/uploads\/2020\/07\/3350-ulbnnu.jpeg\" alt=\"Auriculares inal\u00e1mbricos Lenovo Bluetooth5.0, auriculares magn\u00e9ticos con banda para el cuello, Auriculares deportivos impermeables IPX5 con micr\u00f3fono de cancelaci\u00f3n de ruido\" \/><img decoding=\"async\" title=\"Auriculares inal\u00e1mbricos Lenovo Bluetooth5.0, auriculares magn\u00e9ticos con banda para el cuello, Auriculares deportivos impermeables IPX5 con micr\u00f3fono de cancelaci\u00f3n de ruido\" src=\"https:\/\/bodegaoutdoor.cl\/store\/wp-content\/uploads\/2020\/07\/3350-g1iprw.jpeg\" alt=\"Auriculares inal\u00e1mbricos Lenovo Bluetooth5.0, auriculares magn\u00e9ticos con banda para el cuello, Auriculares deportivos impermeables IPX5 con micr\u00f3fono de cancelaci\u00f3n de ruido\" \/><img decoding=\"async\" title=\"Auriculares inal\u00e1mbricos Lenovo Bluetooth5.0, auriculares magn\u00e9ticos con banda para el cuello, Auriculares deportivos impermeables IPX5 con micr\u00f3fono de cancelaci\u00f3n de ruido\" src=\"https:\/\/bodegaoutdoor.cl\/store\/wp-content\/uploads\/2020\/07\/3350-mjty7v.jpeg\" alt=\"Auriculares inal\u00e1mbricos Lenovo Bluetooth5.0, auriculares magn\u00e9ticos con banda para el cuello, Auriculares deportivos impermeables IPX5 con micr\u00f3fono de cancelaci\u00f3n de ruido\" \/><img decoding=\"async\" title=\"Auriculares inal\u00e1mbricos Lenovo Bluetooth5.0, auriculares magn\u00e9ticos con banda para el cuello, Auriculares deportivos impermeables IPX5 con micr\u00f3fono de cancelaci\u00f3n de ruido\" src=\"https:\/\/bodegaoutdoor.cl\/store\/wp-content\/uploads\/2020\/07\/3350-3ryk5r.jpeg\" alt=\"Auriculares inal\u00e1mbricos Lenovo Bluetooth5.0, auriculares magn\u00e9ticos con banda para el cuello, Auriculares deportivos impermeables IPX5 con micr\u00f3fono de cancelaci\u00f3n de ruido\" \/><img decoding=\"async\" title=\"Auriculares inal\u00e1mbricos Lenovo Bluetooth5.0, auriculares magn\u00e9ticos con banda para el cuello, Auriculares deportivos impermeables IPX5 con micr\u00f3fono de cancelaci\u00f3n de ruido\" src=\"https:\/\/bodegaoutdoor.cl\/store\/wp-content\/uploads\/2020\/07\/3350-p0v6uv.jpeg\" alt=\"Auriculares inal\u00e1mbricos Lenovo Bluetooth5.0, auriculares magn\u00e9ticos con banda para el cuello, Auriculares deportivos impermeables IPX5 con micr\u00f3fono de cancelaci\u00f3n de ruido\" \/><\/div>\n<div><img decoding=\"async\" title=\"Auriculares inal\u00e1mbricos Lenovo Bluetooth5.0, auriculares magn\u00e9ticos con banda para el cuello, Auriculares deportivos impermeables IPX5 con micr\u00f3fono de cancelaci\u00f3n de ruido\" src=\"https:\/\/bodegaoutdoor.cl\/store\/wp-content\/uploads\/2020\/07\/3350-hninkw.jpeg\" alt=\"Auriculares inal\u00e1mbricos Lenovo Bluetooth5.0, auriculares magn\u00e9ticos con banda para el cuello, Auriculares deportivos impermeables IPX5 con micr\u00f3fono de cancelaci\u00f3n de ruido\" \/><\/div>\n\n    <div class=\"xs_social_share_widget xs_share_url after_content \t\tmain_content  wslu-style-1 wslu-share-box-shaped wslu-fill-colored wslu-none wslu-share-horizontal wslu-theme-font-no wslu-main_content\">\n\n\t\t\n        <ul>\n\t\t\t        <\/ul>\n    <\/div> \n","protected":false},"excerpt":{"rendered":"<p>&nbsp; Principales caracter\u00edsticas \u25cf Cuenta con tecnolog\u00eda BT 5,0, conveniente para que lo conecte a su tel\u00e9fono inteligente, con micr\u00f3fono con cancelaci\u00f3n de ruido CVC, los auriculares se deshacen de los ruidos est\u00e1ticos y ambientales durante las llamadas telef\u00f3nicas, para que puedas tener llamadas m\u00e1s claras y m\u00e1s estables. \u25cf Altavoces de grado superior, que [&hellip;]<\/p>\n","protected":false},"featured_media":3354,"comment_status":"open","ping_status":"closed","template":"","meta":{"jetpack_publicize_message":"","jetpack_publicize_feature_enabled":true,"jetpack_social_post_already_shared":true,"jetpack_social_options":{"image_generator_settings":{"template":"highway","enabled":false},"version":2}},"product_brand":[],"product_cat":[31],"product_tag":[],"class_list":{"0":"post-3350","1":"product","2":"type-product","3":"status-publish","4":"has-post-thumbnail","6":"product_cat-audifonos","8":"first","9":"instock","10":"sale","11":"taxable","12":"shipping-taxable","13":"purchasable","14":"product-type-variable"},"jetpack_publicize_connections":[],"jetpack_sharing_enabled":true,"_links":{"self":[{"href":"https:\/\/bodegaoutdoor.cl\/store\/wp-json\/wp\/v2\/product\/3350","targetHints":{"allow":["GET"]}}],"collection":[{"href":"https:\/\/bodegaoutdoor.cl\/store\/wp-json\/wp\/v2\/product"}],"about":[{"href":"https:\/\/bodegaoutdoor.cl\/store\/wp-json\/wp\/v2\/types\/product"}],"replies":[{"embeddable":true,"href":"https:\/\/bodegaoutdoor.cl\/store\/wp-json\/wp\/v2\/comments?post=3350"}],"version-history":[{"count":2,"href":"https:\/\/bodegaoutdoor.cl\/store\/wp-json\/wp\/v2\/product\/3350\/revisions"}],"predecessor-version":[{"id":71377,"href":"https:\/\/bodegaoutdoor.cl\/store\/wp-json\/wp\/v2\/product\/3350\/revisions\/71377"}],"wp:featuredmedia":[{"embeddable":true,"href":"https:\/\/bodegaoutdoor.cl\/store\/wp-json\/wp\/v2\/media\/3354"}],"wp:attachment":[{"href":"https:\/\/bodegaoutdoor.cl\/store\/wp-json\/wp\/v2\/media?parent=3350"}],"wp:term":[{"taxonomy":"product_brand","embeddable":true,"href":"https:\/\/bodegaoutdoor.cl\/store\/wp-json\/wp\/v2\/product_brand?post=3350"},{"taxonomy":"product_cat","embeddable":true,"href":"https:\/\/bodegaoutdoor.cl\/store\/wp-json\/wp\/v2\/product_cat?post=3350"},{"taxonomy":"product_tag","embeddable":true,"href":"https:\/\/bodegaoutdoor.cl\/store\/wp-json\/wp\/v2\/product_tag?post=3350"}],"curies":[{"name":"wp","href":"https:\/\/api.w.org\/{rel}","templated":true}]}}