{"id":3468,"date":"2020-07-14T03:11:52","date_gmt":"2020-07-14T03:11:52","guid":{"rendered":"https:\/\/bodegaoutdoor.cl\/store\/product\/jakcom-cc2-camara-compacta-mejor-que-camara-de-video-webcam-6-cam-android-tv-box-c-922-8-camaras-negras-camara\/"},"modified":"2023-05-04T19:19:42","modified_gmt":"2023-05-04T23:19:42","slug":"jakcom-cc2-camara-compacta","status":"publish","type":"product","link":"https:\/\/bodegaoutdoor.cl\/store\/product\/jakcom-cc2-camara-compacta\/","title":{"rendered":"C\u00e1mara  de v\u00eddeo webcam 6 android tv box color Negro"},"content":{"rendered":"<p style=\"text-align: center;\"><video style=\"max-width: 100%;\" src=\"\/\/cloud.video.taobao.com\/play\/u\/3127201119\/p\/1\/e\/6\/t\/10301\/272102823113.mp4\" poster=\"https:\/\/ae01.alicdn.com\/kf\/Hd8dadc6cdaad4f61aaa6edc561f781edJ\/JAKCOM-CC2-c-mara-compacta-mejor-que-c-mara-de-v-deo-webcam-6-cam-android.jpg,https:\/\/ae01.alicdn.com\/kf\/H71f55713e3ec415e99fe6efd128b59f4n\/JAKCOM-CC2-c-mara-compacta-mejor-que-c-mara-de-v-deo-webcam-6-cam-android.jpg,https:\/\/ae01.alicdn.com\/kf\/Hcf0483176fa64d2aa1609848cbcbca6es\/JAKCOM-CC2-c-mara-compacta-mejor-que-c-mara-de-v-deo-webcam-6-cam-android.jpg,https:\/\/ae01.alicdn.com\/kf\/H23cb2b0e713042b280da82aebfd8e87au\/JAKCOM-CC2-c-mara-compacta-mejor-que-c-mara-de-v-deo-webcam-6-cam-android.jpg,https:\/\/ae01.alicdn.com\/kf\/H2a7b77c12dba46588ee66434043a4445Y\/JAKCOM-CC2-c-mara-compacta-mejor-que-c-mara-de-v-deo-webcam-6-cam-android.jpg,https:\/\/ae01.alicdn.com\/kf\/Hd11346ac16874c38ace7a3705551a6fbI\/JAKCOM-CC2-c-mara-compacta-mejor-que-c-mara-de-v-deo-webcam-6-cam-android.jpg\" preload=\"auto\" controls=\"controls\" width=\"100%\" height=\"100%\"><\/video><\/p>\n<p><span style=\"color: #ffffff;\">JAKCOM CC2 c\u00e1mara compacta mejor que c\u00e1mara de v\u00eddeo webcam 6 cam android tv box c 922 8 c\u00e1maras negras camara209<\/span><\/p>\n\n    <div class=\"xs_social_share_widget xs_share_url after_content \t\tmain_content  wslu-style-1 wslu-share-box-shaped wslu-fill-colored wslu-none wslu-share-horizontal wslu-theme-font-no wslu-main_content\">\n\n\t\t\n        <ul>\n\t\t\t        <\/ul>\n    <\/div> \n","protected":false},"excerpt":{"rendered":"<p>JAKCOM CC2 c\u00e1mara compacta mejor que c\u00e1mara de v\u00eddeo webcam 6 cam android tv box c 922 8 c\u00e1maras negras camara209<\/p>\n","protected":false},"featured_media":3470,"comment_status":"open","ping_status":"closed","template":"","meta":{"jetpack_publicize_message":"","jetpack_publicize_feature_enabled":true,"jetpack_social_post_already_shared":true,"jetpack_social_options":{"image_generator_settings":{"template":"highway","enabled":false},"version":2}},"product_brand":[],"product_cat":[32],"product_tag":[],"class_list":{"0":"post-3468","1":"product","2":"type-product","3":"status-publish","4":"has-post-thumbnail","6":"product_cat-camaras","8":"first","9":"instock","10":"sale","11":"taxable","12":"shipping-taxable","13":"purchasable","14":"product-type-variable"},"jetpack_publicize_connections":[],"jetpack_sharing_enabled":true,"_links":{"self":[{"href":"https:\/\/bodegaoutdoor.cl\/store\/wp-json\/wp\/v2\/product\/3468","targetHints":{"allow":["GET"]}}],"collection":[{"href":"https:\/\/bodegaoutdoor.cl\/store\/wp-json\/wp\/v2\/product"}],"about":[{"href":"https:\/\/bodegaoutdoor.cl\/store\/wp-json\/wp\/v2\/types\/product"}],"replies":[{"embeddable":true,"href":"https:\/\/bodegaoutdoor.cl\/store\/wp-json\/wp\/v2\/comments?post=3468"}],"version-history":[{"count":1,"href":"https:\/\/bodegaoutdoor.cl\/store\/wp-json\/wp\/v2\/product\/3468\/revisions"}],"predecessor-version":[{"id":71375,"href":"https:\/\/bodegaoutdoor.cl\/store\/wp-json\/wp\/v2\/product\/3468\/revisions\/71375"}],"wp:featuredmedia":[{"embeddable":true,"href":"https:\/\/bodegaoutdoor.cl\/store\/wp-json\/wp\/v2\/media\/3470"}],"wp:attachment":[{"href":"https:\/\/bodegaoutdoor.cl\/store\/wp-json\/wp\/v2\/media?parent=3468"}],"wp:term":[{"taxonomy":"product_brand","embeddable":true,"href":"https:\/\/bodegaoutdoor.cl\/store\/wp-json\/wp\/v2\/product_brand?post=3468"},{"taxonomy":"product_cat","embeddable":true,"href":"https:\/\/bodegaoutdoor.cl\/store\/wp-json\/wp\/v2\/product_cat?post=3468"},{"taxonomy":"product_tag","embeddable":true,"href":"https:\/\/bodegaoutdoor.cl\/store\/wp-json\/wp\/v2\/product_tag?post=3468"}],"curies":[{"name":"wp","href":"https:\/\/api.w.org\/{rel}","templated":true}]}}