{"id":3638,"date":"2020-07-14T04:08:40","date_gmt":"2020-07-14T04:08:40","guid":{"rendered":"https:\/\/bodegaoutdoor.cl\/store\/product\/naturehike-2020-60l-5l-camping-senderismo-escalada-mochilas-piggyback-transpirable-ligero-alrededor-de-1160g-con-cubierta-de-lluvia-nh19bp095\/"},"modified":"2023-05-04T19:19:42","modified_gmt":"2023-05-04T23:19:42","slug":"naturehike-60l-5l-camping-senderismo-escalada-mochilas-piggyback-transpirable-ligero-alrededor-de-1160g-con-cubierta-de-lluvia","status":"publish","type":"product","link":"https:\/\/bodegaoutdoor.cl\/store\/product\/naturehike-60l-5l-camping-senderismo-escalada-mochilas-piggyback-transpirable-ligero-alrededor-de-1160g-con-cubierta-de-lluvia\/","title":{"rendered":"Naturehike 60L + 5L Camping mochilas ligero con cubierta de lluvia"},"content":{"rendered":"<p><span style=\"max-width: 100%; font-size: 20px;\">Descripci\u00f3n del producto<\/span><\/p>\n<p><span style=\"max-width: 100%; font-size: 20px;\">Marca: Naturehike<\/span><\/p>\n<p><span style=\"max-width: 100%; font-size: 20px;\">Nombre: Rock serie 60L mochila de senderismo<\/span><\/p>\n<p><span style=\"max-width: 100%; font-size: 20px;\">Modelo: NH19BP095<\/span><\/p>\n<p><span style=\"max-width: 100%; font-size: 20px;\">Material: tela de nailon 420D resistente a las l\u00e1grimas<\/span><\/p>\n<p><span style=\"max-width: 100%; font-size: 20px;\">Peso: alrededor de 1,16 kg<\/span><\/p>\n<p><span style=\"max-width: 100%; font-size: 20px;\">Carga m\u00e1xima: 15kg<\/span><\/p>\n<p><span style=\"max-width: 100%; font-size: 20px;\">Capacidad: 60L<\/span><\/p>\n<p><span style=\"max-width: 100%; font-size: 20px;\">Tama\u00f1o: 26cm * 18cm * 53cm<\/span><\/p>\n<p data-spm-anchor-id=\"a2g0o.detail.1000023.i2.7bbe6eaf6K9JiB\"><span style=\"max-width: 100%; font-size: 20px;\">Color: Negro<\/span><\/p>\n<p data-spm-anchor-id=\"a2g0o.detail.1000023.i2.7bbe6eaf6K9JiB\"><span style=\"max-width: 100%; font-size: 20px;\"><img decoding=\"async\" title=\"Naturehike 2020 60L + 5L Camping senderismo escalada mochilas Piggyback transpirable ligero alrededor de 1160g con cubierta de lluvia NH19BP095\" src=\"https:\/\/bodegaoutdoor.cl\/store\/wp-content\/uploads\/2020\/07\/3638-41id1k.jpg\" alt=\"Naturehike 2020 60L + 5L Camping senderismo escalada mochilas Piggyback transpirable ligero alrededor de 1160g con cubierta de lluvia NH19BP095\" \/><img decoding=\"async\" title=\"Naturehike 2020 60L + 5L Camping senderismo escalada mochilas Piggyback transpirable ligero alrededor de 1160g con cubierta de lluvia NH19BP095\" src=\"https:\/\/bodegaoutdoor.cl\/store\/wp-content\/uploads\/2020\/07\/3638-sbaysm.jpg\" alt=\"Naturehike 2020 60L + 5L Camping senderismo escalada mochilas Piggyback transpirable ligero alrededor de 1160g con cubierta de lluvia NH19BP095\" \/><img decoding=\"async\" title=\"Naturehike 2020 60L + 5L Camping senderismo escalada mochilas Piggyback transpirable ligero alrededor de 1160g con cubierta de lluvia NH19BP095\" src=\"https:\/\/bodegaoutdoor.cl\/store\/wp-content\/uploads\/2020\/07\/3638-z4nadt.jpg\" alt=\"Naturehike 2020 60L + 5L Camping senderismo escalada mochilas Piggyback transpirable ligero alrededor de 1160g con cubierta de lluvia NH19BP095\" \/><img decoding=\"async\" title=\"Naturehike 2020 60L + 5L Camping senderismo escalada mochilas Piggyback transpirable ligero alrededor de 1160g con cubierta de lluvia NH19BP095\" src=\"https:\/\/bodegaoutdoor.cl\/store\/wp-content\/uploads\/2020\/07\/3638-eict8d.jpg\" alt=\"Naturehike 2020 60L + 5L Camping senderismo escalada mochilas Piggyback transpirable ligero alrededor de 1160g con cubierta de lluvia NH19BP095\" \/><img decoding=\"async\" title=\"Naturehike 2020 60L + 5L Camping senderismo escalada mochilas Piggyback transpirable ligero alrededor de 1160g con cubierta de lluvia NH19BP095\" src=\"https:\/\/bodegaoutdoor.cl\/store\/wp-content\/uploads\/2020\/07\/3638-pet0fu.jpg\" alt=\"Naturehike 2020 60L + 5L Camping senderismo escalada mochilas Piggyback transpirable ligero alrededor de 1160g con cubierta de lluvia NH19BP095\" \/><img decoding=\"async\" title=\"Naturehike 2020 60L + 5L Camping senderismo escalada mochilas Piggyback transpirable ligero alrededor de 1160g con cubierta de lluvia NH19BP095\" src=\"https:\/\/bodegaoutdoor.cl\/store\/wp-content\/uploads\/2020\/07\/3638-47coop.jpg\" alt=\"Naturehike 2020 60L + 5L Camping senderismo escalada mochilas Piggyback transpirable ligero alrededor de 1160g con cubierta de lluvia NH19BP095\" \/><img decoding=\"async\" title=\"Naturehike 2020 60L + 5L Camping senderismo escalada mochilas Piggyback transpirable ligero alrededor de 1160g con cubierta de lluvia NH19BP095\" src=\"https:\/\/bodegaoutdoor.cl\/store\/wp-content\/uploads\/2020\/07\/3638-qhcn0x.jpg\" alt=\"Naturehike 2020 60L + 5L Camping senderismo escalada mochilas Piggyback transpirable ligero alrededor de 1160g con cubierta de lluvia NH19BP095\" \/><img decoding=\"async\" title=\"Naturehike 2020 60L + 5L Camping senderismo escalada mochilas Piggyback transpirable ligero alrededor de 1160g con cubierta de lluvia NH19BP095\" src=\"https:\/\/bodegaoutdoor.cl\/store\/wp-content\/uploads\/2020\/07\/3638-bdycwd.jpg\" alt=\"Naturehike 2020 60L + 5L Camping senderismo escalada mochilas Piggyback transpirable ligero alrededor de 1160g con cubierta de lluvia NH19BP095\" \/><img decoding=\"async\" title=\"Naturehike 2020 60L + 5L Camping senderismo escalada mochilas Piggyback transpirable ligero alrededor de 1160g con cubierta de lluvia NH19BP095\" src=\"https:\/\/bodegaoutdoor.cl\/store\/wp-content\/uploads\/2020\/07\/3638-sr1zoz.jpg\" alt=\"Naturehike 2020 60L + 5L Camping senderismo escalada mochilas Piggyback transpirable ligero alrededor de 1160g con cubierta de lluvia NH19BP095\" \/><img decoding=\"async\" title=\"Naturehike 2020 60L + 5L Camping senderismo escalada mochilas Piggyback transpirable ligero alrededor de 1160g con cubierta de lluvia NH19BP095\" src=\"https:\/\/bodegaoutdoor.cl\/store\/wp-content\/uploads\/2020\/07\/3638-ci1rxa.jpg\" alt=\"Naturehike 2020 60L + 5L Camping senderismo escalada mochilas Piggyback transpirable ligero alrededor de 1160g con cubierta de lluvia NH19BP095\" \/><img decoding=\"async\" title=\"Naturehike 2020 60L + 5L Camping senderismo escalada mochilas Piggyback transpirable ligero alrededor de 1160g con cubierta de lluvia NH19BP095\" src=\"https:\/\/bodegaoutdoor.cl\/store\/wp-content\/uploads\/2020\/07\/3638-vzneqd.jpg\" alt=\"Naturehike 2020 60L + 5L Camping senderismo escalada mochilas Piggyback transpirable ligero alrededor de 1160g con cubierta de lluvia NH19BP095\" \/><img decoding=\"async\" title=\"Naturehike 2020 60L + 5L Camping senderismo escalada mochilas Piggyback transpirable ligero alrededor de 1160g con cubierta de lluvia NH19BP095\" src=\"https:\/\/bodegaoutdoor.cl\/store\/wp-content\/uploads\/2020\/07\/3638-4gayrr.jpg\" alt=\"Naturehike 2020 60L + 5L Camping senderismo escalada mochilas Piggyback transpirable ligero alrededor de 1160g con cubierta de lluvia NH19BP095\" \/><img decoding=\"async\" title=\"Naturehike 2020 60L + 5L Camping senderismo escalada mochilas Piggyback transpirable ligero alrededor de 1160g con cubierta de lluvia NH19BP095\" src=\"https:\/\/bodegaoutdoor.cl\/store\/wp-content\/uploads\/2020\/07\/3638-dbgphd.jpg\" alt=\"Naturehike 2020 60L + 5L Camping senderismo escalada mochilas Piggyback transpirable ligero alrededor de 1160g con cubierta de lluvia NH19BP095\" \/><img decoding=\"async\" title=\"Naturehike 2020 60L + 5L Camping senderismo escalada mochilas Piggyback transpirable ligero alrededor de 1160g con cubierta de lluvia NH19BP095\" src=\"https:\/\/bodegaoutdoor.cl\/store\/wp-content\/uploads\/2020\/07\/3638-ydci2d.jpg\" alt=\"Naturehike 2020 60L + 5L Camping senderismo escalada mochilas Piggyback transpirable ligero alrededor de 1160g con cubierta de lluvia NH19BP095\" \/><img decoding=\"async\" title=\"Naturehike 2020 60L + 5L Camping senderismo escalada mochilas Piggyback transpirable ligero alrededor de 1160g con cubierta de lluvia NH19BP095\" src=\"https:\/\/bodegaoutdoor.cl\/store\/wp-content\/uploads\/2020\/07\/3638-wiernq.jpg\" alt=\"Naturehike 2020 60L + 5L Camping senderismo escalada mochilas Piggyback transpirable ligero alrededor de 1160g con cubierta de lluvia NH19BP095\" \/><\/span><\/p>\n\n    <div class=\"xs_social_share_widget xs_share_url after_content \t\tmain_content  wslu-style-1 wslu-share-box-shaped wslu-fill-colored wslu-none wslu-share-horizontal wslu-theme-font-no wslu-main_content\">\n\n\t\t\n        <ul>\n\t\t\t        <\/ul>\n    <\/div> \n","protected":false},"excerpt":{"rendered":"<p>Descripci\u00f3n del producto Marca: Naturehike Nombre: Rock serie 60L mochila de senderismo Modelo: NH19BP095 Material: tela de nailon 420D resistente a las l\u00e1grimas Peso: alrededor de 1,16 kg Carga m\u00e1xima: 15kg Capacidad: 60L Tama\u00f1o: 26cm * 18cm * 53cm Color: Negro<\/p>\n","protected":false},"featured_media":3694,"comment_status":"open","ping_status":"closed","template":"","meta":{"jetpack_publicize_message":"","jetpack_publicize_feature_enabled":true,"jetpack_social_post_already_shared":true,"jetpack_social_options":{"image_generator_settings":{"template":"highway","enabled":false},"version":2}},"product_brand":[],"product_cat":[195,196],"product_tag":[],"class_list":{"0":"post-3638","1":"product","2":"type-product","3":"status-publish","4":"has-post-thumbnail","6":"product_cat-mochilas","7":"product_cat-sobre-60-litros","9":"first","10":"instock","11":"sale","12":"taxable","13":"shipping-taxable","14":"purchasable","15":"product-type-simple"},"jetpack_publicize_connections":[],"jetpack_sharing_enabled":true,"_links":{"self":[{"href":"https:\/\/bodegaoutdoor.cl\/store\/wp-json\/wp\/v2\/product\/3638","targetHints":{"allow":["GET"]}}],"collection":[{"href":"https:\/\/bodegaoutdoor.cl\/store\/wp-json\/wp\/v2\/product"}],"about":[{"href":"https:\/\/bodegaoutdoor.cl\/store\/wp-json\/wp\/v2\/types\/product"}],"replies":[{"embeddable":true,"href":"https:\/\/bodegaoutdoor.cl\/store\/wp-json\/wp\/v2\/comments?post=3638"}],"version-history":[{"count":2,"href":"https:\/\/bodegaoutdoor.cl\/store\/wp-json\/wp\/v2\/product\/3638\/revisions"}],"predecessor-version":[{"id":71373,"href":"https:\/\/bodegaoutdoor.cl\/store\/wp-json\/wp\/v2\/product\/3638\/revisions\/71373"}],"wp:featuredmedia":[{"embeddable":true,"href":"https:\/\/bodegaoutdoor.cl\/store\/wp-json\/wp\/v2\/media\/3694"}],"wp:attachment":[{"href":"https:\/\/bodegaoutdoor.cl\/store\/wp-json\/wp\/v2\/media?parent=3638"}],"wp:term":[{"taxonomy":"product_brand","embeddable":true,"href":"https:\/\/bodegaoutdoor.cl\/store\/wp-json\/wp\/v2\/product_brand?post=3638"},{"taxonomy":"product_cat","embeddable":true,"href":"https:\/\/bodegaoutdoor.cl\/store\/wp-json\/wp\/v2\/product_cat?post=3638"},{"taxonomy":"product_tag","embeddable":true,"href":"https:\/\/bodegaoutdoor.cl\/store\/wp-json\/wp\/v2\/product_tag?post=3638"}],"curies":[{"name":"wp","href":"https:\/\/api.w.org\/{rel}","templated":true}]}}