{"id":39929,"date":"2021-04-01T09:20:31","date_gmt":"2021-04-01T12:20:31","guid":{"rendered":"https:\/\/bodegaoutdoor.cl\/store\/product\/nuevos-hombres-zapatos-de-senderismo-zapatos-calzado-antideslizante-de-montana-para-escalada-de-los-hombres-de-gran-tamano-40-50-calidad-de-zapatillas-de-deporte-hombre-detras-de-senderismo-zapatillas\/"},"modified":"2023-05-04T19:18:59","modified_gmt":"2023-05-04T23:18:59","slug":"zapatillas-trekking-calzado-antideslizante-de-montana-senderismo-outdoor","status":"publish","type":"product","link":"https:\/\/bodegaoutdoor.cl\/store\/product\/zapatillas-trekking-calzado-antideslizante-de-montana-senderismo-outdoor\/","title":{"rendered":"Zapatillas Trekking  Calzado antideslizante de monta\u00f1a Senderismo Outdoor"},"content":{"rendered":"<p style=\"text-align: left; margin: 0;\"><img decoding=\"async\" title=\"Nuevos hombres zapatos de senderismo zapatos calzado antideslizante de monta\u00f1a para escalada de los hombres de gran tama\u00f1o 40-50 calidad de zapatillas de deporte hombre detr\u00e1s de senderismo zapatillas de deporte\" src=\"https:\/\/bodegaoutdoor.cl\/store\/wp-content\/uploads\/2021\/04\/39929-ev3cls.jpg\" alt=\"Nuevos hombres zapatos de senderismo zapatos calzado antideslizante de monta\u00f1a para escalada de los hombres de gran tama\u00f1o 40-50 calidad de zapatillas de deporte hombre detr\u00e1s de senderismo zapatillas de deporte\" \/><img decoding=\"async\" title=\"Nuevos hombres zapatos de senderismo zapatos calzado antideslizante de monta\u00f1a para escalada de los hombres de gran tama\u00f1o 40-50 calidad de zapatillas de deporte hombre detr\u00e1s de senderismo zapatillas de deporte\" src=\"https:\/\/bodegaoutdoor.cl\/store\/wp-content\/uploads\/2021\/04\/39929-wcxpvh.jpg\" alt=\"Nuevos hombres zapatos de senderismo zapatos calzado antideslizante de monta\u00f1a para escalada de los hombres de gran tama\u00f1o 40-50 calidad de zapatillas de deporte hombre detr\u00e1s de senderismo zapatillas de deporte\" \/><img decoding=\"async\" title=\"Nuevos hombres zapatos de senderismo zapatos calzado antideslizante de monta\u00f1a para escalada de los hombres de gran tama\u00f1o 40-50 calidad de zapatillas de deporte hombre detr\u00e1s de senderismo zapatillas de deporte\" src=\"https:\/\/bodegaoutdoor.cl\/store\/wp-content\/uploads\/2021\/04\/39929-so1p0d.jpg\" alt=\"Nuevos hombres zapatos de senderismo zapatos calzado antideslizante de monta\u00f1a para escalada de los hombres de gran tama\u00f1o 40-50 calidad de zapatillas de deporte hombre detr\u00e1s de senderismo zapatillas de deporte\" \/><img decoding=\"async\" title=\"Nuevos hombres zapatos de senderismo zapatos calzado antideslizante de monta\u00f1a para escalada de los hombres de gran tama\u00f1o 40-50 calidad de zapatillas de deporte hombre detr\u00e1s de senderismo zapatillas de deporte\" src=\"https:\/\/bodegaoutdoor.cl\/store\/wp-content\/uploads\/2021\/04\/39929-8luwm3.jpg\" alt=\"Nuevos hombres zapatos de senderismo zapatos calzado antideslizante de monta\u00f1a para escalada de los hombres de gran tama\u00f1o 40-50 calidad de zapatillas de deporte hombre detr\u00e1s de senderismo zapatillas de deporte\" \/><img decoding=\"async\" title=\"Nuevos hombres zapatos de senderismo zapatos calzado antideslizante de monta\u00f1a para escalada de los hombres de gran tama\u00f1o 40-50 calidad de zapatillas de deporte hombre detr\u00e1s de senderismo zapatillas de deporte\" src=\"https:\/\/bodegaoutdoor.cl\/store\/wp-content\/uploads\/2021\/04\/39929-hqinll.jpg\" alt=\"Nuevos hombres zapatos de senderismo zapatos calzado antideslizante de monta\u00f1a para escalada de los hombres de gran tama\u00f1o 40-50 calidad de zapatillas de deporte hombre detr\u00e1s de senderismo zapatillas de deporte\" \/><img decoding=\"async\" title=\"Nuevos hombres zapatos de senderismo zapatos calzado antideslizante de monta\u00f1a para escalada de los hombres de gran tama\u00f1o 40-50 calidad de zapatillas de deporte hombre detr\u00e1s de senderismo zapatillas de deporte\" src=\"https:\/\/bodegaoutdoor.cl\/store\/wp-content\/uploads\/2021\/04\/39929-ic53yr.jpg\" alt=\"Nuevos hombres zapatos de senderismo zapatos calzado antideslizante de monta\u00f1a para escalada de los hombres de gran tama\u00f1o 40-50 calidad de zapatillas de deporte hombre detr\u00e1s de senderismo zapatillas de deporte\" \/><img decoding=\"async\" title=\"Nuevos hombres zapatos de senderismo zapatos calzado antideslizante de monta\u00f1a para escalada de los hombres de gran tama\u00f1o 40-50 calidad de zapatillas de deporte hombre detr\u00e1s de senderismo zapatillas de deporte\" src=\"https:\/\/bodegaoutdoor.cl\/store\/wp-content\/uploads\/2021\/04\/39929-4x2xhl.jpg\" alt=\"Nuevos hombres zapatos de senderismo zapatos calzado antideslizante de monta\u00f1a para escalada de los hombres de gran tama\u00f1o 40-50 calidad de zapatillas de deporte hombre detr\u00e1s de senderismo zapatillas de deporte\" \/><img decoding=\"async\" title=\"Nuevos hombres zapatos de senderismo zapatos calzado antideslizante de monta\u00f1a para escalada de los hombres de gran tama\u00f1o 40-50 calidad de zapatillas de deporte hombre detr\u00e1s de senderismo zapatillas de deporte\" src=\"https:\/\/bodegaoutdoor.cl\/store\/wp-content\/uploads\/2021\/04\/39929-kr0ymv.jpg\" alt=\"Nuevos hombres zapatos de senderismo zapatos calzado antideslizante de monta\u00f1a para escalada de los hombres de gran tama\u00f1o 40-50 calidad de zapatillas de deporte hombre detr\u00e1s de senderismo zapatillas de deporte\" \/><img decoding=\"async\" title=\"Nuevos hombres zapatos de senderismo zapatos calzado antideslizante de monta\u00f1a para escalada de los hombres de gran tama\u00f1o 40-50 calidad de zapatillas de deporte hombre detr\u00e1s de senderismo zapatillas de deporte\" src=\"https:\/\/bodegaoutdoor.cl\/store\/wp-content\/uploads\/2021\/04\/39929-fwxe3x.jpg\" alt=\"Nuevos hombres zapatos de senderismo zapatos calzado antideslizante de monta\u00f1a para escalada de los hombres de gran tama\u00f1o 40-50 calidad de zapatillas de deporte hombre detr\u00e1s de senderismo zapatillas de deporte\" \/><img decoding=\"async\" title=\"Nuevos hombres zapatos de senderismo zapatos calzado antideslizante de monta\u00f1a para escalada de los hombres de gran tama\u00f1o 40-50 calidad de zapatillas de deporte hombre detr\u00e1s de senderismo zapatillas de deporte\" src=\"https:\/\/bodegaoutdoor.cl\/store\/wp-content\/uploads\/2021\/04\/39929-qsc6jk.jpg\" alt=\"Nuevos hombres zapatos de senderismo zapatos calzado antideslizante de monta\u00f1a para escalada de los hombres de gran tama\u00f1o 40-50 calidad de zapatillas de deporte hombre detr\u00e1s de senderismo zapatillas de deporte\" \/><img decoding=\"async\" title=\"Nuevos hombres zapatos de senderismo zapatos calzado antideslizante de monta\u00f1a para escalada de los hombres de gran tama\u00f1o 40-50 calidad de zapatillas de deporte hombre detr\u00e1s de senderismo zapatillas de deporte\" src=\"https:\/\/bodegaoutdoor.cl\/store\/wp-content\/uploads\/2021\/04\/39929-p8lbic.jpg\" alt=\"Nuevos hombres zapatos de senderismo zapatos calzado antideslizante de monta\u00f1a para escalada de los hombres de gran tama\u00f1o 40-50 calidad de zapatillas de deporte hombre detr\u00e1s de senderismo zapatillas de deporte\" \/><img decoding=\"async\" title=\"Nuevos hombres zapatos de senderismo zapatos calzado antideslizante de monta\u00f1a para escalada de los hombres de gran tama\u00f1o 40-50 calidad de zapatillas de deporte hombre detr\u00e1s de senderismo zapatillas de deporte\" src=\"https:\/\/bodegaoutdoor.cl\/store\/wp-content\/uploads\/2021\/04\/39929-huuorz.jpg\" alt=\"Nuevos hombres zapatos de senderismo zapatos calzado antideslizante de monta\u00f1a para escalada de los hombres de gran tama\u00f1o 40-50 calidad de zapatillas de deporte hombre detr\u00e1s de senderismo zapatillas de deporte\" \/><img decoding=\"async\" title=\"Nuevos hombres zapatos de senderismo zapatos calzado antideslizante de monta\u00f1a para escalada de los hombres de gran tama\u00f1o 40-50 calidad de zapatillas de deporte hombre detr\u00e1s de senderismo zapatillas de deporte\" src=\"https:\/\/bodegaoutdoor.cl\/store\/wp-content\/uploads\/2021\/04\/39929-4lkw1f.jpg\" alt=\"Nuevos hombres zapatos de senderismo zapatos calzado antideslizante de monta\u00f1a para escalada de los hombres de gran tama\u00f1o 40-50 calidad de zapatillas de deporte hombre detr\u00e1s de senderismo zapatillas de deporte\" \/><img decoding=\"async\" title=\"Nuevos hombres zapatos de senderismo zapatos calzado antideslizante de monta\u00f1a para escalada de los hombres de gran tama\u00f1o 40-50 calidad de zapatillas de deporte hombre detr\u00e1s de senderismo zapatillas de deporte\" src=\"https:\/\/bodegaoutdoor.cl\/store\/wp-content\/uploads\/2021\/04\/39929-uekbs2.jpg\" alt=\"Nuevos hombres zapatos de senderismo zapatos calzado antideslizante de monta\u00f1a para escalada de los hombres de gran tama\u00f1o 40-50 calidad de zapatillas de deporte hombre detr\u00e1s de senderismo zapatillas de deporte\" \/><img decoding=\"async\" title=\"Nuevos hombres zapatos de senderismo zapatos calzado antideslizante de monta\u00f1a para escalada de los hombres de gran tama\u00f1o 40-50 calidad de zapatillas de deporte hombre detr\u00e1s de senderismo zapatillas de deporte\" src=\"https:\/\/bodegaoutdoor.cl\/store\/wp-content\/uploads\/2021\/04\/39929-7sepwu.jpg\" alt=\"Nuevos hombres zapatos de senderismo zapatos calzado antideslizante de monta\u00f1a para escalada de los hombres de gran tama\u00f1o 40-50 calidad de zapatillas de deporte hombre detr\u00e1s de senderismo zapatillas de deporte\" \/><img decoding=\"async\" title=\"Nuevos hombres zapatos de senderismo zapatos calzado antideslizante de monta\u00f1a para escalada de los hombres de gran tama\u00f1o 40-50 calidad de zapatillas de deporte hombre detr\u00e1s de senderismo zapatillas de deporte\" src=\"https:\/\/bodegaoutdoor.cl\/store\/wp-content\/uploads\/2021\/04\/39929-ykjnrk.jpg\" alt=\"Nuevos hombres zapatos de senderismo zapatos calzado antideslizante de monta\u00f1a para escalada de los hombres de gran tama\u00f1o 40-50 calidad de zapatillas de deporte hombre detr\u00e1s de senderismo zapatillas de deporte\" \/><img decoding=\"async\" title=\"Nuevos hombres zapatos de senderismo zapatos calzado antideslizante de monta\u00f1a para escalada de los hombres de gran tama\u00f1o 40-50 calidad de zapatillas de deporte hombre detr\u00e1s de senderismo zapatillas de deporte\" src=\"https:\/\/bodegaoutdoor.cl\/store\/wp-content\/uploads\/2021\/04\/39929-rr3ulr.jpg\" alt=\"Nuevos hombres zapatos de senderismo zapatos calzado antideslizante de monta\u00f1a para escalada de los hombres de gran tama\u00f1o 40-50 calidad de zapatillas de deporte hombre detr\u00e1s de senderismo zapatillas de deporte\" \/><img decoding=\"async\" title=\"Nuevos hombres zapatos de senderismo zapatos calzado antideslizante de monta\u00f1a para escalada de los hombres de gran tama\u00f1o 40-50 calidad de zapatillas de deporte hombre detr\u00e1s de senderismo zapatillas de deporte\" src=\"https:\/\/bodegaoutdoor.cl\/store\/wp-content\/uploads\/2021\/04\/39929-lhk941.jpg\" alt=\"Nuevos hombres zapatos de senderismo zapatos calzado antideslizante de monta\u00f1a para escalada de los hombres de gran tama\u00f1o 40-50 calidad de zapatillas de deporte hombre detr\u00e1s de senderismo zapatillas de deporte\" \/><img decoding=\"async\" title=\"Nuevos hombres zapatos de senderismo zapatos calzado antideslizante de monta\u00f1a para escalada de los hombres de gran tama\u00f1o 40-50 calidad de zapatillas de deporte hombre detr\u00e1s de senderismo zapatillas de deporte\" src=\"https:\/\/bodegaoutdoor.cl\/store\/wp-content\/uploads\/2021\/04\/39929-tst7ar.jpg\" alt=\"Nuevos hombres zapatos de senderismo zapatos calzado antideslizante de monta\u00f1a para escalada de los hombres de gran tama\u00f1o 40-50 calidad de zapatillas de deporte hombre detr\u00e1s de senderismo zapatillas de deporte\" \/><img decoding=\"async\" title=\"Nuevos hombres zapatos de senderismo zapatos calzado antideslizante de monta\u00f1a para escalada de los hombres de gran tama\u00f1o 40-50 calidad de zapatillas de deporte hombre detr\u00e1s de senderismo zapatillas de deporte\" src=\"https:\/\/bodegaoutdoor.cl\/store\/wp-content\/uploads\/2021\/04\/39929-oyv22j.jpg\" alt=\"Nuevos hombres zapatos de senderismo zapatos calzado antideslizante de monta\u00f1a para escalada de los hombres de gran tama\u00f1o 40-50 calidad de zapatillas de deporte hombre detr\u00e1s de senderismo zapatillas de deporte\" \/><img decoding=\"async\" title=\"Nuevos hombres zapatos de senderismo zapatos calzado antideslizante de monta\u00f1a para escalada de los hombres de gran tama\u00f1o 40-50 calidad de zapatillas de deporte hombre detr\u00e1s de senderismo zapatillas de deporte\" src=\"https:\/\/bodegaoutdoor.cl\/store\/wp-content\/uploads\/2021\/04\/39929-zvnq9h.jpg\" alt=\"Nuevos hombres zapatos de senderismo zapatos calzado antideslizante de monta\u00f1a para escalada de los hombres de gran tama\u00f1o 40-50 calidad de zapatillas de deporte hombre detr\u00e1s de senderismo zapatillas de deporte\" \/><img decoding=\"async\" title=\"Nuevos hombres zapatos de senderismo zapatos calzado antideslizante de monta\u00f1a para escalada de los hombres de gran tama\u00f1o 40-50 calidad de zapatillas de deporte hombre detr\u00e1s de senderismo zapatillas de deporte\" src=\"https:\/\/bodegaoutdoor.cl\/store\/wp-content\/uploads\/2021\/04\/39929-ltcc6o.jpg\" alt=\"Nuevos hombres zapatos de senderismo zapatos calzado antideslizante de monta\u00f1a para escalada de los hombres de gran tama\u00f1o 40-50 calidad de zapatillas de deporte hombre detr\u00e1s de senderismo zapatillas de deporte\" \/><img decoding=\"async\" title=\"Nuevos hombres zapatos de senderismo zapatos calzado antideslizante de monta\u00f1a para escalada de los hombres de gran tama\u00f1o 40-50 calidad de zapatillas de deporte hombre detr\u00e1s de senderismo zapatillas de deporte\" src=\"https:\/\/bodegaoutdoor.cl\/store\/wp-content\/uploads\/2021\/04\/39929-dxej3p.jpg\" alt=\"Nuevos hombres zapatos de senderismo zapatos calzado antideslizante de monta\u00f1a para escalada de los hombres de gran tama\u00f1o 40-50 calidad de zapatillas de deporte hombre detr\u00e1s de senderismo zapatillas de deporte\" \/><\/p>\n\n    <div class=\"xs_social_share_widget xs_share_url after_content \t\tmain_content  wslu-style-1 wslu-share-box-shaped wslu-fill-colored wslu-none wslu-share-horizontal wslu-theme-font-no wslu-main_content\">\n\n\t\t\n        <ul>\n\t\t\t        <\/ul>\n    <\/div> \n","protected":false},"excerpt":{"rendered":"","protected":false},"featured_media":39968,"comment_status":"open","ping_status":"closed","template":"","meta":{"jetpack_publicize_message":"","jetpack_publicize_feature_enabled":true,"jetpack_social_post_already_shared":true,"jetpack_social_options":{"image_generator_settings":{"template":"highway","enabled":false},"version":2}},"product_brand":[],"product_cat":[41,43],"product_tag":[],"class_list":{"0":"post-39929","1":"product","2":"type-product","3":"status-publish","4":"has-post-thumbnail","6":"product_cat-calzado","7":"product_cat-calzado-hombre","9":"first","10":"instock","11":"sale","12":"taxable","13":"shipping-taxable","14":"purchasable","15":"product-type-variable"},"jetpack_publicize_connections":[],"jetpack_sharing_enabled":true,"_links":{"self":[{"href":"https:\/\/bodegaoutdoor.cl\/store\/wp-json\/wp\/v2\/product\/39929","targetHints":{"allow":["GET"]}}],"collection":[{"href":"https:\/\/bodegaoutdoor.cl\/store\/wp-json\/wp\/v2\/product"}],"about":[{"href":"https:\/\/bodegaoutdoor.cl\/store\/wp-json\/wp\/v2\/types\/product"}],"replies":[{"embeddable":true,"href":"https:\/\/bodegaoutdoor.cl\/store\/wp-json\/wp\/v2\/comments?post=39929"}],"version-history":[{"count":1,"href":"https:\/\/bodegaoutdoor.cl\/store\/wp-json\/wp\/v2\/product\/39929\/revisions"}],"predecessor-version":[{"id":71034,"href":"https:\/\/bodegaoutdoor.cl\/store\/wp-json\/wp\/v2\/product\/39929\/revisions\/71034"}],"wp:featuredmedia":[{"embeddable":true,"href":"https:\/\/bodegaoutdoor.cl\/store\/wp-json\/wp\/v2\/media\/39968"}],"wp:attachment":[{"href":"https:\/\/bodegaoutdoor.cl\/store\/wp-json\/wp\/v2\/media?parent=39929"}],"wp:term":[{"taxonomy":"product_brand","embeddable":true,"href":"https:\/\/bodegaoutdoor.cl\/store\/wp-json\/wp\/v2\/product_brand?post=39929"},{"taxonomy":"product_cat","embeddable":true,"href":"https:\/\/bodegaoutdoor.cl\/store\/wp-json\/wp\/v2\/product_cat?post=39929"},{"taxonomy":"product_tag","embeddable":true,"href":"https:\/\/bodegaoutdoor.cl\/store\/wp-json\/wp\/v2\/product_tag?post=39929"}],"curies":[{"name":"wp","href":"https:\/\/api.w.org\/{rel}","templated":true}]}}