{"id":40074,"date":"2021-04-02T17:36:49","date_gmt":"2021-04-02T20:36:49","guid":{"rendered":"https:\/\/bodegaoutdoor.cl\/store\/product\/2020-hombres-antideslizante-zapatos-para-correr-al-aire-libre-comodo-zapatos-deportivos-para-caminar-de-encaje-blanco-luz-azul-formacion-atletica-zapatillas-de-deporte\/"},"modified":"2023-05-04T19:18:59","modified_gmt":"2023-05-04T23:18:59","slug":"zapatikllas-deportiva-atletica-running-entrenamiento","status":"publish","type":"product","link":"https:\/\/bodegaoutdoor.cl\/store\/product\/zapatikllas-deportiva-atletica-running-entrenamiento\/","title":{"rendered":"Zapatillas running  Deportiva  atl\u00e9tica Entrenamiento"},"content":{"rendered":"<p style=\"text-align: center;\"><video style=\"max-width: 100%;\" src=\"\/\/cloud.video.taobao.com\/play\/u\/2206867530568\/p\/1\/e\/6\/t\/10301\/253970252344.mp4\" poster=\"https:\/\/ae01.alicdn.com\/kf\/H07927c0415fe4a1f84be06c0de00a779J\/2020-hombres-antideslizante-zapatos-para-correr-al-aire-libre-c-modo-zapatos-deportivos-para-caminar-de.jpg,https:\/\/ae01.alicdn.com\/kf\/Haeb7276bd9e5488996fbb1cca8f0b5f46\/2020-hombres-antideslizante-zapatos-para-correr-al-aire-libre-c-modo-zapatos-deportivos-para-caminar-de.jpg,https:\/\/ae01.alicdn.com\/kf\/He327dc7f2cab45feae66e397e137f357R\/2020-hombres-antideslizante-zapatos-para-correr-al-aire-libre-c-modo-zapatos-deportivos-para-caminar-de.jpg,https:\/\/ae01.alicdn.com\/kf\/H817a9187633b4681b630ca77a11ff03fY\/2020-hombres-antideslizante-zapatos-para-correr-al-aire-libre-c-modo-zapatos-deportivos-para-caminar-de.jpg,https:\/\/ae01.alicdn.com\/kf\/Hf45285a6c68048b3bb4b03418fe8ae8ai\/2020-hombres-antideslizante-zapatos-para-correr-al-aire-libre-c-modo-zapatos-deportivos-para-caminar-de.jpg,https:\/\/ae01.alicdn.com\/kf\/H977ca1e320f14dc09c8567ee214c19e7A\/2020-hombres-antideslizante-zapatos-para-correr-al-aire-libre-c-modo-zapatos-deportivos-para-caminar-de.jpg\" preload=\"auto\" controls=\"controls\" width=\"100%\" height=\"100%\"><\/video><\/p>\n<p style=\"text-align: left; margin: 0;\"><img decoding=\"async\" title=\"2020 hombres antideslizante zapatos para correr al aire libre c\u00f3modo zapatos deportivos para caminar de encaje blanco luz azul formaci\u00f3n atl\u00e9tica zapatillas de deporte\" src=\"https:\/\/bodegaoutdoor.cl\/store\/wp-content\/uploads\/2021\/04\/40074-wxp4fs.jpg\" alt=\"2020 hombres antideslizante zapatos para correr al aire libre c\u00f3modo zapatos deportivos para caminar de encaje blanco luz azul formaci\u00f3n atl\u00e9tica zapatillas de deporte\" \/><img decoding=\"async\" title=\"2020 hombres antideslizante zapatos para correr al aire libre c\u00f3modo zapatos deportivos para caminar de encaje blanco luz azul formaci\u00f3n atl\u00e9tica zapatillas de deporte\" src=\"https:\/\/bodegaoutdoor.cl\/store\/wp-content\/uploads\/2021\/04\/40074-fpxros.jpg\" alt=\"2020 hombres antideslizante zapatos para correr al aire libre c\u00f3modo zapatos deportivos para caminar de encaje blanco luz azul formaci\u00f3n atl\u00e9tica zapatillas de deporte\" \/><img decoding=\"async\" title=\"2020 hombres antideslizante zapatos para correr al aire libre c\u00f3modo zapatos deportivos para caminar de encaje blanco luz azul formaci\u00f3n atl\u00e9tica zapatillas de deporte\" src=\"https:\/\/bodegaoutdoor.cl\/store\/wp-content\/uploads\/2021\/04\/40074-pt7bo0.jpg\" alt=\"2020 hombres antideslizante zapatos para correr al aire libre c\u00f3modo zapatos deportivos para caminar de encaje blanco luz azul formaci\u00f3n atl\u00e9tica zapatillas de deporte\" \/><img decoding=\"async\" title=\"2020 hombres antideslizante zapatos para correr al aire libre c\u00f3modo zapatos deportivos para caminar de encaje blanco luz azul formaci\u00f3n atl\u00e9tica zapatillas de deporte\" src=\"https:\/\/bodegaoutdoor.cl\/store\/wp-content\/uploads\/2021\/04\/40074-kphui7.jpg\" alt=\"2020 hombres antideslizante zapatos para correr al aire libre c\u00f3modo zapatos deportivos para caminar de encaje blanco luz azul formaci\u00f3n atl\u00e9tica zapatillas de deporte\" \/><img decoding=\"async\" title=\"2020 hombres antideslizante zapatos para correr al aire libre c\u00f3modo zapatos deportivos para caminar de encaje blanco luz azul formaci\u00f3n atl\u00e9tica zapatillas de deporte\" src=\"https:\/\/bodegaoutdoor.cl\/store\/wp-content\/uploads\/2021\/04\/40074-yglbhk.jpg\" alt=\"2020 hombres antideslizante zapatos para correr al aire libre c\u00f3modo zapatos deportivos para caminar de encaje blanco luz azul formaci\u00f3n atl\u00e9tica zapatillas de deporte\" \/><img decoding=\"async\" title=\"2020 hombres antideslizante zapatos para correr al aire libre c\u00f3modo zapatos deportivos para caminar de encaje blanco luz azul formaci\u00f3n atl\u00e9tica zapatillas de deporte\" src=\"https:\/\/bodegaoutdoor.cl\/store\/wp-content\/uploads\/2021\/04\/40074-dfyl8o.jpg\" alt=\"2020 hombres antideslizante zapatos para correr al aire libre c\u00f3modo zapatos deportivos para caminar de encaje blanco luz azul formaci\u00f3n atl\u00e9tica zapatillas de deporte\" \/><img decoding=\"async\" title=\"2020 hombres antideslizante zapatos para correr al aire libre c\u00f3modo zapatos deportivos para caminar de encaje blanco luz azul formaci\u00f3n atl\u00e9tica zapatillas de deporte\" src=\"https:\/\/bodegaoutdoor.cl\/store\/wp-content\/uploads\/2021\/04\/40074-rtrf0k.jpg\" alt=\"2020 hombres antideslizante zapatos para correr al aire libre c\u00f3modo zapatos deportivos para caminar de encaje blanco luz azul formaci\u00f3n atl\u00e9tica zapatillas de deporte\" \/><img decoding=\"async\" title=\"2020 hombres antideslizante zapatos para correr al aire libre c\u00f3modo zapatos deportivos para caminar de encaje blanco luz azul formaci\u00f3n atl\u00e9tica zapatillas de deporte\" src=\"https:\/\/bodegaoutdoor.cl\/store\/wp-content\/uploads\/2021\/04\/40074-1rl8cb.jpg\" alt=\"2020 hombres antideslizante zapatos para correr al aire libre c\u00f3modo zapatos deportivos para caminar de encaje blanco luz azul formaci\u00f3n atl\u00e9tica zapatillas de deporte\" \/><img decoding=\"async\" title=\"2020 hombres antideslizante zapatos para correr al aire libre c\u00f3modo zapatos deportivos para caminar de encaje blanco luz azul formaci\u00f3n atl\u00e9tica zapatillas de deporte\" src=\"https:\/\/bodegaoutdoor.cl\/store\/wp-content\/uploads\/2021\/04\/40074-kncdvk.jpg\" alt=\"2020 hombres antideslizante zapatos para correr al aire libre c\u00f3modo zapatos deportivos para caminar de encaje blanco luz azul formaci\u00f3n atl\u00e9tica zapatillas de deporte\" \/><img decoding=\"async\" title=\"2020 hombres antideslizante zapatos para correr al aire libre c\u00f3modo zapatos deportivos para caminar de encaje blanco luz azul formaci\u00f3n atl\u00e9tica zapatillas de deporte\" src=\"https:\/\/bodegaoutdoor.cl\/store\/wp-content\/uploads\/2021\/04\/40074-wcuyxr.jpg\" alt=\"2020 hombres antideslizante zapatos para correr al aire libre c\u00f3modo zapatos deportivos para caminar de encaje blanco luz azul formaci\u00f3n atl\u00e9tica zapatillas de deporte\" \/><img decoding=\"async\" title=\"2020 hombres antideslizante zapatos para correr al aire libre c\u00f3modo zapatos deportivos para caminar de encaje blanco luz azul formaci\u00f3n atl\u00e9tica zapatillas de deporte\" src=\"https:\/\/bodegaoutdoor.cl\/store\/wp-content\/uploads\/2021\/04\/40074-vpvpem.jpg\" alt=\"2020 hombres antideslizante zapatos para correr al aire libre c\u00f3modo zapatos deportivos para caminar de encaje blanco luz azul formaci\u00f3n atl\u00e9tica zapatillas de deporte\" \/><img decoding=\"async\" title=\"2020 hombres antideslizante zapatos para correr al aire libre c\u00f3modo zapatos deportivos para caminar de encaje blanco luz azul formaci\u00f3n atl\u00e9tica zapatillas de deporte\" src=\"https:\/\/bodegaoutdoor.cl\/store\/wp-content\/uploads\/2021\/04\/40074-ti4tyu.jpg\" alt=\"2020 hombres antideslizante zapatos para correr al aire libre c\u00f3modo zapatos deportivos para caminar de encaje blanco luz azul formaci\u00f3n atl\u00e9tica zapatillas de deporte\" \/><img decoding=\"async\" title=\"2020 hombres antideslizante zapatos para correr al aire libre c\u00f3modo zapatos deportivos para caminar de encaje blanco luz azul formaci\u00f3n atl\u00e9tica zapatillas de deporte\" src=\"https:\/\/bodegaoutdoor.cl\/store\/wp-content\/uploads\/2021\/04\/40074-klzvon.jpg\" alt=\"2020 hombres antideslizante zapatos para correr al aire libre c\u00f3modo zapatos deportivos para caminar de encaje blanco luz azul formaci\u00f3n atl\u00e9tica zapatillas de deporte\" \/><img decoding=\"async\" title=\"2020 hombres antideslizante zapatos para correr al aire libre c\u00f3modo zapatos deportivos para caminar de encaje blanco luz azul formaci\u00f3n atl\u00e9tica zapatillas de deporte\" src=\"https:\/\/bodegaoutdoor.cl\/store\/wp-content\/uploads\/2021\/04\/40074-dlzgdo.jpg\" alt=\"2020 hombres antideslizante zapatos para correr al aire libre c\u00f3modo zapatos deportivos para caminar de encaje blanco luz azul formaci\u00f3n atl\u00e9tica zapatillas de deporte\" \/><img decoding=\"async\" title=\"2020 hombres antideslizante zapatos para correr al aire libre c\u00f3modo zapatos deportivos para caminar de encaje blanco luz azul formaci\u00f3n atl\u00e9tica zapatillas de deporte\" src=\"https:\/\/bodegaoutdoor.cl\/store\/wp-content\/uploads\/2021\/04\/40074-wepevp.jpg\" alt=\"2020 hombres antideslizante zapatos para correr al aire libre c\u00f3modo zapatos deportivos para caminar de encaje blanco luz azul formaci\u00f3n atl\u00e9tica zapatillas de deporte\" \/><img decoding=\"async\" title=\"2020 hombres antideslizante zapatos para correr al aire libre c\u00f3modo zapatos deportivos para caminar de encaje blanco luz azul formaci\u00f3n atl\u00e9tica zapatillas de deporte\" src=\"https:\/\/bodegaoutdoor.cl\/store\/wp-content\/uploads\/2021\/04\/40074-waisad.jpg\" alt=\"2020 hombres antideslizante zapatos para correr al aire libre c\u00f3modo zapatos deportivos para caminar de encaje blanco luz azul formaci\u00f3n atl\u00e9tica zapatillas de deporte\" \/><img decoding=\"async\" title=\"2020 hombres antideslizante zapatos para correr al aire libre c\u00f3modo zapatos deportivos para caminar de encaje blanco luz azul formaci\u00f3n atl\u00e9tica zapatillas de deporte\" src=\"https:\/\/bodegaoutdoor.cl\/store\/wp-content\/uploads\/2021\/04\/40074-wdy6jb.jpg\" alt=\"2020 hombres antideslizante zapatos para correr al aire libre c\u00f3modo zapatos deportivos para caminar de encaje blanco luz azul formaci\u00f3n atl\u00e9tica zapatillas de deporte\" \/><img decoding=\"async\" title=\"2020 hombres antideslizante zapatos para correr al aire libre c\u00f3modo zapatos deportivos para caminar de encaje blanco luz azul formaci\u00f3n atl\u00e9tica zapatillas de deporte\" src=\"https:\/\/bodegaoutdoor.cl\/store\/wp-content\/uploads\/2021\/04\/40074-baxjua.jpg\" alt=\"2020 hombres antideslizante zapatos para correr al aire libre c\u00f3modo zapatos deportivos para caminar de encaje blanco luz azul formaci\u00f3n atl\u00e9tica zapatillas de deporte\" \/><img decoding=\"async\" title=\"2020 hombres antideslizante zapatos para correr al aire libre c\u00f3modo zapatos deportivos para caminar de encaje blanco luz azul formaci\u00f3n atl\u00e9tica zapatillas de deporte\" src=\"https:\/\/bodegaoutdoor.cl\/store\/wp-content\/uploads\/2021\/04\/40074-jyfcux.jpg\" alt=\"2020 hombres antideslizante zapatos para correr al aire libre c\u00f3modo zapatos deportivos para caminar de encaje blanco luz azul formaci\u00f3n atl\u00e9tica zapatillas de deporte\" \/><img decoding=\"async\" title=\"2020 hombres antideslizante zapatos para correr al aire libre c\u00f3modo zapatos deportivos para caminar de encaje blanco luz azul formaci\u00f3n atl\u00e9tica zapatillas de deporte\" src=\"https:\/\/bodegaoutdoor.cl\/store\/wp-content\/uploads\/2021\/04\/40074-emlpmy.jpg\" alt=\"2020 hombres antideslizante zapatos para correr al aire libre c\u00f3modo zapatos deportivos para caminar de encaje blanco luz azul formaci\u00f3n atl\u00e9tica zapatillas de deporte\" \/><img decoding=\"async\" title=\"2020 hombres antideslizante zapatos para correr al aire libre c\u00f3modo zapatos deportivos para caminar de encaje blanco luz azul formaci\u00f3n atl\u00e9tica zapatillas de deporte\" src=\"https:\/\/bodegaoutdoor.cl\/store\/wp-content\/uploads\/2021\/04\/40074-bqby7r.jpg\" alt=\"2020 hombres antideslizante zapatos para correr al aire libre c\u00f3modo zapatos deportivos para caminar de encaje blanco luz azul formaci\u00f3n atl\u00e9tica zapatillas de deporte\" \/><img decoding=\"async\" title=\"2020 hombres antideslizante zapatos para correr al aire libre c\u00f3modo zapatos deportivos para caminar de encaje blanco luz azul formaci\u00f3n atl\u00e9tica zapatillas de deporte\" src=\"https:\/\/bodegaoutdoor.cl\/store\/wp-content\/uploads\/2021\/04\/40074-38uu6x.jpg\" alt=\"2020 hombres antideslizante zapatos para correr al aire libre c\u00f3modo zapatos deportivos para caminar de encaje blanco luz azul formaci\u00f3n atl\u00e9tica zapatillas de deporte\" \/><img decoding=\"async\" title=\"2020 hombres antideslizante zapatos para correr al aire libre c\u00f3modo zapatos deportivos para caminar de encaje blanco luz azul formaci\u00f3n atl\u00e9tica zapatillas de deporte\" src=\"https:\/\/bodegaoutdoor.cl\/store\/wp-content\/uploads\/2021\/04\/40074-vjwjlt.jpg\" alt=\"2020 hombres antideslizante zapatos para correr al aire libre c\u00f3modo zapatos deportivos para caminar de encaje blanco luz azul formaci\u00f3n atl\u00e9tica zapatillas de deporte\" \/><img decoding=\"async\" title=\"2020 hombres antideslizante zapatos para correr al aire libre c\u00f3modo zapatos deportivos para caminar de encaje blanco luz azul formaci\u00f3n atl\u00e9tica zapatillas de deporte\" src=\"https:\/\/bodegaoutdoor.cl\/store\/wp-content\/uploads\/2021\/04\/40074-2ljdjo.jpg\" alt=\"2020 hombres antideslizante zapatos para correr al aire libre c\u00f3modo zapatos deportivos para caminar de encaje blanco luz azul formaci\u00f3n atl\u00e9tica zapatillas de deporte\" \/><img decoding=\"async\" title=\"2020 hombres antideslizante zapatos para correr al aire libre c\u00f3modo zapatos deportivos para caminar de encaje blanco luz azul formaci\u00f3n atl\u00e9tica zapatillas de deporte\" src=\"https:\/\/bodegaoutdoor.cl\/store\/wp-content\/uploads\/2021\/04\/40074-kdizfp.jpg\" alt=\"2020 hombres antideslizante zapatos para correr al aire libre c\u00f3modo zapatos deportivos para caminar de encaje blanco luz azul formaci\u00f3n atl\u00e9tica zapatillas de deporte\" \/><img decoding=\"async\" title=\"2020 hombres antideslizante zapatos para correr al aire libre c\u00f3modo zapatos deportivos para caminar de encaje blanco luz azul formaci\u00f3n atl\u00e9tica zapatillas de deporte\" src=\"https:\/\/bodegaoutdoor.cl\/store\/wp-content\/uploads\/2021\/04\/40074-mmx7ns.jpg\" alt=\"2020 hombres antideslizante zapatos para correr al aire libre c\u00f3modo zapatos deportivos para caminar de encaje blanco luz azul formaci\u00f3n atl\u00e9tica zapatillas de deporte\" \/><img decoding=\"async\" title=\"2020 hombres antideslizante zapatos para correr al aire libre c\u00f3modo zapatos deportivos para caminar de encaje blanco luz azul formaci\u00f3n atl\u00e9tica zapatillas de deporte\" src=\"https:\/\/bodegaoutdoor.cl\/store\/wp-content\/uploads\/2021\/04\/40074-0uj3fb.jpg\" alt=\"2020 hombres antideslizante zapatos para correr al aire libre c\u00f3modo zapatos deportivos para caminar de encaje blanco luz azul formaci\u00f3n atl\u00e9tica zapatillas de deporte\" \/><\/p>\n\n    <div class=\"xs_social_share_widget xs_share_url after_content \t\tmain_content  wslu-style-1 wslu-share-box-shaped wslu-fill-colored wslu-none wslu-share-horizontal wslu-theme-font-no wslu-main_content\">\n\n\t\t\n        <ul>\n\t\t\t        <\/ul>\n    <\/div> \n","protected":false},"excerpt":{"rendered":"<h2><span style=\"color: #ff0000;\"><em>Env\u00edo<strong>\u00a0Gratis a Tu Domicilio!<\/strong><\/em><\/span><\/h2>\n<pre><em><b>10 a 20 d\u00edas Aprox.<\/b><\/em><\/pre>\n","protected":false},"featured_media":40146,"comment_status":"open","ping_status":"closed","template":"","meta":{"jetpack_publicize_message":"","jetpack_publicize_feature_enabled":true,"jetpack_social_post_already_shared":true,"jetpack_social_options":{"image_generator_settings":{"template":"highway","enabled":false},"version":2}},"product_brand":[],"product_cat":[41],"product_tag":[1477,3421,2439],"class_list":{"0":"post-40074","1":"product","2":"type-product","3":"status-publish","4":"has-post-thumbnail","6":"product_cat-calzado","7":"product_tag-running","8":"product_tag-training","9":"product_tag-zapatillas","11":"first","12":"instock","13":"sale","14":"taxable","15":"shipping-taxable","16":"purchasable","17":"product-type-variable"},"jetpack_publicize_connections":[],"jetpack_sharing_enabled":true,"_links":{"self":[{"href":"https:\/\/bodegaoutdoor.cl\/store\/wp-json\/wp\/v2\/product\/40074","targetHints":{"allow":["GET"]}}],"collection":[{"href":"https:\/\/bodegaoutdoor.cl\/store\/wp-json\/wp\/v2\/product"}],"about":[{"href":"https:\/\/bodegaoutdoor.cl\/store\/wp-json\/wp\/v2\/types\/product"}],"replies":[{"embeddable":true,"href":"https:\/\/bodegaoutdoor.cl\/store\/wp-json\/wp\/v2\/comments?post=40074"}],"version-history":[{"count":2,"href":"https:\/\/bodegaoutdoor.cl\/store\/wp-json\/wp\/v2\/product\/40074\/revisions"}],"predecessor-version":[{"id":71032,"href":"https:\/\/bodegaoutdoor.cl\/store\/wp-json\/wp\/v2\/product\/40074\/revisions\/71032"}],"wp:featuredmedia":[{"embeddable":true,"href":"https:\/\/bodegaoutdoor.cl\/store\/wp-json\/wp\/v2\/media\/40146"}],"wp:attachment":[{"href":"https:\/\/bodegaoutdoor.cl\/store\/wp-json\/wp\/v2\/media?parent=40074"}],"wp:term":[{"taxonomy":"product_brand","embeddable":true,"href":"https:\/\/bodegaoutdoor.cl\/store\/wp-json\/wp\/v2\/product_brand?post=40074"},{"taxonomy":"product_cat","embeddable":true,"href":"https:\/\/bodegaoutdoor.cl\/store\/wp-json\/wp\/v2\/product_cat?post=40074"},{"taxonomy":"product_tag","embeddable":true,"href":"https:\/\/bodegaoutdoor.cl\/store\/wp-json\/wp\/v2\/product_tag?post=40074"}],"curies":[{"name":"wp","href":"https:\/\/api.w.org\/{rel}","templated":true}]}}