{"id":40347,"date":"2021-04-02T17:44:02","date_gmt":"2021-04-02T20:44:02","guid":{"rendered":"https:\/\/bodegaoutdoor.cl\/store\/product\/zapatos-de-boxeo-de-entrenamiento-para-hombre-zapatillas-de-boxeo-transpirables-comodas-y-ligeras-para-lucha-libre-para-primavera-y-verano\/"},"modified":"2026-01-10T20:51:20","modified_gmt":"2026-01-10T23:51:20","slug":"zapatillas-de-boxeo-de-entrenamiento-boxeo-transpirables-comodas-y-ligeras-para-lucha-libre","status":"publish","type":"product","link":"https:\/\/bodegaoutdoor.cl\/store\/product\/zapatillas-de-boxeo-de-entrenamiento-boxeo-transpirables-comodas-y-ligeras-para-lucha-libre\/","title":{"rendered":"Zapatillas de boxeo de entrenamiento boxeo transpirables, c\u00f3modas y ligeras, para lucha libre"},"content":{"rendered":"<p><b><span style=\"font-size: 22.0000pt;\"><span style=\"font-family: Arial;\"><span style=\"color: #ff0000;\"><span style=\"font-weight: bold;\">Tama\u00f1o de la nota:<\/span><\/span><\/span><\/span><\/b><\/p>\n<p><b><span style=\"font-size: 18.0000pt;\"><span style=\"font-family: Arial;\"><span style=\"color: #333333;\"><span style=\"font-weight: bold;\">1. La talla de EE. UU. O La talla Europea pueden ser diferentes con tu pa\u00eds, As\u00ed que elige la talla de EE. UU. De acuerdo con la longitud de tu pie.<\/span><\/span><\/span><\/span><\/b><\/p>\n<p><b><span style=\"font-size: 18.0000pt;\"><span style=\"font-family: Arial;\"><span style=\"color: #333333;\"><span style=\"font-weight: bold;\">2. Si tu pie es grueso o ancho, puedes elegir una talla m\u00e1s grande.<\/span><\/span><\/span><\/span><\/b><\/p>\n<p><b><span style=\"font-size: 18.0000pt;\"><span style=\"font-family: Arial;\"><span style=\"color: #333333;\"><span style=\"font-weight: bold;\">3. Si no est\u00e1s seguro de la talla, por favor, p\u00f3ngase en contacto con nosotros.<\/span><\/span><\/span><\/span><\/b><span style=\"font-size: 9.0000pt;\"><span style=\"color: #333333;\"><img decoding=\"async\" title=\"Zapatos de boxeo de entrenamiento para hombre, zapatillas de boxeo transpirables, c\u00f3modas y ligeras, para lucha libre, para primavera y verano\" src=\"\/\/ae01.alicdn.com\/kf\/H3bf0e77f1a2141e893b562491f3b30b1v.jpg?width=800&amp;height=1200&amp;hash=2000\" alt=\"Zapatos de boxeo de entrenamiento para hombre, zapatillas de boxeo transpirables, c\u00f3modas y ligeras, para lucha libre, para primavera y verano\" \/><img decoding=\"async\" title=\"Zapatos de boxeo de entrenamiento para hombre, zapatillas de boxeo transpirables, c\u00f3modas y ligeras, para lucha libre, para primavera y verano\" src=\"https:\/\/bodegaoutdoor.cl\/store\/wp-content\/uploads\/2021\/04\/40347-9kfcyn.jpg\" alt=\"Zapatos de boxeo de entrenamiento para hombre, zapatillas de boxeo transpirables, c\u00f3modas y ligeras, para lucha libre, para primavera y verano\" \/><img decoding=\"async\" title=\"Zapatos de boxeo de entrenamiento para hombre, zapatillas de boxeo transpirables, c\u00f3modas y ligeras, para lucha libre, para primavera y verano\" src=\"https:\/\/bodegaoutdoor.cl\/store\/wp-content\/uploads\/2021\/04\/40347-qoyrwa.jpg\" alt=\"Zapatos de boxeo de entrenamiento para hombre, zapatillas de boxeo transpirables, c\u00f3modas y ligeras, para lucha libre, para primavera y verano\" \/><img decoding=\"async\" title=\"Zapatos de boxeo de entrenamiento para hombre, zapatillas de boxeo transpirables, c\u00f3modas y ligeras, para lucha libre, para primavera y verano\" src=\"https:\/\/bodegaoutdoor.cl\/store\/wp-content\/uploads\/2021\/04\/40347-jdaioe.jpg\" alt=\"Zapatos de boxeo de entrenamiento para hombre, zapatillas de boxeo transpirables, c\u00f3modas y ligeras, para lucha libre, para primavera y verano\" \/><img decoding=\"async\" title=\"Zapatos de boxeo de entrenamiento para hombre, zapatillas de boxeo transpirables, c\u00f3modas y ligeras, para lucha libre, para primavera y verano\" src=\"https:\/\/bodegaoutdoor.cl\/store\/wp-content\/uploads\/2021\/04\/40347-or9t7k.jpg\" alt=\"Zapatos de boxeo de entrenamiento para hombre, zapatillas de boxeo transpirables, c\u00f3modas y ligeras, para lucha libre, para primavera y verano\" \/><img decoding=\"async\" title=\"Zapatos de boxeo de entrenamiento para hombre, zapatillas de boxeo transpirables, c\u00f3modas y ligeras, para lucha libre, para primavera y verano\" src=\"https:\/\/bodegaoutdoor.cl\/store\/wp-content\/uploads\/2021\/04\/40347-q3tzxr.jpg\" alt=\"Zapatos de boxeo de entrenamiento para hombre, zapatillas de boxeo transpirables, c\u00f3modas y ligeras, para lucha libre, para primavera y verano\" \/><img decoding=\"async\" title=\"Zapatos de boxeo de entrenamiento para hombre, zapatillas de boxeo transpirables, c\u00f3modas y ligeras, para lucha libre, para primavera y verano\" src=\"https:\/\/bodegaoutdoor.cl\/store\/wp-content\/uploads\/2021\/04\/40347-37fcta.jpg\" alt=\"Zapatos de boxeo de entrenamiento para hombre, zapatillas de boxeo transpirables, c\u00f3modas y ligeras, para lucha libre, para primavera y verano\" \/><img decoding=\"async\" title=\"Zapatos de boxeo de entrenamiento para hombre, zapatillas de boxeo transpirables, c\u00f3modas y ligeras, para lucha libre, para primavera y verano\" src=\"https:\/\/bodegaoutdoor.cl\/store\/wp-content\/uploads\/2021\/04\/40347-uyital.jpg\" alt=\"Zapatos de boxeo de entrenamiento para hombre, zapatillas de boxeo transpirables, c\u00f3modas y ligeras, para lucha libre, para primavera y verano\" \/><img decoding=\"async\" title=\"Zapatos de boxeo de entrenamiento para hombre, zapatillas de boxeo transpirables, c\u00f3modas y ligeras, para lucha libre, para primavera y verano\" src=\"https:\/\/bodegaoutdoor.cl\/store\/wp-content\/uploads\/2021\/04\/40347-1ylpwg.jpg\" alt=\"Zapatos de boxeo de entrenamiento para hombre, zapatillas de boxeo transpirables, c\u00f3modas y ligeras, para lucha libre, para primavera y verano\" \/><img decoding=\"async\" title=\"Zapatos de boxeo de entrenamiento para hombre, zapatillas de boxeo transpirables, c\u00f3modas y ligeras, para lucha libre, para primavera y verano\" src=\"https:\/\/bodegaoutdoor.cl\/store\/wp-content\/uploads\/2021\/04\/40347-pm1yve.jpg\" alt=\"Zapatos de boxeo de entrenamiento para hombre, zapatillas de boxeo transpirables, c\u00f3modas y ligeras, para lucha libre, para primavera y verano\" \/><\/span><\/span><\/p>\n\n    <div class=\"xs_social_share_widget xs_share_url after_content \t\tmain_content  wslu-style-1 wslu-share-box-shaped wslu-fill-colored wslu-none wslu-share-horizontal wslu-theme-font-no wslu-main_content\">\n\n\t\t\n        <ul>\n\t\t\t        <\/ul>\n    <\/div> \n","protected":false},"excerpt":{"rendered":"<p>Tama\u00f1o de la nota: 1. La talla de EE. UU. O La talla Europea pueden ser diferentes con tu pa\u00eds, As\u00ed que elige la talla de EE. UU. De acuerdo con la longitud de tu pie. 2. Si tu pie es grueso o ancho, puedes elegir una talla m\u00e1s grande. 3. Si no est\u00e1s seguro [&hellip;]<\/p>\n","protected":false},"featured_media":40446,"comment_status":"open","ping_status":"closed","template":"","meta":{"jetpack_publicize_message":"","jetpack_publicize_feature_enabled":true,"jetpack_social_post_already_shared":true,"jetpack_social_options":{"image_generator_settings":{"template":"highway","enabled":false},"version":2}},"product_brand":[],"product_cat":[41],"product_tag":[2438,2439],"class_list":{"0":"post-40347","1":"product","2":"type-product","3":"status-publish","4":"has-post-thumbnail","6":"product_cat-calzado","7":"product_tag-boxeo","8":"product_tag-zapatillas","10":"first","11":"instock","12":"sale","13":"taxable","14":"shipping-taxable","15":"purchasable","16":"product-type-variable"},"jetpack_publicize_connections":[],"jetpack_sharing_enabled":true,"_links":{"self":[{"href":"https:\/\/bodegaoutdoor.cl\/store\/wp-json\/wp\/v2\/product\/40347","targetHints":{"allow":["GET"]}}],"collection":[{"href":"https:\/\/bodegaoutdoor.cl\/store\/wp-json\/wp\/v2\/product"}],"about":[{"href":"https:\/\/bodegaoutdoor.cl\/store\/wp-json\/wp\/v2\/types\/product"}],"replies":[{"embeddable":true,"href":"https:\/\/bodegaoutdoor.cl\/store\/wp-json\/wp\/v2\/comments?post=40347"}],"version-history":[{"count":2,"href":"https:\/\/bodegaoutdoor.cl\/store\/wp-json\/wp\/v2\/product\/40347\/revisions"}],"predecessor-version":[{"id":71031,"href":"https:\/\/bodegaoutdoor.cl\/store\/wp-json\/wp\/v2\/product\/40347\/revisions\/71031"}],"wp:featuredmedia":[{"embeddable":true,"href":"https:\/\/bodegaoutdoor.cl\/store\/wp-json\/wp\/v2\/media\/40446"}],"wp:attachment":[{"href":"https:\/\/bodegaoutdoor.cl\/store\/wp-json\/wp\/v2\/media?parent=40347"}],"wp:term":[{"taxonomy":"product_brand","embeddable":true,"href":"https:\/\/bodegaoutdoor.cl\/store\/wp-json\/wp\/v2\/product_brand?post=40347"},{"taxonomy":"product_cat","embeddable":true,"href":"https:\/\/bodegaoutdoor.cl\/store\/wp-json\/wp\/v2\/product_cat?post=40347"},{"taxonomy":"product_tag","embeddable":true,"href":"https:\/\/bodegaoutdoor.cl\/store\/wp-json\/wp\/v2\/product_tag?post=40347"}],"curies":[{"name":"wp","href":"https:\/\/api.w.org\/{rel}","templated":true}]}}