{"id":42474,"date":"2021-04-17T18:57:32","date_gmt":"2021-04-17T22:57:32","guid":{"rendered":"https:\/\/bodegaoutdoor.cl\/store\/product\/mochila-tactica-3p-impermeable-para-hombre-bolsa-militar-para-exteriores-600d-oxford-molle-deportes-de-senderismo-y-acampada-25l\/"},"modified":"2023-05-04T19:18:57","modified_gmt":"2023-05-04T23:18:57","slug":"mochila-tactica-mole-3p-impermeable-600d-oxford-molle-deportes-outdoor-25litros","status":"publish","type":"product","link":"https:\/\/bodegaoutdoor.cl\/store\/product\/mochila-tactica-mole-3p-impermeable-600d-oxford-molle-deportes-outdoor-25litros\/","title":{"rendered":"Mochila t\u00e1ctica Mole 3P impermeable 600D Oxford, Molle, deportes Outdoor  25Litros"},"content":{"rendered":"<p style=\"text-align: center;\"><video style=\"max-width: 100%;\" src=\"\/\/cloud.video.taobao.com\/play\/u\/2207912966211\/p\/1\/e\/6\/t\/10301\/300167062433.mp4\" poster=\"https:\/\/ae01.alicdn.com\/kf\/H6d1328cdf0eb4d0ca199995eaaea38b8m\/Mochila-t-ctica-3P-impermeable-para-hombre-bolsa-militar-para-exteriores-600D-Oxford-Molle-deportes-de.jpg,https:\/\/ae01.alicdn.com\/kf\/H67707fc26f3d43e19e956e057901aae60\/Mochila-t-ctica-3P-impermeable-para-hombre-bolsa-militar-para-exteriores-600D-Oxford-Molle-deportes-de.jpg,https:\/\/ae01.alicdn.com\/kf\/Hefce09bd487e4cc6a871067eb48a425aY\/Mochila-t-ctica-3P-impermeable-para-hombre-bolsa-militar-para-exteriores-600D-Oxford-Molle-deportes-de.png,https:\/\/ae01.alicdn.com\/kf\/Hf754da86f51e46628e95a8b1fadd5438A\/Mochila-t-ctica-3P-impermeable-para-hombre-bolsa-militar-para-exteriores-600D-Oxford-Molle-deportes-de.jpg,https:\/\/ae01.alicdn.com\/kf\/Hd2ce08aff8e74e638a4582c0570a6a0dP\/Mochila-t-ctica-3P-impermeable-para-hombre-bolsa-militar-para-exteriores-600D-Oxford-Molle-deportes-de.jpg,https:\/\/ae01.alicdn.com\/kf\/Hf485d1cbc32b4acf97572bf47f4f8e92T\/Mochila-t-ctica-3P-impermeable-para-hombre-bolsa-militar-para-exteriores-600D-Oxford-Molle-deportes-de.jpg\" preload=\"auto\" controls=\"controls\" width=\"100%\" height=\"100%\"><\/video><\/p>\n<div><\/div>\n<div>\n<div>\n<div id=\"299623853742\" data-previewurl=\"\/\/img.alicdn.com\/imgextra\/i4\/6000000003810\/O1CN01psslxD1e11fkdgsNv_!!6000000003810-0-tbvideo.jpg\"><\/div>\n<\/div>\n<\/div>\n<div>\n<p style=\"font-family: 'OpenSans'; color: #000; font-weight: 300; font-size: 14px; line-height: 20px; margin-bottom: 12px;\">1. Acerca del env\u00edo directo: Aceptamos Dropshipping\/venta al por mayor<br \/>\n2. Sobre el m\u00e9todo de env\u00edo: Env\u00edo Est\u00e1ndar de AliExpress<br \/>\n3. Sobre el tiempo de env\u00edo: \u00a1env\u00ede pedidos en 48 horas!<\/p>\n<\/div>\n<div>\n<div>\n<div>\n<div id=\"292547161532\"><span style=\"font-size: 28px; font-family: arial, helvetica, sans-serif;\">Descripci\u00f3n<\/span><br \/>\n<span style=\"font-size: 16px;\"><span style=\"font-family: Arial, Helvetica, sans-serif;\">100% nuevo y de buena calidad.<\/span><\/span><\/div>\n<\/div>\n<\/div>\n<div style=\"font-family: Arial, Verdana, sans-serif; font-size: 12px; font-weight: 400; letter-spacing: normal; text-align: start;\" align=\"start\"><span style=\"font-size: 16px;\"><span style=\"font-family: Arial, Helvetica, sans-serif;\">C\u00f3digo de producto: 81011<\/span><\/span><\/div>\n<div style=\"font-family: Arial, Verdana, sans-serif; font-size: 12px; font-weight: 400; letter-spacing: normal; text-align: start;\" align=\"start\"><span style=\"font-size: 16px;\"><span style=\"font-family: Arial, Helvetica, sans-serif;\">Color: negro, verde militar, caqui, serpiente, camuflaje de serpiente, camuflaje ACU, Camuflaje verde vidrio<\/span><\/span><\/div>\n<div style=\"font-family: Arial, Verdana, sans-serif; font-size: 12px; font-weight: 400; letter-spacing: normal; text-align: start;\" align=\"start\"><span style=\"font-size: 16px;\"><span style=\"font-family: Arial, Helvetica, sans-serif;\">Tama\u00f1o: 20*25*40cm<\/span><\/span><br \/>\n<span style=\"font-size: 16px;\"><span style=\"font-family: Arial, Helvetica, sans-serif;\">El paquete incluye: 1 * mochila<\/span><\/span><br \/>\n<img fetchpriority=\"high\" decoding=\"async\" title=\"Mochila t\u00e1ctica 3P impermeable para hombre, bolsa militar para exteriores, 600D Oxford, Molle, deportes de senderismo y acampada, 25L\" src=\"https:\/\/bodegaoutdoor.cl\/store\/wp-content\/uploads\/2021\/04\/42474-4jb1yh.png\" alt=\"Mochila t\u00e1ctica 3P impermeable para hombre, bolsa militar para exteriores, 600D Oxford, Molle, deportes de senderismo y acampada, 25L\" width=\"750\" height=\"758\" \/><br \/>\n<span style=\"font-size: 28px; font-family: arial, helvetica, sans-serif;\">Art\u00edculo mostrar<\/span><\/div>\n<div style=\"font-family: Arial, Verdana, sans-serif; font-size: 12px; font-weight: 400; letter-spacing: normal; text-align: start;\" align=\"start\">\n<div>\n<p style=\"text-align: left; margin: 0px;\" align=\"left\"><img decoding=\"async\" title=\"Mochila t\u00e1ctica 3P impermeable para hombre, bolsa militar para exteriores, 600D Oxford, Molle, deportes de senderismo y acampada, 25L\" src=\"https:\/\/bodegaoutdoor.cl\/store\/wp-content\/uploads\/2021\/04\/42474-1vpfrs.jpg\" alt=\"Mochila t\u00e1ctica 3P impermeable para hombre, bolsa militar para exteriores, 600D Oxford, Molle, deportes de senderismo y acampada, 25L\" \/><br \/>\n<img decoding=\"async\" style=\"width: 750px;\" title=\"Mochila t\u00e1ctica 3P impermeable para hombre, bolsa militar para exteriores, 600D Oxford, Molle, deportes de senderismo y acampada, 25L\" src=\"https:\/\/bodegaoutdoor.cl\/store\/wp-content\/uploads\/2021\/04\/42474-7xk8jt.jpg\" alt=\"Mochila t\u00e1ctica 3P impermeable para hombre, bolsa militar para exteriores, 600D Oxford, Molle, deportes de senderismo y acampada, 25L\" width=\"750px\" \/><br \/>\n<img decoding=\"async\" style=\"max-width: 100%;\" title=\"Mochila t\u00e1ctica 3P impermeable para hombre, bolsa militar para exteriores, 600D Oxford, Molle, deportes de senderismo y acampada, 25L\" src=\"https:\/\/bodegaoutdoor.cl\/store\/wp-content\/uploads\/2021\/04\/42474-hvf49h.jpg\" alt=\"Mochila t\u00e1ctica 3P impermeable para hombre, bolsa militar para exteriores, 600D Oxford, Molle, deportes de senderismo y acampada, 25L\" \/><\/p>\n<\/div>\n<div><img decoding=\"async\" style=\"max-width: 100%;\" title=\"Mochila t\u00e1ctica 3P impermeable para hombre, bolsa militar para exteriores, 600D Oxford, Molle, deportes de senderismo y acampada, 25L\" src=\"https:\/\/bodegaoutdoor.cl\/store\/wp-content\/uploads\/2021\/04\/42474-lzlord.jpg\" alt=\"Mochila t\u00e1ctica 3P impermeable para hombre, bolsa militar para exteriores, 600D Oxford, Molle, deportes de senderismo y acampada, 25L\" \/><\/div>\n<div><img decoding=\"async\" style=\"max-width: 100%;\" title=\"Mochila t\u00e1ctica 3P impermeable para hombre, bolsa militar para exteriores, 600D Oxford, Molle, deportes de senderismo y acampada, 25L\" src=\"https:\/\/bodegaoutdoor.cl\/store\/wp-content\/uploads\/2021\/04\/42474-wtfeve.jpg\" alt=\"Mochila t\u00e1ctica 3P impermeable para hombre, bolsa militar para exteriores, 600D Oxford, Molle, deportes de senderismo y acampada, 25L\" \/><\/div>\n<div><img decoding=\"async\" style=\"max-width: 100%;\" title=\"Mochila t\u00e1ctica 3P impermeable para hombre, bolsa militar para exteriores, 600D Oxford, Molle, deportes de senderismo y acampada, 25L\" src=\"https:\/\/bodegaoutdoor.cl\/store\/wp-content\/uploads\/2021\/04\/42474-hde35q.jpg\" alt=\"Mochila t\u00e1ctica 3P impermeable para hombre, bolsa militar para exteriores, 600D Oxford, Molle, deportes de senderismo y acampada, 25L\" \/><\/div>\n<div><img decoding=\"async\" style=\"max-width: 100%;\" title=\"Mochila t\u00e1ctica 3P impermeable para hombre, bolsa militar para exteriores, 600D Oxford, Molle, deportes de senderismo y acampada, 25L\" src=\"https:\/\/bodegaoutdoor.cl\/store\/wp-content\/uploads\/2021\/04\/42474-sv2fz7.jpg\" alt=\"Mochila t\u00e1ctica 3P impermeable para hombre, bolsa militar para exteriores, 600D Oxford, Molle, deportes de senderismo y acampada, 25L\" \/><\/div>\n<div><img decoding=\"async\" style=\"max-width: 100%;\" title=\"Mochila t\u00e1ctica 3P impermeable para hombre, bolsa militar para exteriores, 600D Oxford, Molle, deportes de senderismo y acampada, 25L\" src=\"https:\/\/bodegaoutdoor.cl\/store\/wp-content\/uploads\/2021\/04\/42474-oxlb0j.jpg\" alt=\"Mochila t\u00e1ctica 3P impermeable para hombre, bolsa militar para exteriores, 600D Oxford, Molle, deportes de senderismo y acampada, 25L\" \/><\/div>\n<div><img decoding=\"async\" style=\"max-width: 100%;\" title=\"Mochila t\u00e1ctica 3P impermeable para hombre, bolsa militar para exteriores, 600D Oxford, Molle, deportes de senderismo y acampada, 25L\" src=\"https:\/\/bodegaoutdoor.cl\/store\/wp-content\/uploads\/2021\/04\/42474-liuug9.jpg\" alt=\"Mochila t\u00e1ctica 3P impermeable para hombre, bolsa militar para exteriores, 600D Oxford, Molle, deportes de senderismo y acampada, 25L\" \/><\/div>\n<div><img decoding=\"async\" style=\"max-width: 100%;\" title=\"Mochila t\u00e1ctica 3P impermeable para hombre, bolsa militar para exteriores, 600D Oxford, Molle, deportes de senderismo y acampada, 25L\" src=\"https:\/\/bodegaoutdoor.cl\/store\/wp-content\/uploads\/2021\/04\/42474-nkxeje.jpg\" alt=\"Mochila t\u00e1ctica 3P impermeable para hombre, bolsa militar para exteriores, 600D Oxford, Molle, deportes de senderismo y acampada, 25L\" \/><\/div>\n<div>\n<p style=\"font-family: OpenSans; font-size: 14px; font-weight: 300; line-height: 20px; margin: 0px 0px 12px 0px;\">La bolsa adjunta se puede utilizar para instalar art\u00edculos comunes, carteras m\u00f3viles y otros art\u00edculos.<\/p>\n<\/div>\n<div><img decoding=\"async\" style=\"max-width: 100%;\" title=\"Mochila t\u00e1ctica 3P impermeable para hombre, bolsa militar para exteriores, 600D Oxford, Molle, deportes de senderismo y acampada, 25L\" src=\"https:\/\/bodegaoutdoor.cl\/store\/wp-content\/uploads\/2021\/04\/42474-cqawl7.jpg\" alt=\"Mochila t\u00e1ctica 3P impermeable para hombre, bolsa militar para exteriores, 600D Oxford, Molle, deportes de senderismo y acampada, 25L\" \/><\/div>\n<div>\n<p style=\"font-family: OpenSans; font-size: 14px; font-weight: 300; line-height: 20px; margin: 0px 0px 12px 0px;\">Alta resistencia al desgaste y al desgarro, tela 1000D de alta densidad resistente al desgarro combinada con revestimiento impermeable, Frente con calma al cambio de clima<\/p>\n<\/div>\n<div><img decoding=\"async\" style=\"max-width: 100%;\" title=\"Mochila t\u00e1ctica 3P impermeable para hombre, bolsa militar para exteriores, 600D Oxford, Molle, deportes de senderismo y acampada, 25L\" src=\"https:\/\/bodegaoutdoor.cl\/store\/wp-content\/uploads\/2021\/04\/42474-4fqldf.jpg\" alt=\"Mochila t\u00e1ctica 3P impermeable para hombre, bolsa militar para exteriores, 600D Oxford, Molle, deportes de senderismo y acampada, 25L\" \/><\/div>\n<div>\n<p style=\"font-family: OpenSans; font-size: 14px; font-weight: 300; line-height: 20px; margin: 0px 0px 12px 0px;\">Correa suave y c\u00f3moda para la mano, la mano no da\u00f1a, costura de precisi\u00f3n, uso resistente<\/p>\n<\/div>\n<div><img decoding=\"async\" style=\"max-width: 100%;\" title=\"Mochila t\u00e1ctica 3P impermeable para hombre, bolsa militar para exteriores, 600D Oxford, Molle, deportes de senderismo y acampada, 25L\" src=\"https:\/\/bodegaoutdoor.cl\/store\/wp-content\/uploads\/2021\/04\/42474-kh9uo5.jpg\" alt=\"Mochila t\u00e1ctica 3P impermeable para hombre, bolsa militar para exteriores, 600D Oxford, Molle, deportes de senderismo y acampada, 25L\" \/><\/div>\n<div>\n<p style=\"font-family: OpenSans; font-size: 14px; font-weight: 300; line-height: 20px; margin: 0px 0px 12px 0px;\">Cuerpo de cremallera bidireccional de alta calidad, color brillante, no se decolora f\u00e1cilmente<\/p>\n<\/div>\n<div><img decoding=\"async\" style=\"max-width: 100%;\" title=\"Mochila t\u00e1ctica 3P impermeable para hombre, bolsa militar para exteriores, 600D Oxford, Molle, deportes de senderismo y acampada, 25L\" src=\"https:\/\/bodegaoutdoor.cl\/store\/wp-content\/uploads\/2021\/04\/42474-vvz08t.jpg\" alt=\"Mochila t\u00e1ctica 3P impermeable para hombre, bolsa militar para exteriores, 600D Oxford, Molle, deportes de senderismo y acampada, 25L\" \/><\/div>\n<div>\n<p style=\"font-family: OpenSans; font-size: 14px; font-weight: 300; line-height: 20px; margin: 0px 0px 12px 0px;\">Adopta un dise\u00f1o en forma de Y una configuraci\u00f3n razonable para hacer que los hombros se estresen uniformemente<\/p>\n<\/div>\n<div><img decoding=\"async\" style=\"max-width: 100%;\" title=\"Mochila t\u00e1ctica 3P impermeable para hombre, bolsa militar para exteriores, 600D Oxford, Molle, deportes de senderismo y acampada, 25L\" src=\"https:\/\/bodegaoutdoor.cl\/store\/wp-content\/uploads\/2021\/04\/42474-qab5el.jpg\" alt=\"Mochila t\u00e1ctica 3P impermeable para hombre, bolsa militar para exteriores, 600D Oxford, Molle, deportes de senderismo y acampada, 25L\" \/><\/div>\n<div>\n<p style=\"font-family: OpenSans; font-size: 14px; font-weight: 300; line-height: 20px; margin: 0px 0px 12px 0px;\">M\u00faltiple refuerzo cruzado de la correa del hombro, resistente y pr\u00e1ctico<\/p>\n<\/div>\n<div><img decoding=\"async\" style=\"max-width: 100%;\" title=\"Mochila t\u00e1ctica 3P impermeable para hombre, bolsa militar para exteriores, 600D Oxford, Molle, deportes de senderismo y acampada, 25L\" src=\"https:\/\/bodegaoutdoor.cl\/store\/wp-content\/uploads\/2021\/04\/42474-twlax5.jpg\" alt=\"Mochila t\u00e1ctica 3P impermeable para hombre, bolsa militar para exteriores, 600D Oxford, Molle, deportes de senderismo y acampada, 25L\" \/><\/div>\n<div>\n<p style=\"font-family: OpenSans; font-size: 14px; font-weight: 300; line-height: 20px; margin: 0px 0px 12px 0px;\">Hebilla de ajuste de altura de la correa de pecho, hombro fijo, f\u00e1cil de caminar<\/p>\n<\/div>\n<div><img decoding=\"async\" style=\"max-width: 100%;\" title=\"Mochila t\u00e1ctica 3P impermeable para hombre, bolsa militar para exteriores, 600D Oxford, Molle, deportes de senderismo y acampada, 25L\" src=\"https:\/\/bodegaoutdoor.cl\/store\/wp-content\/uploads\/2021\/04\/42474-ffoyoh.jpg\" alt=\"Mochila t\u00e1ctica 3P impermeable para hombre, bolsa militar para exteriores, 600D Oxford, Molle, deportes de senderismo y acampada, 25L\" \/><\/div>\n<div>\n<p style=\"font-family: OpenSans; font-size: 14px; font-weight: 300; line-height: 20px; margin: 0px 0px 12px 0px;\">Hebilla resistente y duradera, resistente al fr\u00edo y a altas temperaturas<\/p>\n<\/div>\n<div><img decoding=\"async\" style=\"max-width: 100%;\" title=\"Mochila t\u00e1ctica 3P impermeable para hombre, bolsa militar para exteriores, 600D Oxford, Molle, deportes de senderismo y acampada, 25L\" src=\"https:\/\/bodegaoutdoor.cl\/store\/wp-content\/uploads\/2021\/04\/42474-38qjbm.jpg\" alt=\"Mochila t\u00e1ctica 3P impermeable para hombre, bolsa militar para exteriores, 600D Oxford, Molle, deportes de senderismo y acampada, 25L\" \/><\/div>\n<div>\n<p style=\"font-family: OpenSans; font-size: 14px; font-weight: 300; line-height: 20px; margin: 0px 0px 12px 0px;\">La correa de hombro est\u00e1 dise\u00f1ada con sistema MOLLE para una f\u00e1cil Fijaci\u00f3n de accesorios, gafas y otros art\u00edculos<\/p>\n<\/div>\n<div><img decoding=\"async\" style=\"max-width: 100%;\" title=\"Mochila t\u00e1ctica 3P impermeable para hombre, bolsa militar para exteriores, 600D Oxford, Molle, deportes de senderismo y acampada, 25L\" src=\"https:\/\/bodegaoutdoor.cl\/store\/wp-content\/uploads\/2021\/04\/42474-ks9ja1.jpg\" alt=\"Mochila t\u00e1ctica 3P impermeable para hombre, bolsa militar para exteriores, 600D Oxford, Molle, deportes de senderismo y acampada, 25L\" \/><\/div>\n<div>\n<p style=\"font-family: OpenSans; font-size: 14px; font-weight: 300; line-height: 20px; margin: 0px 0px 12px 0px;\">Hebilla ajustable para correa de hombro, fuerte y resistente al desgaste, No es f\u00e1cil de romper<\/p>\n<\/div>\n<div><img decoding=\"async\" style=\"margin-bottom: 10px; max-width: 100%;\" title=\"Mochila t\u00e1ctica 3P impermeable para hombre, bolsa militar para exteriores, 600D Oxford, Molle, deportes de senderismo y acampada, 25L\" src=\"https:\/\/bodegaoutdoor.cl\/store\/wp-content\/uploads\/2021\/04\/42474-gl13d8.jpg\" alt=\"Mochila t\u00e1ctica 3P impermeable para hombre, bolsa militar para exteriores, 600D Oxford, Molle, deportes de senderismo y acampada, 25L\" \/><\/div>\n<div>\n<p style=\"font-family: OpenSans; font-size: 14px; font-weight: 300; line-height: 20px; margin: 0px 0px 12px 0px;\">El compartimento est\u00e1 dise\u00f1ado con un bolsillo para compartimentos y una almohadilla de esponja para proteger tus objetos de valor.<\/p>\n<\/div>\n<div><img decoding=\"async\" style=\"margin-bottom: 10px; max-width: 100%;\" title=\"Mochila t\u00e1ctica 3P impermeable para hombre, bolsa militar para exteriores, 600D Oxford, Molle, deportes de senderismo y acampada, 25L\" src=\"https:\/\/bodegaoutdoor.cl\/store\/wp-content\/uploads\/2021\/04\/42474-n6dfl8.jpg\" alt=\"Mochila t\u00e1ctica 3P impermeable para hombre, bolsa militar para exteriores, 600D Oxford, Molle, deportes de senderismo y acampada, 25L\" \/><\/div>\n<div>\n<p style=\"font-family: OpenSans; font-size: 14px; font-weight: 300; line-height: 20px; margin: 0px 0px 12px 0px;\">Correa de hombro desmontable con anillo en D de metal y correas de alta densidad para mejores resultados<\/p>\n<\/div>\n<div><img decoding=\"async\" style=\"margin-bottom: 10px; max-width: 100%;\" title=\"Mochila t\u00e1ctica 3P impermeable para hombre, bolsa militar para exteriores, 600D Oxford, Molle, deportes de senderismo y acampada, 25L\" src=\"https:\/\/bodegaoutdoor.cl\/store\/wp-content\/uploads\/2021\/04\/42474-wuphzj.jpg\" alt=\"Mochila t\u00e1ctica 3P impermeable para hombre, bolsa militar para exteriores, 600D Oxford, Molle, deportes de senderismo y acampada, 25L\" \/><\/div>\n<div>\n<p style=\"font-family: OpenSans; font-size: 14px; font-weight: 300; line-height: 20px; margin: 0px 0px 12px 0px;\">Rico compartimento interior de malla con revestimiento impermeable PU para un mejor efecto<\/p>\n<\/div>\n<div><img decoding=\"async\" style=\"margin-bottom: 10px; max-width: 100%;\" title=\"Mochila t\u00e1ctica 3P impermeable para hombre, bolsa militar para exteriores, 600D Oxford, Molle, deportes de senderismo y acampada, 25L\" src=\"https:\/\/bodegaoutdoor.cl\/store\/wp-content\/uploads\/2021\/04\/42474-uqkjro.jpg\" alt=\"Mochila t\u00e1ctica 3P impermeable para hombre, bolsa militar para exteriores, 600D Oxford, Molle, deportes de senderismo y acampada, 25L\" \/><br \/>\n<img decoding=\"async\" style=\"margin-bottom: 10px; max-width: 100%;\" title=\"Mochila t\u00e1ctica 3P impermeable para hombre, bolsa militar para exteriores, 600D Oxford, Molle, deportes de senderismo y acampada, 25L\" src=\"https:\/\/bodegaoutdoor.cl\/store\/wp-content\/uploads\/2021\/04\/42474-dygthl.jpg\" alt=\"Mochila t\u00e1ctica 3P impermeable para hombre, bolsa militar para exteriores, 600D Oxford, Molle, deportes de senderismo y acampada, 25L\" \/><br \/>\n<img decoding=\"async\" style=\"margin-bottom: 10px; max-width: 100%;\" title=\"Mochila t\u00e1ctica 3P impermeable para hombre, bolsa militar para exteriores, 600D Oxford, Molle, deportes de senderismo y acampada, 25L\" src=\"https:\/\/bodegaoutdoor.cl\/store\/wp-content\/uploads\/2021\/04\/42474-eg1rpl.jpg\" alt=\"Mochila t\u00e1ctica 3P impermeable para hombre, bolsa militar para exteriores, 600D Oxford, Molle, deportes de senderismo y acampada, 25L\" \/><br \/>\n<img decoding=\"async\" style=\"margin-bottom: 10px; max-width: 100%;\" title=\"Mochila t\u00e1ctica 3P impermeable para hombre, bolsa militar para exteriores, 600D Oxford, Molle, deportes de senderismo y acampada, 25L\" src=\"https:\/\/bodegaoutdoor.cl\/store\/wp-content\/uploads\/2021\/04\/42474-2pf9i2.jpg\" alt=\"Mochila t\u00e1ctica 3P impermeable para hombre, bolsa militar para exteriores, 600D Oxford, Molle, deportes de senderismo y acampada, 25L\" \/><\/div>\n<\/div>\n<\/div>\n\n    <div class=\"xs_social_share_widget xs_share_url after_content \t\tmain_content  wslu-style-1 wslu-share-box-shaped wslu-fill-colored wslu-none wslu-share-horizontal wslu-theme-font-no wslu-main_content\">\n\n\t\t\n        <ul>\n\t\t\t        <\/ul>\n    <\/div> \n","protected":false},"excerpt":{"rendered":"<div class=\"woocommerce-product-details__short-description\">\n<div class=\"woocommerce-product-details__short-description\">\n<p><span style=\"color: #ff0000;\">PRECIO MAYOR 12 UNIDADES $17.990<\/span><\/p>\n<\/div>\n<\/div>\n","protected":false},"featured_media":42489,"comment_status":"open","ping_status":"closed","template":"","meta":{"jetpack_publicize_message":"","jetpack_publicize_feature_enabled":true,"jetpack_social_post_already_shared":true,"jetpack_social_options":{"image_generator_settings":{"template":"highway","enabled":false},"version":2}},"product_brand":[],"product_cat":[195,238],"product_tag":[],"class_list":{"0":"post-42474","1":"product","2":"type-product","3":"status-publish","4":"has-post-thumbnail","6":"product_cat-mochilas","7":"product_cat-mochilas-10-30-litros","9":"first","10":"instock","11":"sale","12":"taxable","13":"shipping-taxable","14":"purchasable","15":"product-type-variable"},"jetpack_publicize_connections":[],"jetpack_sharing_enabled":true,"_links":{"self":[{"href":"https:\/\/bodegaoutdoor.cl\/store\/wp-json\/wp\/v2\/product\/42474","targetHints":{"allow":["GET"]}}],"collection":[{"href":"https:\/\/bodegaoutdoor.cl\/store\/wp-json\/wp\/v2\/product"}],"about":[{"href":"https:\/\/bodegaoutdoor.cl\/store\/wp-json\/wp\/v2\/types\/product"}],"replies":[{"embeddable":true,"href":"https:\/\/bodegaoutdoor.cl\/store\/wp-json\/wp\/v2\/comments?post=42474"}],"version-history":[{"count":2,"href":"https:\/\/bodegaoutdoor.cl\/store\/wp-json\/wp\/v2\/product\/42474\/revisions"}],"predecessor-version":[{"id":71016,"href":"https:\/\/bodegaoutdoor.cl\/store\/wp-json\/wp\/v2\/product\/42474\/revisions\/71016"}],"wp:featuredmedia":[{"embeddable":true,"href":"https:\/\/bodegaoutdoor.cl\/store\/wp-json\/wp\/v2\/media\/42489"}],"wp:attachment":[{"href":"https:\/\/bodegaoutdoor.cl\/store\/wp-json\/wp\/v2\/media?parent=42474"}],"wp:term":[{"taxonomy":"product_brand","embeddable":true,"href":"https:\/\/bodegaoutdoor.cl\/store\/wp-json\/wp\/v2\/product_brand?post=42474"},{"taxonomy":"product_cat","embeddable":true,"href":"https:\/\/bodegaoutdoor.cl\/store\/wp-json\/wp\/v2\/product_cat?post=42474"},{"taxonomy":"product_tag","embeddable":true,"href":"https:\/\/bodegaoutdoor.cl\/store\/wp-json\/wp\/v2\/product_tag?post=42474"}],"curies":[{"name":"wp","href":"https:\/\/api.w.org\/{rel}","templated":true}]}}