{"id":47595,"date":"2021-08-30T19:29:18","date_gmt":"2021-08-30T23:29:18","guid":{"rendered":"https:\/\/bodegaoutdoor.cl\/store\/product\/juego-de-utensilios-de-cocina-de-aluminio-para-acampada-hervidor-de-agua-olla-para-viaje-senderismo-picnic-vajilla-para-barbacoa-equipo-de-camping\/"},"modified":"2023-05-04T19:18:55","modified_gmt":"2023-05-04T23:18:55","slug":"set-de-cocina-de-aluminio-para-acampada-tetera-ollas-para-viaje-senderismo-picnic-equipo-de-camping","status":"publish","type":"product","link":"https:\/\/bodegaoutdoor.cl\/store\/product\/set-de-cocina-de-aluminio-para-acampada-tetera-ollas-para-viaje-senderismo-picnic-equipo-de-camping\/","title":{"rendered":"Set de cocina de aluminio para acampada, tetera, ollas para viaje, senderismo, Picnic, equipo de Camping"},"content":{"rendered":"<p style=\"text-align: center;\"><video style=\"max-width: 100%;\" src=\"\/\/cloud.video.taobao.com\/play\/u\/2211197439937\/p\/1\/e\/6\/t\/10301\/319501151108.mp4\" poster=\"https:\/\/ae01.alicdn.com\/kf\/H1b3e4abb8e8a495cb866b7aac7dc7cb1T\/Juego-de-utensilios-de-cocina-de-aluminio-para-acampada-hervidor-de-agua-olla-para-viaje-senderismo.jpg,https:\/\/ae01.alicdn.com\/kf\/Hdd198941a35a4827b715062bee8eb394L\/Juego-de-utensilios-de-cocina-de-aluminio-para-acampada-hervidor-de-agua-olla-para-viaje-senderismo.jpg,https:\/\/ae01.alicdn.com\/kf\/H479ffa3742b1439d83bedd5fc8e3f081g\/Juego-de-utensilios-de-cocina-de-aluminio-para-acampada-hervidor-de-agua-olla-para-viaje-senderismo.jpg,https:\/\/ae01.alicdn.com\/kf\/H93ee8c59b950457d9be89460357156380\/Juego-de-utensilios-de-cocina-de-aluminio-para-acampada-hervidor-de-agua-olla-para-viaje-senderismo.jpg,https:\/\/ae01.alicdn.com\/kf\/Hf01cbecabb6a4e13865bec4713b99b4cE\/Juego-de-utensilios-de-cocina-de-aluminio-para-acampada-hervidor-de-agua-olla-para-viaje-senderismo.jpg,https:\/\/ae01.alicdn.com\/kf\/H7f22df87d750464085cba2a50a98a80b9\/Juego-de-utensilios-de-cocina-de-aluminio-para-acampada-hervidor-de-agua-olla-para-viaje-senderismo.jpg\" preload=\"auto\" controls=\"controls\" width=\"100%\" height=\"100%\"><\/video><\/p>\n<div>\n<p>&nbsp;<\/p>\n<div>\n<div>\n<div style=\"margin: 10px auto 0px auto; max-width: 100%;\">\n<div style=\"margin-top: -37.23%;\">\n<div style=\"margin-top: -37.23%; margin-left: 75%; width: 25%;\"><\/div>\n<\/div>\n<\/div>\n<\/div>\n<div>\n<div>\n<p>&nbsp;<\/p>\n<p>&nbsp;<\/p>\n<p>&nbsp;<\/p>\n<p>&nbsp;<\/p>\n<p>&nbsp;<\/p>\n<p>&nbsp;<\/p>\n<div>\n<div>\n<div><\/div>\n<div><\/div>\n<p>&nbsp;<\/p>\n<p>&nbsp;<\/p>\n<p>&nbsp;<\/p>\n<p><i><span style=\"font-size: 26px; font-family: georgia, serif;\">Kit de utensilios de cocina de aluminio para acampar, juego de cocina de aluminio para exteriores, olla de agua<\/span><\/i><\/p>\n<p>&nbsp;<\/p>\n<p><i><span style=\"font-size: 26px; font-family: georgia, serif;\">Viajar senderismo Picnic vajilla para barbacoa equipo<\/span><\/i><\/p>\n<p>&nbsp;<\/p>\n<\/div>\n<\/div>\n<\/div>\n<\/div>\n<\/div>\n<div>\n<p style=\"font-family: OpenSans; font-size: 20px; font-weight: 900; line-height: 28px; margin-bottom: 12px;\"><i>Caracter\u00edstica:<\/i><\/p>\n<\/div>\n<div>\n<p style=\"font-family: OpenSans; font-size: 14px; font-weight: 300; line-height: 20px; margin-bottom: 12px;\">1. Hecho de aluminio de alta calidad, cuenco y cuchara est\u00e1n hechos de material de calidad alimentaria con revestimiento antiadherente para una f\u00e1cil limpieza, no t\u00f3xico y resistente a altas temperaturas.<br \/>\n2. El mango de pl\u00e1stico aislado protege tus dedos de altas temperaturas, los utensilios de cocina son esenciales cuando planeas senderismo de larga distancia.<br \/>\n3. La estufa y el mango de la olla se pueden plegar para ahorrar espacio, y todos los art\u00edculos del dispositivo de cocina se pueden almacenar juntos en la bolsa de red para f\u00e1cil de llevar.<br \/>\n4. Adecuado para 2-3 personas, con accesorios completos, esencial para acampar al aire libre.<br \/>\n5. Tama\u00f1o peque\u00f1o y port\u00e1til, todos los objetos de este juego de cocina se pueden almacenar juntos en una bolsa de malla para un transporte conveniente.<br \/>\n6. Manijas plegables en olla, sart\u00e9n y cuchara de sopa. Se pueden plegar para ahorrar espacio. Est\u00e1 especialmente dise\u00f1ado para embalar peque\u00f1os y ocupar poco espacio, para que apenas sienta el peso en su espalda<br \/>\n7. El kit de utensilios de cocina para acampar puede hacer la deliciosa comida r\u00e1pida y uniformemente, adecuada para camping, senderismo, mochilero, picnic y otras actividades al aire libre.<\/p>\n<\/div>\n<div>\n<p style=\"font-family: OpenSans; font-size: 20px; font-weight: 900; line-height: 28px; margin-bottom: 12px;\"><i>Detalles del producto:<\/i><\/p>\n<\/div>\n<div>\n<div>\n<div>\n<div>\n<p><strong><span style=\"font-size: 14px; font-family: OpenSans;\">Tama\u00f1o:<\/span><\/strong><strong><br \/>\n<\/strong><strong><span style=\"font-size: 14px; font-family: OpenSans;\">Cocina: 170mm x 95mm<\/span><\/strong><strong><br \/>\n<\/strong><strong><span style=\"font-size: 14px; font-family: OpenSans;\">Sart\u00e9n: 175mm x 45mm<\/span><\/strong><strong><br \/>\n<\/strong><strong><span style=\"font-size: 14px; font-family: OpenSans;\">T\u00e9 Capacidad: 0,8 L (140mm x 80mm<\/span><\/strong><\/p>\n<p style=\"font-family: OpenSans; font-size: 14px; font-weight: 300; line-height: 20px; margin-bottom: 12px;\">Material: Aluminio anodizado<br \/>\nIncluye: sart\u00e9n de cocina capacidad para t\u00e9<br \/>\nN\u00famero adecuado: 2-3 personas<br \/>\n(Todos los datos anteriores son medici\u00f3n manual, habr\u00e1 un peque\u00f1o error, es normal y para aquellos a los que les importa tener cuidado al disparar)<\/p>\n<div>\n<div>\n<p><img decoding=\"async\" title=\"Juego de utensilios de cocina de aluminio para acampada, hervidor de agua, olla para viaje, senderismo, Picnic, vajilla para barbacoa, equipo de Camping\" src=\"https:\/\/bodegaoutdoor.cl\/store\/wp-content\/uploads\/2021\/08\/47595-oudcvl.jpg\" alt=\"Juego de utensilios de cocina de aluminio para acampada, hervidor de agua, olla para viaje, senderismo, Picnic, vajilla para barbacoa, equipo de Camping\" \/><img decoding=\"async\" title=\"Juego de utensilios de cocina de aluminio para acampada, hervidor de agua, olla para viaje, senderismo, Picnic, vajilla para barbacoa, equipo de Camping\" src=\"https:\/\/bodegaoutdoor.cl\/store\/wp-content\/uploads\/2021\/08\/47595-xoyajh.jpg\" alt=\"Juego de utensilios de cocina de aluminio para acampada, hervidor de agua, olla para viaje, senderismo, Picnic, vajilla para barbacoa, equipo de Camping\" \/><img decoding=\"async\" title=\"Juego de utensilios de cocina de aluminio para acampada, hervidor de agua, olla para viaje, senderismo, Picnic, vajilla para barbacoa, equipo de Camping\" src=\"https:\/\/bodegaoutdoor.cl\/store\/wp-content\/uploads\/2021\/08\/47595-jmcgut.jpg\" alt=\"Juego de utensilios de cocina de aluminio para acampada, hervidor de agua, olla para viaje, senderismo, Picnic, vajilla para barbacoa, equipo de Camping\" \/><img decoding=\"async\" title=\"Juego de utensilios de cocina de aluminio para acampada, hervidor de agua, olla para viaje, senderismo, Picnic, vajilla para barbacoa, equipo de Camping\" src=\"https:\/\/bodegaoutdoor.cl\/store\/wp-content\/uploads\/2021\/08\/47595-c1wbj6.jpg\" alt=\"Juego de utensilios de cocina de aluminio para acampada, hervidor de agua, olla para viaje, senderismo, Picnic, vajilla para barbacoa, equipo de Camping\" \/><img decoding=\"async\" title=\"Juego de utensilios de cocina de aluminio para acampada, hervidor de agua, olla para viaje, senderismo, Picnic, vajilla para barbacoa, equipo de Camping\" src=\"https:\/\/bodegaoutdoor.cl\/store\/wp-content\/uploads\/2021\/08\/47595-2hp1pu.jpg\" alt=\"Juego de utensilios de cocina de aluminio para acampada, hervidor de agua, olla para viaje, senderismo, Picnic, vajilla para barbacoa, equipo de Camping\" \/><img decoding=\"async\" title=\"Juego de utensilios de cocina de aluminio para acampada, hervidor de agua, olla para viaje, senderismo, Picnic, vajilla para barbacoa, equipo de Camping\" src=\"https:\/\/bodegaoutdoor.cl\/store\/wp-content\/uploads\/2021\/08\/47595-dvffia.jpg\" alt=\"Juego de utensilios de cocina de aluminio para acampada, hervidor de agua, olla para viaje, senderismo, Picnic, vajilla para barbacoa, equipo de Camping\" \/><img fetchpriority=\"high\" decoding=\"async\" title=\"Juego de utensilios de cocina de aluminio para acampada, hervidor de agua, olla para viaje, senderismo, Picnic, vajilla para barbacoa, equipo de Camping\" src=\"https:\/\/bodegaoutdoor.cl\/store\/wp-content\/uploads\/2021\/08\/47595-bdnxae.jpg\" alt=\"Juego de utensilios de cocina de aluminio para acampada, hervidor de agua, olla para viaje, senderismo, Picnic, vajilla para barbacoa, equipo de Camping\" width=\"944\" height=\"944\" \/><img decoding=\"async\" title=\"Juego de utensilios de cocina de aluminio para acampada, hervidor de agua, olla para viaje, senderismo, Picnic, vajilla para barbacoa, equipo de Camping\" src=\"https:\/\/bodegaoutdoor.cl\/store\/wp-content\/uploads\/2021\/08\/47595-fflotp.jpg\" alt=\"Juego de utensilios de cocina de aluminio para acampada, hervidor de agua, olla para viaje, senderismo, Picnic, vajilla para barbacoa, equipo de Camping\" width=\"944\" height=\"944\" \/><img decoding=\"async\" title=\"Juego de utensilios de cocina de aluminio para acampada, hervidor de agua, olla para viaje, senderismo, Picnic, vajilla para barbacoa, equipo de Camping\" src=\"https:\/\/bodegaoutdoor.cl\/store\/wp-content\/uploads\/2021\/08\/47595-pl9fur.jpg\" alt=\"Juego de utensilios de cocina de aluminio para acampada, hervidor de agua, olla para viaje, senderismo, Picnic, vajilla para barbacoa, equipo de Camping\" width=\"944\" height=\"944\" \/><\/p>\n<p>&nbsp;<\/p>\n<p>&nbsp;<\/p>\n<p>&nbsp;<\/p>\n<div><\/div>\n<\/div>\n<\/div>\n<p>&nbsp;<\/p>\n<p>&nbsp;<\/p>\n<p>&nbsp;<\/p>\n<p>&nbsp;<\/p>\n<p>&nbsp;<\/p>\n<p>&nbsp;<\/p>\n<p>&nbsp;<\/p>\n<p>&nbsp;<\/p>\n<p>&nbsp;<\/p>\n<div><\/div>\n<\/div>\n<\/div>\n<div><\/div>\n<\/div>\n<\/div>\n<p>&nbsp;<\/p>\n<\/div>\n\n    <div class=\"xs_social_share_widget xs_share_url after_content \t\tmain_content  wslu-style-1 wslu-share-box-shaped wslu-fill-colored wslu-none wslu-share-horizontal wslu-theme-font-no wslu-main_content\">\n\n\t\t\n        <ul>\n\t\t\t        <\/ul>\n    <\/div> \n","protected":false},"excerpt":{"rendered":"<div class=\"woocommerce-product-details__short-description\">\n<div class=\"woocommerce-product-details__short-description\">\n<div class=\"woocommerce-product-details__short-description\">\n<div class=\"woocommerce-product-details__short-description\">\n<div class=\"woocommerce-product-details__short-description\">\n<div class=\"woocommerce-product-details__short-description\">\n<div class=\"woocommerce-product-details__short-description\">\n<div class=\"woocommerce-product-details__short-description\">\n<p><span style=\"color: #ff0000;\">PRECIO MAYOR M\u00cdNIMO 3 UNIDADES\u00a0 $ 15.000 c\/u<\/span><\/p>\n<\/div>\n<\/div>\n<\/div>\n<\/div>\n<\/div>\n<\/div>\n<\/div>\n<\/div>\n<p>&nbsp;<\/p>\n","protected":false},"featured_media":47604,"comment_status":"open","ping_status":"closed","template":"","meta":{"jetpack_publicize_message":"","jetpack_publicize_feature_enabled":true,"jetpack_social_post_already_shared":true,"jetpack_social_options":{"image_generator_settings":{"template":"highway","enabled":false},"version":2}},"product_brand":[],"product_cat":[64,2814],"product_tag":[483,1591,2782,2769],"class_list":{"0":"post-47595","1":"product","2":"type-product","3":"status-publish","4":"has-post-thumbnail","6":"product_cat-accessories","7":"product_cat-camping","8":"product_tag-camping","9":"product_tag-kit","10":"product_tag-ollas","11":"product_tag-set","13":"first","14":"instock","15":"taxable","16":"shipping-taxable","17":"purchasable","18":"product-type-variable"},"jetpack_publicize_connections":[],"jetpack_sharing_enabled":true,"_links":{"self":[{"href":"https:\/\/bodegaoutdoor.cl\/store\/wp-json\/wp\/v2\/product\/47595","targetHints":{"allow":["GET"]}}],"collection":[{"href":"https:\/\/bodegaoutdoor.cl\/store\/wp-json\/wp\/v2\/product"}],"about":[{"href":"https:\/\/bodegaoutdoor.cl\/store\/wp-json\/wp\/v2\/types\/product"}],"replies":[{"embeddable":true,"href":"https:\/\/bodegaoutdoor.cl\/store\/wp-json\/wp\/v2\/comments?post=47595"}],"version-history":[{"count":2,"href":"https:\/\/bodegaoutdoor.cl\/store\/wp-json\/wp\/v2\/product\/47595\/revisions"}],"predecessor-version":[{"id":62889,"href":"https:\/\/bodegaoutdoor.cl\/store\/wp-json\/wp\/v2\/product\/47595\/revisions\/62889"}],"wp:featuredmedia":[{"embeddable":true,"href":"https:\/\/bodegaoutdoor.cl\/store\/wp-json\/wp\/v2\/media\/47604"}],"wp:attachment":[{"href":"https:\/\/bodegaoutdoor.cl\/store\/wp-json\/wp\/v2\/media?parent=47595"}],"wp:term":[{"taxonomy":"product_brand","embeddable":true,"href":"https:\/\/bodegaoutdoor.cl\/store\/wp-json\/wp\/v2\/product_brand?post=47595"},{"taxonomy":"product_cat","embeddable":true,"href":"https:\/\/bodegaoutdoor.cl\/store\/wp-json\/wp\/v2\/product_cat?post=47595"},{"taxonomy":"product_tag","embeddable":true,"href":"https:\/\/bodegaoutdoor.cl\/store\/wp-json\/wp\/v2\/product_tag?post=47595"}],"curies":[{"name":"wp","href":"https:\/\/api.w.org\/{rel}","templated":true}]}}