{"id":4768,"date":"2020-07-16T22:14:42","date_gmt":"2020-07-16T22:14:42","guid":{"rendered":"https:\/\/bodegaoutdoor.cl\/store\/product\/6-unids-lote-bolsa-seca-impermeable-portatil-para-exteriores-camping-senderismo-canoa-flotante-canoa-ultraligera-mochilas-saco-bolsa-de-almacenamiento\/"},"modified":"2023-05-04T19:19:40","modified_gmt":"2023-05-04T23:19:40","slug":"6-unids-lote-bolsa-seca-impermeable-portatil-para-exteriores-camping-senderismo-canoa-flotante-canoa-ultraligera-mochilas-saco-bolsa-de-almacenamiento","status":"publish","type":"product","link":"https:\/\/bodegaoutdoor.cl\/store\/product\/6-unids-lote-bolsa-seca-impermeable-portatil-para-exteriores-camping-senderismo-canoa-flotante-canoa-ultraligera-mochilas-saco-bolsa-de-almacenamiento\/","title":{"rendered":"6 unids \/ Lote bolsas secas impermeables port\u00e1tiles Camping senderismo"},"content":{"rendered":"<div><\/div>\n<div>\n<div>\n<h3><span style=\"font-family: arial, helvetica, sans-serif;\"><span style=\"font-size: 16px;\">Material: tafet\u00e1n de poli\u00e9ster 190T<br style=\"font-family: sans-serif, Arial, Verdana, Trebuchet MS; font-size: 13px;\" \/>Color del producto: camuflaje, negro, azul, camuflaje con hojas muertas, camuflaje de nieve, naranja<br style=\"font-family: sans-serif, Arial, Verdana, Trebuchet MS; font-size: 13px;\" \/>Peso: 0,19 kg<br style=\"font-family: sans-serif, Arial, Verdana, Trebuchet MS; font-size: 13px;\" \/>Embalaje: 6 uds<\/span><\/span><br style=\"font-family: sans-serif, Arial, Verdana, Trebuchet MS; font-size: 13px;\" \/><span style=\"font-family: arial, helvetica, sans-serif;\"><span style=\"font-size: 16px;\">Tama\u00f1o:<\/span><\/span><br style=\"font-family: sans-serif, Arial, Verdana, Trebuchet MS; font-size: 13px;\" \/><span style=\"font-family: arial, helvetica, sans-serif;\"><span style=\"font-size: 16px;\">1.5L tama\u00f1o: longitud 20cm ancho 19,5 cm<br style=\"font-family: sans-serif, Arial, Verdana, Trebuchet MS; font-size: 13px;\" \/>2.5L tama\u00f1o: 29cm de largo y 22,5 cm de ancho<br style=\"font-family: sans-serif, Arial, Verdana, Trebuchet MS; font-size: 13px;\" \/>3L tama\u00f1o: 30cm de largo y 24cm de ancho<br style=\"font-family: sans-serif, Arial, Verdana, Trebuchet MS; font-size: 13px;\" \/>3,5 l Tama\u00f1o: 36cm de largo y 24cm de ancho<br style=\"font-family: sans-serif, Arial, Verdana, Trebuchet MS; font-size: 13px;\" \/>Tama\u00f1o 5L: 37cm de largo y 25cm de ancho<br style=\"font-family: sans-serif, Arial, Verdana, Trebuchet MS; font-size: 13px;\" \/>8L tama\u00f1o: longitud 38,5 cm ancho 30cm<\/span><\/span><br style=\"font-family: sans-serif, Arial, Verdana, Trebuchet MS; font-size: 13px;\" \/><span style=\"font-family: arial, helvetica, sans-serif;\"><span style=\"font-size: 16px;\">Caracter\u00edsticas:<\/span><\/span><br style=\"font-family: sans-serif, Arial, Verdana, Trebuchet MS; font-size: 13px;\" \/><span style=\"font-family: arial, helvetica, sans-serif;\"><span style=\"font-size: 16px;\">1. Tela resistente al agua y a las l\u00e1grimas, resistente al agua \u2265 3000mm<br style=\"font-family: sans-serif, Arial, Verdana, Trebuchet MS; font-size: 13px;\" \/>2. Despu\u00e9s del tratamiento del aceite de silicona en la superficie del tejido, la durabilidad del repelente de agua es mejorada que los m\u00e9todos tradicionales de tratamiento repelente de agua<br style=\"font-family: sans-serif, Arial, Verdana, Trebuchet MS; font-size: 13px;\" \/>3. La Boca enrollable es c\u00f3moda y r\u00e1pida de usar, y el almacenamiento es f\u00e1cil<br style=\"font-family: sans-serif, Arial, Verdana, Trebuchet MS; font-size: 13px;\" \/>4. Tratamiento de pegamento a prueba de agua para evitar que el agua seque en la l\u00ednea<br style=\"font-family: sans-serif, Arial, Verdana, Trebuchet MS; font-size: 13px;\" \/>5 durable fijadores de pl\u00e1stico&#8230; No es f\u00e1cil de romper<\/span><\/span><\/h3>\n<p dir=\"ltr\"><span style=\"font-family: arial, helvetica, sans-serif;\"><span style=\"font-size: 16px;\"><img decoding=\"async\" title=\"6 unids\/lote bolsa seca impermeable port\u00e1til para exteriores Camping senderismo canoa flotante canoa ultraligera mochilas saco bolsa de almacenamiento\" src=\"https:\/\/bodegaoutdoor.cl\/store\/wp-content\/uploads\/2020\/07\/4768-emjhp2.jpg\" alt=\"6 unids\/lote bolsa seca impermeable port\u00e1til para exteriores Camping senderismo canoa flotante canoa ultraligera mochilas saco bolsa de almacenamiento\" \/><img decoding=\"async\" title=\"6 unids\/lote bolsa seca impermeable port\u00e1til para exteriores Camping senderismo canoa flotante canoa ultraligera mochilas saco bolsa de almacenamiento\" src=\"https:\/\/bodegaoutdoor.cl\/store\/wp-content\/uploads\/2020\/07\/4768-x4vuoa.jpg\" alt=\"6 unids\/lote bolsa seca impermeable port\u00e1til para exteriores Camping senderismo canoa flotante canoa ultraligera mochilas saco bolsa de almacenamiento\" \/><img decoding=\"async\" title=\"6 unids\/lote bolsa seca impermeable port\u00e1til para exteriores Camping senderismo canoa flotante canoa ultraligera mochilas saco bolsa de almacenamiento\" src=\"https:\/\/bodegaoutdoor.cl\/store\/wp-content\/uploads\/2020\/07\/4768-vdm1tk.jpg\" alt=\"6 unids\/lote bolsa seca impermeable port\u00e1til para exteriores Camping senderismo canoa flotante canoa ultraligera mochilas saco bolsa de almacenamiento\" \/><img decoding=\"async\" title=\"6 unids\/lote bolsa seca impermeable port\u00e1til para exteriores Camping senderismo canoa flotante canoa ultraligera mochilas saco bolsa de almacenamiento\" src=\"https:\/\/bodegaoutdoor.cl\/store\/wp-content\/uploads\/2020\/07\/4768-cghfas.jpg\" alt=\"6 unids\/lote bolsa seca impermeable port\u00e1til para exteriores Camping senderismo canoa flotante canoa ultraligera mochilas saco bolsa de almacenamiento\" \/><img decoding=\"async\" title=\"6 unids\/lote bolsa seca impermeable port\u00e1til para exteriores Camping senderismo canoa flotante canoa ultraligera mochilas saco bolsa de almacenamiento\" src=\"https:\/\/bodegaoutdoor.cl\/store\/wp-content\/uploads\/2020\/07\/4768-4iei1u.jpg\" alt=\"6 unids\/lote bolsa seca impermeable port\u00e1til para exteriores Camping senderismo canoa flotante canoa ultraligera mochilas saco bolsa de almacenamiento\" \/><img decoding=\"async\" title=\"6 unids\/lote bolsa seca impermeable port\u00e1til para exteriores Camping senderismo canoa flotante canoa ultraligera mochilas saco bolsa de almacenamiento\" src=\"https:\/\/bodegaoutdoor.cl\/store\/wp-content\/uploads\/2020\/07\/4768-fyc88s.jpg\" alt=\"6 unids\/lote bolsa seca impermeable port\u00e1til para exteriores Camping senderismo canoa flotante canoa ultraligera mochilas saco bolsa de almacenamiento\" \/><img decoding=\"async\" title=\"6 unids\/lote bolsa seca impermeable port\u00e1til para exteriores Camping senderismo canoa flotante canoa ultraligera mochilas saco bolsa de almacenamiento\" src=\"https:\/\/bodegaoutdoor.cl\/store\/wp-content\/uploads\/2020\/07\/4768-cz9ez4.jpg\" alt=\"6 unids\/lote bolsa seca impermeable port\u00e1til para exteriores Camping senderismo canoa flotante canoa ultraligera mochilas saco bolsa de almacenamiento\" \/><img decoding=\"async\" title=\"6 unids\/lote bolsa seca impermeable port\u00e1til para exteriores Camping senderismo canoa flotante canoa ultraligera mochilas saco bolsa de almacenamiento\" src=\"https:\/\/bodegaoutdoor.cl\/store\/wp-content\/uploads\/2020\/07\/4768-deya50.jpg\" alt=\"6 unids\/lote bolsa seca impermeable port\u00e1til para exteriores Camping senderismo canoa flotante canoa ultraligera mochilas saco bolsa de almacenamiento\" \/><img decoding=\"async\" title=\"6 unids\/lote bolsa seca impermeable port\u00e1til para exteriores Camping senderismo canoa flotante canoa ultraligera mochilas saco bolsa de almacenamiento\" src=\"https:\/\/bodegaoutdoor.cl\/store\/wp-content\/uploads\/2020\/07\/4768-rxpzvm.jpg\" alt=\"6 unids\/lote bolsa seca impermeable port\u00e1til para exteriores Camping senderismo canoa flotante canoa ultraligera mochilas saco bolsa de almacenamiento\" \/><img decoding=\"async\" title=\"6 unids\/lote bolsa seca impermeable port\u00e1til para exteriores Camping senderismo canoa flotante canoa ultraligera mochilas saco bolsa de almacenamiento\" src=\"https:\/\/bodegaoutdoor.cl\/store\/wp-content\/uploads\/2020\/07\/4768-pmgush.jpg\" alt=\"6 unids\/lote bolsa seca impermeable port\u00e1til para exteriores Camping senderismo canoa flotante canoa ultraligera mochilas saco bolsa de almacenamiento\" \/><\/span><\/span><\/p>\n<\/div>\n<\/div>\n\n    <div class=\"xs_social_share_widget xs_share_url after_content \t\tmain_content  wslu-style-1 wslu-share-box-shaped wslu-fill-colored wslu-none wslu-share-horizontal wslu-theme-font-no wslu-main_content\">\n\n\t\t\n        <ul>\n\t\t\t        <\/ul>\n    <\/div> \n","protected":false},"excerpt":{"rendered":"<p>Material: tafet\u00e1n de poli\u00e9ster 190TColor del producto: camuflaje, negro, azul, camuflaje con hojas muertas, camuflaje de nieve, naranjaPeso: 0,19 kgEmbalaje: 6 udsTama\u00f1o:1.5L tama\u00f1o: longitud 20cm ancho 19,5 cm2.5L tama\u00f1o: 29cm de largo y 22,5 cm de ancho3L tama\u00f1o: 30cm de largo y 24cm de ancho3,5 l Tama\u00f1o: 36cm de largo y 24cm de anchoTama\u00f1o 5L: [&hellip;]<\/p>\n","protected":false},"featured_media":4775,"comment_status":"open","ping_status":"closed","template":"","meta":{"jetpack_publicize_message":"","jetpack_publicize_feature_enabled":true,"jetpack_social_post_already_shared":true,"jetpack_social_options":{"image_generator_settings":{"template":"highway","enabled":false},"version":2}},"product_brand":[],"product_cat":[274,330,331,195],"product_tag":[],"class_list":{"0":"post-4768","1":"product","2":"type-product","3":"status-publish","4":"has-post-thumbnail","6":"product_cat-bananos-otros","7":"product_cat-bolsas-secas","8":"product_cat-lotes-x-mayor","9":"product_cat-mochilas","11":"first","12":"instock","13":"sale","14":"taxable","15":"shipping-taxable","16":"purchasable","17":"product-type-variable"},"jetpack_publicize_connections":[],"jetpack_sharing_enabled":true,"_links":{"self":[{"href":"https:\/\/bodegaoutdoor.cl\/store\/wp-json\/wp\/v2\/product\/4768","targetHints":{"allow":["GET"]}}],"collection":[{"href":"https:\/\/bodegaoutdoor.cl\/store\/wp-json\/wp\/v2\/product"}],"about":[{"href":"https:\/\/bodegaoutdoor.cl\/store\/wp-json\/wp\/v2\/types\/product"}],"replies":[{"embeddable":true,"href":"https:\/\/bodegaoutdoor.cl\/store\/wp-json\/wp\/v2\/comments?post=4768"}],"version-history":[{"count":2,"href":"https:\/\/bodegaoutdoor.cl\/store\/wp-json\/wp\/v2\/product\/4768\/revisions"}],"predecessor-version":[{"id":71364,"href":"https:\/\/bodegaoutdoor.cl\/store\/wp-json\/wp\/v2\/product\/4768\/revisions\/71364"}],"wp:featuredmedia":[{"embeddable":true,"href":"https:\/\/bodegaoutdoor.cl\/store\/wp-json\/wp\/v2\/media\/4775"}],"wp:attachment":[{"href":"https:\/\/bodegaoutdoor.cl\/store\/wp-json\/wp\/v2\/media?parent=4768"}],"wp:term":[{"taxonomy":"product_brand","embeddable":true,"href":"https:\/\/bodegaoutdoor.cl\/store\/wp-json\/wp\/v2\/product_brand?post=4768"},{"taxonomy":"product_cat","embeddable":true,"href":"https:\/\/bodegaoutdoor.cl\/store\/wp-json\/wp\/v2\/product_cat?post=4768"},{"taxonomy":"product_tag","embeddable":true,"href":"https:\/\/bodegaoutdoor.cl\/store\/wp-json\/wp\/v2\/product_tag?post=4768"}],"curies":[{"name":"wp","href":"https:\/\/api.w.org\/{rel}","templated":true}]}}