{"id":50557,"date":"2021-11-27T19:06:00","date_gmt":"2021-11-27T22:06:00","guid":{"rendered":"https:\/\/bodegaoutdoor.cl\/store\/product\/bolsa-para-sillin-de-motocicleta-alforjas-de-lona-impermeables-herramientas-laterales-bolsa-para-moto-nueva-actualizacion-de-2021\/"},"modified":"2023-05-04T19:18:52","modified_gmt":"2023-05-04T23:18:52","slug":"alforja-bolso-motocicleta-material-de-lona-impermeables-bolsos-laterales-para-moto","status":"publish","type":"product","link":"https:\/\/bodegaoutdoor.cl\/store\/product\/alforja-bolso-motocicleta-material-de-lona-impermeables-bolsos-laterales-para-moto\/","title":{"rendered":"Alforja Bolso motocicleta, material de lona impermeables, bolsos laterales, para moto"},"content":{"rendered":"<p style=\"text-align: center;\"><video style=\"max-width: 100%;\" src=\"\/\/cloud.video.taobao.com\/play\/u\/2206865029222\/p\/1\/e\/6\/t\/10301\/314518468507.mp4\" poster=\"https:\/\/ae01.alicdn.com\/kf\/H2e7069c74ee54afc9146055da3dd5a69d\/Bolsa-para-SILL-N-de-motocicleta-alforjas-de-lona-impermeables-herramientas-laterales-bolsa-para-moto-nueva.jpg,https:\/\/ae01.alicdn.com\/kf\/H570c332ad5cd4f3b92722af4d58317a8d\/Bolsa-para-SILL-N-de-motocicleta-alforjas-de-lona-impermeables-herramientas-laterales-bolsa-para-moto-nueva.jpg,https:\/\/ae01.alicdn.com\/kf\/Hc6565a026cc84fd59c34b3e80bbe14e4O\/Bolsa-para-SILL-N-de-motocicleta-alforjas-de-lona-impermeables-herramientas-laterales-bolsa-para-moto-nueva.jpg,https:\/\/ae01.alicdn.com\/kf\/Hbbd3acf8a751456196ba1714459b19daF\/Bolsa-para-SILL-N-de-motocicleta-alforjas-de-lona-impermeables-herramientas-laterales-bolsa-para-moto-nueva.jpg,https:\/\/ae01.alicdn.com\/kf\/Hc1d363e6ffcd4f2e9a35e4a3f04d99f6W\/Bolsa-para-SILL-N-de-motocicleta-alforjas-de-lona-impermeables-herramientas-laterales-bolsa-para-moto-nueva.jpg,https:\/\/ae01.alicdn.com\/kf\/He841f92ce5bb472d9b51117a0d98efa64\/Bolsa-para-SILL-N-de-motocicleta-alforjas-de-lona-impermeables-herramientas-laterales-bolsa-para-moto-nueva.jpg\" preload=\"auto\" controls=\"controls\" width=\"100%\" height=\"100%\"><\/video><\/p>\n<div>\n<div><\/div>\n<div>\n<div>\n<div>\n<div><\/div>\n<div style=\"text-align: center;\" align=\"center\"><span style=\"font-size: 24px;\"><strong>Nueva actualizaci\u00f3n de 2021, bolsa de sill\u00edn de moto Touring, bolsa de herramientas laterales, bolsa de lona impermeable para motocicleta.<\/strong><\/span><\/div>\n<div style=\"text-align: center;\" align=\"center\"><\/div>\n<div><span style=\"font-size: 20px;\"><strong>DETALLES:<\/strong><\/span><\/div>\n<div><span style=\"font-size: 20px;\">* Dos nuevos bolsillos en el lateral<\/span><\/div>\n<div><span style=\"font-size: 20px;\">* 100% nuevo y de alta calidad<\/span><\/div>\n<div><span style=\"font-size: 20px;\">* Hecho de material de alta calidad, duradero y pr\u00e1ctico de usar.<\/span><\/div>\n<div><span style=\"font-size: 20px;\">* Dos bolsillos grandes con cubiertas de solapa con doble correa * reforzado en todos los puntos de estr\u00e9s<\/span><\/div>\n<div><span style=\"font-size: 20px;\">* Gran capacidad de almacenamiento<\/span><\/div>\n<div><span style=\"font-size: 20px;\">* Costuras fuertes, duraderas<\/span><\/div>\n<div><span style=\"font-size: 20px;\">* Decoraci\u00f3n de superficie de cuero, muy genial<\/span><\/div>\n<div><span style=\"font-size: 20px;\">* Color: Como muestran las im\u00e1genes<\/span><\/div>\n<div><span style=\"font-size: 20px;\">* Material: lona + cuero<\/span><\/div>\n<div><\/div>\n<div><span style=\"font-size: 20px;\"><strong>Montaje:<\/strong><\/span><\/div>\n<div><span style=\"font-size: 20px;\">Para Honda shadow 750 para Royal Enfield bullet \/Honda ctx<\/span><\/div>\n<div><span style=\"font-size: 20px;\">Para Taotao thunder\/91 &#8216;Vulcan 500\/ iron 833<\/span><\/div>\n<div><span style=\"font-size: 20px;\">Para scooter Suzuki dr 650\/ Harley Sportster\/150cc<\/span><\/div>\n<div><span style=\"font-size: 20px;\">Para 1977 kawasaki 1000 \/ 1983 XL600r<\/span><\/div>\n<div><\/div>\n<div><span style=\"font-size: 20px;\"><strong>Contenido del paquete:<\/strong><\/span><\/div>\n<div><span style=\"font-size: 20px;\">1 * mochila<\/span><\/div>\n<div><span style=\"font-size: 20px;\">2 * cuerdas<\/span><\/div>\n<div><\/div>\n<div><span style=\"font-size: 20px;\"><strong>Nota:<\/strong><\/span><\/div>\n<div><span style=\"font-size: 20px;\">1. El color real del art\u00edculo puede ser ligeramente diferente al de las im\u00e1genes mostradas en el sitio web debido a muchos factores como el brillo de su monitor y la luz.<\/span><\/div>\n<div><span style=\"font-size: 20px;\">2. Permite una peque\u00f1a desviaci\u00f3n de medici\u00f3n manual en los datos.<\/span><\/div>\n<div><span style=\"font-size: 20px;\"><strong>Bolsa para asiento<\/strong><\/span><\/div>\n<div><img decoding=\"async\" src=\"\/\/ae01.alicdn.com\/kf\/H7415609f4ba0442ebade685f30d2765ad.jpg\" \/><img decoding=\"async\" src=\"\/\/ae01.alicdn.com\/kf\/H5d62a3f9936745ec9af6b57dab2bacacd.jpg\" \/><img decoding=\"async\" src=\"\/\/ae01.alicdn.com\/kf\/Hb31a530c383542739b3523438f8a63abO.jpg\" \/><img decoding=\"async\" src=\"\/\/ae01.alicdn.com\/kf\/H736bb47cd06740d6b4ed7744729b58d4Z.jpg\" \/><img decoding=\"async\" src=\"\/\/ae01.alicdn.com\/kf\/H1c57c2f6c8664e7a9f44a5cd15bd15b1R.jpg\" \/><img decoding=\"async\" src=\"\/\/ae01.alicdn.com\/kf\/Hcc19c6b9658f4363be2fb7c12a88cad37.jpg\" \/><img decoding=\"async\" src=\"\/\/ae01.alicdn.com\/kf\/H3d108a7396694c1a9cdcd12f42245cd1b.jpg\" \/><img decoding=\"async\" src=\"\/\/ae01.alicdn.com\/kf\/Hd79989f5b1964c36905522cfe67364bf9.jpg\" \/><\/div>\n<div><\/div>\n<\/div>\n<div><\/div>\n<p>&nbsp;<\/p>\n<\/div>\n<div><\/div>\n<p>&nbsp;<\/p>\n<\/div>\n<div><\/div>\n<p>&nbsp;<\/p>\n<\/div>\n\n    <div class=\"xs_social_share_widget xs_share_url after_content \t\tmain_content  wslu-style-1 wslu-share-box-shaped wslu-fill-colored wslu-none wslu-share-horizontal wslu-theme-font-no wslu-main_content\">\n\n\t\t\n        <ul>\n\t\t\t        <\/ul>\n    <\/div> \n","protected":false},"excerpt":{"rendered":"<p>Nueva actualizaci\u00f3n de 2021, bolsa de sill\u00edn de moto Touring, bolsa de herramientas laterales, bolsa de lona impermeable para motocicleta. DETALLES: * Dos nuevos bolsillos en el lateral * 100% nuevo y de alta calidad * Hecho de material de alta calidad, duradero y pr\u00e1ctico de usar. * Dos bolsillos grandes con cubiertas de solapa [&hellip;]<\/p>\n","protected":false},"featured_media":50582,"comment_status":"open","ping_status":"closed","template":"","meta":{"jetpack_publicize_message":"","jetpack_publicize_feature_enabled":true,"jetpack_social_post_already_shared":true,"jetpack_social_options":{"image_generator_settings":{"template":"highway","enabled":false},"version":2}},"product_brand":[],"product_cat":[15],"product_tag":[2946,2948,1606,2947],"class_list":{"0":"post-50557","1":"product","2":"type-product","3":"status-publish","4":"has-post-thumbnail","6":"product_cat-otros","7":"product_tag-alforjas","8":"product_tag-bolsos","9":"product_tag-moto","10":"product_tag-motocicleta","12":"first","13":"instock","14":"taxable","15":"shipping-taxable","16":"purchasable","17":"product-type-variable"},"jetpack_publicize_connections":[],"jetpack_sharing_enabled":true,"_links":{"self":[{"href":"https:\/\/bodegaoutdoor.cl\/store\/wp-json\/wp\/v2\/product\/50557","targetHints":{"allow":["GET"]}}],"collection":[{"href":"https:\/\/bodegaoutdoor.cl\/store\/wp-json\/wp\/v2\/product"}],"about":[{"href":"https:\/\/bodegaoutdoor.cl\/store\/wp-json\/wp\/v2\/types\/product"}],"replies":[{"embeddable":true,"href":"https:\/\/bodegaoutdoor.cl\/store\/wp-json\/wp\/v2\/comments?post=50557"}],"version-history":[{"count":2,"href":"https:\/\/bodegaoutdoor.cl\/store\/wp-json\/wp\/v2\/product\/50557\/revisions"}],"predecessor-version":[{"id":70978,"href":"https:\/\/bodegaoutdoor.cl\/store\/wp-json\/wp\/v2\/product\/50557\/revisions\/70978"}],"wp:featuredmedia":[{"embeddable":true,"href":"https:\/\/bodegaoutdoor.cl\/store\/wp-json\/wp\/v2\/media\/50582"}],"wp:attachment":[{"href":"https:\/\/bodegaoutdoor.cl\/store\/wp-json\/wp\/v2\/media?parent=50557"}],"wp:term":[{"taxonomy":"product_brand","embeddable":true,"href":"https:\/\/bodegaoutdoor.cl\/store\/wp-json\/wp\/v2\/product_brand?post=50557"},{"taxonomy":"product_cat","embeddable":true,"href":"https:\/\/bodegaoutdoor.cl\/store\/wp-json\/wp\/v2\/product_cat?post=50557"},{"taxonomy":"product_tag","embeddable":true,"href":"https:\/\/bodegaoutdoor.cl\/store\/wp-json\/wp\/v2\/product_tag?post=50557"}],"curies":[{"name":"wp","href":"https:\/\/api.w.org\/{rel}","templated":true}]}}