{"id":50849,"date":"2021-12-10T17:46:23","date_gmt":"2021-12-10T20:46:23","guid":{"rendered":"https:\/\/bodegaoutdoor.cl\/store\/product\/calcetines-magneticos-de-turmalina-para-hombre-y-mujer-medias-unisex-de-terapia-de-autocalentamiento-calidas-y-comodas-para-el-cuidado-de-la-salud-esqui-de-invierno-2-unids-par\/"},"modified":"2024-02-07T21:28:00","modified_gmt":"2024-02-08T00:28:00","slug":"calcetines-magneticos-de-turmalina-para-hombre-y-mujer-medias-unisex-de-terapia-de-autocalentamiento-calidas-y-comodas-para-el-cuidado-de-la-salud-esqui-de-invierno-2-unids-par","status":"publish","type":"product","link":"https:\/\/bodegaoutdoor.cl\/store\/product\/calcetines-magneticos-de-turmalina-para-hombre-y-mujer-medias-unisex-de-terapia-de-autocalentamiento-calidas-y-comodas-para-el-cuidado-de-la-salud-esqui-de-invierno-2-unids-par\/","title":{"rendered":"Calcetines magn\u00e9ticos Unisex, c\u00e1lidas y c\u00f3modas para el cuidado de la salud \/par"},"content":{"rendered":"<div style=\"font-size: 28px; font-family: tahoma, geneva, sans-serif; font-weight: bold; padding: 2px 2px;\"><img decoding=\"async\" style=\"font-family: Georgia, 'Times New Roman', 'Bitstream Charter', Times, serif; font-size: 16px;\" title=\"Calcetines magn\u00e9ticos de turmalina para hombre y mujer, medias Unisex de terapia de autocalentamiento, c\u00e1lidas y c\u00f3modas para el cuidado de la salud, esqu\u00ed de invierno, 2 unids\/par\" src=\"https:\/\/bodegaoutdoor.cl\/store\/wp-content\/uploads\/2021\/12\/50849-vkk4mt.jpg\" alt=\"Calcetines magn\u00e9ticos de turmalina para hombre y mujer, medias Unisex de terapia de autocalentamiento, c\u00e1lidas y c\u00f3modas para el cuidado de la salud, esqu\u00ed de invierno, 2 unids\/par\" \/><\/div>\n<div>\n<div style=\"padding: 15px; border: solid 1px #aeaeae;\">2pcs Men\/Women Unisex Winter Warm Self-Heating Health Socks Pain Relief Outdoor Anti-Cold Therapy Magnetic Thermal Stockings<br \/>\nFeature:<br \/>\n1. Made of high quality polyester cotton, soft and comfortable with long service life. The sole of the socks is designed with tourmaline, which can self-heat to keep your feet warm and take care of them in cold weather.<br \/>\n2. Heated socks can relieve leg fatigue, relieve pain, regulate the nervous system, dispel moisture and deodorization, eliminate leg and foot swelling, exfoliate, produce static foot massage, and regulate blood circulation. Heated socks can relieve chronic foot disorders such as impaired circulation, arthritis, colds or other pleasant and warming symptoms.<br \/>\n3. Winter thermal socks are perfect for outdoor activities, skiing, snowboarding, hiking, field hockey and other sports. The bottom of the socks are designed with tourmaline, which automatically warms up and relaxes the feet in cold weather.<br \/>\n4. The socks are lightly heated and the foot warmer can be used for foot acupressure, which has a warming effect on cold feet, relieves leg fatigue and regulates the nervous system. Self-heating eliminates dampness, odor and leg swelling, and regulates blood circulation.<br \/>\n5. The design is very reasonable, fitting the curve of the foot, so that the hot spot is close to the skin of the sole.Specification:<br \/>\nMaterial: cotton + polyester + spandex<br \/>\nTallas : one size (38-44)<br \/>\npeso : 40g<br \/>\nColor: Black, Red, White<\/div>\n<div style=\"text-align: center;\"><img decoding=\"async\" title=\"Calcetines magn\u00e9ticos de turmalina para hombre y mujer, medias Unisex de terapia de autocalentamiento, c\u00e1lidas y c\u00f3modas para el cuidado de la salud, esqu\u00ed de invierno, 2 unids\/par\" src=\"https:\/\/bodegaoutdoor.cl\/store\/wp-content\/uploads\/2021\/12\/50849-e6ckew.jpg\" alt=\"Calcetines magn\u00e9ticos de turmalina para hombre y mujer, medias Unisex de terapia de autocalentamiento, c\u00e1lidas y c\u00f3modas para el cuidado de la salud, esqu\u00ed de invierno, 2 unids\/par\" width=\"798px\" \/> <img decoding=\"async\" title=\"Calcetines magn\u00e9ticos de turmalina para hombre y mujer, medias Unisex de terapia de autocalentamiento, c\u00e1lidas y c\u00f3modas para el cuidado de la salud, esqu\u00ed de invierno, 2 unids\/par\" src=\"https:\/\/bodegaoutdoor.cl\/store\/wp-content\/uploads\/2021\/12\/50849-mmkkyp.jpg\" alt=\"Calcetines magn\u00e9ticos de turmalina para hombre y mujer, medias Unisex de terapia de autocalentamiento, c\u00e1lidas y c\u00f3modas para el cuidado de la salud, esqu\u00ed de invierno, 2 unids\/par\" width=\"798px\" \/> <img decoding=\"async\" title=\"Calcetines magn\u00e9ticos de turmalina para hombre y mujer, medias Unisex de terapia de autocalentamiento, c\u00e1lidas y c\u00f3modas para el cuidado de la salud, esqu\u00ed de invierno, 2 unids\/par\" src=\"https:\/\/bodegaoutdoor.cl\/store\/wp-content\/uploads\/2021\/12\/50849-qfcz5f.jpg\" alt=\"Calcetines magn\u00e9ticos de turmalina para hombre y mujer, medias Unisex de terapia de autocalentamiento, c\u00e1lidas y c\u00f3modas para el cuidado de la salud, esqu\u00ed de invierno, 2 unids\/par\" width=\"798px\" \/> <img decoding=\"async\" title=\"Calcetines magn\u00e9ticos de turmalina para hombre y mujer, medias Unisex de terapia de autocalentamiento, c\u00e1lidas y c\u00f3modas para el cuidado de la salud, esqu\u00ed de invierno, 2 unids\/par\" src=\"https:\/\/bodegaoutdoor.cl\/store\/wp-content\/uploads\/2021\/12\/50849-rsqix0.jpg\" alt=\"Calcetines magn\u00e9ticos de turmalina para hombre y mujer, medias Unisex de terapia de autocalentamiento, c\u00e1lidas y c\u00f3modas para el cuidado de la salud, esqu\u00ed de invierno, 2 unids\/par\" width=\"798px\" \/> <img decoding=\"async\" title=\"Calcetines magn\u00e9ticos de turmalina para hombre y mujer, medias Unisex de terapia de autocalentamiento, c\u00e1lidas y c\u00f3modas para el cuidado de la salud, esqu\u00ed de invierno, 2 unids\/par\" src=\"https:\/\/bodegaoutdoor.cl\/store\/wp-content\/uploads\/2021\/12\/50849-bxw9hm.jpg\" alt=\"Calcetines magn\u00e9ticos de turmalina para hombre y mujer, medias Unisex de terapia de autocalentamiento, c\u00e1lidas y c\u00f3modas para el cuidado de la salud, esqu\u00ed de invierno, 2 unids\/par\" width=\"798px\" \/> <img decoding=\"async\" title=\"Calcetines magn\u00e9ticos de turmalina para hombre y mujer, medias Unisex de terapia de autocalentamiento, c\u00e1lidas y c\u00f3modas para el cuidado de la salud, esqu\u00ed de invierno, 2 unids\/par\" src=\"https:\/\/bodegaoutdoor.cl\/store\/wp-content\/uploads\/2021\/12\/50849-n0m9da.jpg\" alt=\"Calcetines magn\u00e9ticos de turmalina para hombre y mujer, medias Unisex de terapia de autocalentamiento, c\u00e1lidas y c\u00f3modas para el cuidado de la salud, esqu\u00ed de invierno, 2 unids\/par\" width=\"798px\" \/> <img decoding=\"async\" title=\"Calcetines magn\u00e9ticos de turmalina para hombre y mujer, medias Unisex de terapia de autocalentamiento, c\u00e1lidas y c\u00f3modas para el cuidado de la salud, esqu\u00ed de invierno, 2 unids\/par\" src=\"https:\/\/bodegaoutdoor.cl\/store\/wp-content\/uploads\/2021\/12\/50849-6p5sym.jpg\" alt=\"Calcetines magn\u00e9ticos de turmalina para hombre y mujer, medias Unisex de terapia de autocalentamiento, c\u00e1lidas y c\u00f3modas para el cuidado de la salud, esqu\u00ed de invierno, 2 unids\/par\" width=\"798px\" \/> <img decoding=\"async\" title=\"Calcetines magn\u00e9ticos de turmalina para hombre y mujer, medias Unisex de terapia de autocalentamiento, c\u00e1lidas y c\u00f3modas para el cuidado de la salud, esqu\u00ed de invierno, 2 unids\/par\" src=\"https:\/\/bodegaoutdoor.cl\/store\/wp-content\/uploads\/2021\/12\/50849-nvssto.jpg\" alt=\"Calcetines magn\u00e9ticos de turmalina para hombre y mujer, medias Unisex de terapia de autocalentamiento, c\u00e1lidas y c\u00f3modas para el cuidado de la salud, esqu\u00ed de invierno, 2 unids\/par\" width=\"798px\" \/> <img decoding=\"async\" title=\"Calcetines magn\u00e9ticos de turmalina para hombre y mujer, medias Unisex de terapia de autocalentamiento, c\u00e1lidas y c\u00f3modas para el cuidado de la salud, esqu\u00ed de invierno, 2 unids\/par\" src=\"https:\/\/bodegaoutdoor.cl\/store\/wp-content\/uploads\/2021\/12\/50849-nhjyeu.jpg\" alt=\"Calcetines magn\u00e9ticos de turmalina para hombre y mujer, medias Unisex de terapia de autocalentamiento, c\u00e1lidas y c\u00f3modas para el cuidado de la salud, esqu\u00ed de invierno, 2 unids\/par\" width=\"798px\" \/> <img decoding=\"async\" title=\"Calcetines magn\u00e9ticos de turmalina para hombre y mujer, medias Unisex de terapia de autocalentamiento, c\u00e1lidas y c\u00f3modas para el cuidado de la salud, esqu\u00ed de invierno, 2 unids\/par\" src=\"https:\/\/bodegaoutdoor.cl\/store\/wp-content\/uploads\/2021\/12\/50849-vggcg0.jpg\" alt=\"Calcetines magn\u00e9ticos de turmalina para hombre y mujer, medias Unisex de terapia de autocalentamiento, c\u00e1lidas y c\u00f3modas para el cuidado de la salud, esqu\u00ed de invierno, 2 unids\/par\" width=\"798px\" \/> <img decoding=\"async\" title=\"Calcetines magn\u00e9ticos de turmalina para hombre y mujer, medias Unisex de terapia de autocalentamiento, c\u00e1lidas y c\u00f3modas para el cuidado de la salud, esqu\u00ed de invierno, 2 unids\/par\" src=\"https:\/\/bodegaoutdoor.cl\/store\/wp-content\/uploads\/2021\/12\/50849-rjqphy.jpg\" alt=\"Calcetines magn\u00e9ticos de turmalina para hombre y mujer, medias Unisex de terapia de autocalentamiento, c\u00e1lidas y c\u00f3modas para el cuidado de la salud, esqu\u00ed de invierno, 2 unids\/par\" width=\"798px\" \/> <img decoding=\"async\" title=\"Calcetines magn\u00e9ticos de turmalina para hombre y mujer, medias Unisex de terapia de autocalentamiento, c\u00e1lidas y c\u00f3modas para el cuidado de la salud, esqu\u00ed de invierno, 2 unids\/par\" src=\"https:\/\/bodegaoutdoor.cl\/store\/wp-content\/uploads\/2021\/12\/50849-0nw5uk.jpg\" alt=\"Calcetines magn\u00e9ticos de turmalina para hombre y mujer, medias Unisex de terapia de autocalentamiento, c\u00e1lidas y c\u00f3modas para el cuidado de la salud, esqu\u00ed de invierno, 2 unids\/par\" width=\"798px\" \/> <img decoding=\"async\" title=\"Calcetines magn\u00e9ticos de turmalina para hombre y mujer, medias Unisex de terapia de autocalentamiento, c\u00e1lidas y c\u00f3modas para el cuidado de la salud, esqu\u00ed de invierno, 2 unids\/par\" src=\"https:\/\/bodegaoutdoor.cl\/store\/wp-content\/uploads\/2021\/12\/50849-ubyxoi.jpg\" alt=\"Calcetines magn\u00e9ticos de turmalina para hombre y mujer, medias Unisex de terapia de autocalentamiento, c\u00e1lidas y c\u00f3modas para el cuidado de la salud, esqu\u00ed de invierno, 2 unids\/par\" width=\"798px\" \/> <img decoding=\"async\" title=\"Calcetines magn\u00e9ticos de turmalina para hombre y mujer, medias Unisex de terapia de autocalentamiento, c\u00e1lidas y c\u00f3modas para el cuidado de la salud, esqu\u00ed de invierno, 2 unids\/par\" src=\"https:\/\/bodegaoutdoor.cl\/store\/wp-content\/uploads\/2021\/12\/50849-beess4.jpg\" alt=\"Calcetines magn\u00e9ticos de turmalina para hombre y mujer, medias Unisex de terapia de autocalentamiento, c\u00e1lidas y c\u00f3modas para el cuidado de la salud, esqu\u00ed de invierno, 2 unids\/par\" width=\"798px\" \/> <img decoding=\"async\" title=\"Calcetines magn\u00e9ticos de turmalina para hombre y mujer, medias Unisex de terapia de autocalentamiento, c\u00e1lidas y c\u00f3modas para el cuidado de la salud, esqu\u00ed de invierno, 2 unids\/par\" src=\"https:\/\/bodegaoutdoor.cl\/store\/wp-content\/uploads\/2021\/12\/50849-2f8pea.jpg\" alt=\"Calcetines magn\u00e9ticos de turmalina para hombre y mujer, medias Unisex de terapia de autocalentamiento, c\u00e1lidas y c\u00f3modas para el cuidado de la salud, esqu\u00ed de invierno, 2 unids\/par\" width=\"798px\" \/> <img decoding=\"async\" title=\"Calcetines magn\u00e9ticos de turmalina para hombre y mujer, medias Unisex de terapia de autocalentamiento, c\u00e1lidas y c\u00f3modas para el cuidado de la salud, esqu\u00ed de invierno, 2 unids\/par\" src=\"https:\/\/bodegaoutdoor.cl\/store\/wp-content\/uploads\/2021\/12\/50849-iuz5dg.jpg\" alt=\"Calcetines magn\u00e9ticos de turmalina para hombre y mujer, medias Unisex de terapia de autocalentamiento, c\u00e1lidas y c\u00f3modas para el cuidado de la salud, esqu\u00ed de invierno, 2 unids\/par\" width=\"798px\" \/> <img decoding=\"async\" title=\"Calcetines magn\u00e9ticos de turmalina para hombre y mujer, medias Unisex de terapia de autocalentamiento, c\u00e1lidas y c\u00f3modas para el cuidado de la salud, esqu\u00ed de invierno, 2 unids\/par\" src=\"https:\/\/bodegaoutdoor.cl\/store\/wp-content\/uploads\/2021\/12\/50849-0n9rgt.jpg\" alt=\"Calcetines magn\u00e9ticos de turmalina para hombre y mujer, medias Unisex de terapia de autocalentamiento, c\u00e1lidas y c\u00f3modas para el cuidado de la salud, esqu\u00ed de invierno, 2 unids\/par\" width=\"798px\" \/> <img decoding=\"async\" title=\"Calcetines magn\u00e9ticos de turmalina para hombre y mujer, medias Unisex de terapia de autocalentamiento, c\u00e1lidas y c\u00f3modas para el cuidado de la salud, esqu\u00ed de invierno, 2 unids\/par\" src=\"https:\/\/bodegaoutdoor.cl\/store\/wp-content\/uploads\/2021\/12\/50849-expshb.jpg\" alt=\"Calcetines magn\u00e9ticos de turmalina para hombre y mujer, medias Unisex de terapia de autocalentamiento, c\u00e1lidas y c\u00f3modas para el cuidado de la salud, esqu\u00ed de invierno, 2 unids\/par\" width=\"798px\" \/> <img decoding=\"async\" title=\"Calcetines magn\u00e9ticos de turmalina para hombre y mujer, medias Unisex de terapia de autocalentamiento, c\u00e1lidas y c\u00f3modas para el cuidado de la salud, esqu\u00ed de invierno, 2 unids\/par\" src=\"https:\/\/bodegaoutdoor.cl\/store\/wp-content\/uploads\/2021\/12\/50849-gw6kx9.jpg\" alt=\"Calcetines magn\u00e9ticos de turmalina para hombre y mujer, medias Unisex de terapia de autocalentamiento, c\u00e1lidas y c\u00f3modas para el cuidado de la salud, esqu\u00ed de invierno, 2 unids\/par\" width=\"798px\" \/> <img decoding=\"async\" title=\"Calcetines magn\u00e9ticos de turmalina para hombre y mujer, medias Unisex de terapia de autocalentamiento, c\u00e1lidas y c\u00f3modas para el cuidado de la salud, esqu\u00ed de invierno, 2 unids\/par\" src=\"https:\/\/bodegaoutdoor.cl\/store\/wp-content\/uploads\/2021\/12\/50849-fonzjw.jpg\" alt=\"Calcetines magn\u00e9ticos de turmalina para hombre y mujer, medias Unisex de terapia de autocalentamiento, c\u00e1lidas y c\u00f3modas para el cuidado de la salud, esqu\u00ed de invierno, 2 unids\/par\" width=\"798px\" \/> <img decoding=\"async\" title=\"Calcetines magn\u00e9ticos de turmalina para hombre y mujer, medias Unisex de terapia de autocalentamiento, c\u00e1lidas y c\u00f3modas para el cuidado de la salud, esqu\u00ed de invierno, 2 unids\/par\" src=\"https:\/\/bodegaoutdoor.cl\/store\/wp-content\/uploads\/2021\/12\/50849-rcrkq7.jpg\" alt=\"Calcetines magn\u00e9ticos de turmalina para hombre y mujer, medias Unisex de terapia de autocalentamiento, c\u00e1lidas y c\u00f3modas para el cuidado de la salud, esqu\u00ed de invierno, 2 unids\/par\" width=\"798px\" \/> <img decoding=\"async\" title=\"Calcetines magn\u00e9ticos de turmalina para hombre y mujer, medias Unisex de terapia de autocalentamiento, c\u00e1lidas y c\u00f3modas para el cuidado de la salud, esqu\u00ed de invierno, 2 unids\/par\" src=\"https:\/\/bodegaoutdoor.cl\/store\/wp-content\/uploads\/2021\/12\/50849-xsommq.jpg\" alt=\"Calcetines magn\u00e9ticos de turmalina para hombre y mujer, medias Unisex de terapia de autocalentamiento, c\u00e1lidas y c\u00f3modas para el cuidado de la salud, esqu\u00ed de invierno, 2 unids\/par\" width=\"798px\" \/> <img decoding=\"async\" title=\"Calcetines magn\u00e9ticos de turmalina para hombre y mujer, medias Unisex de terapia de autocalentamiento, c\u00e1lidas y c\u00f3modas para el cuidado de la salud, esqu\u00ed de invierno, 2 unids\/par\" src=\"https:\/\/bodegaoutdoor.cl\/store\/wp-content\/uploads\/2021\/12\/50849-xwapj4.jpg\" alt=\"Calcetines magn\u00e9ticos de turmalina para hombre y mujer, medias Unisex de terapia de autocalentamiento, c\u00e1lidas y c\u00f3modas para el cuidado de la salud, esqu\u00ed de invierno, 2 unids\/par\" width=\"798px\" \/> <img decoding=\"async\" title=\"Calcetines magn\u00e9ticos de turmalina para hombre y mujer, medias Unisex de terapia de autocalentamiento, c\u00e1lidas y c\u00f3modas para el cuidado de la salud, esqu\u00ed de invierno, 2 unids\/par\" src=\"https:\/\/bodegaoutdoor.cl\/store\/wp-content\/uploads\/2021\/12\/50849-yyfi9y.jpg\" alt=\"Calcetines magn\u00e9ticos de turmalina para hombre y mujer, medias Unisex de terapia de autocalentamiento, c\u00e1lidas y c\u00f3modas para el cuidado de la salud, esqu\u00ed de invierno, 2 unids\/par\" width=\"798px\" \/> <img decoding=\"async\" title=\"Calcetines magn\u00e9ticos de turmalina para hombre y mujer, medias Unisex de terapia de autocalentamiento, c\u00e1lidas y c\u00f3modas para el cuidado de la salud, esqu\u00ed de invierno, 2 unids\/par\" src=\"https:\/\/bodegaoutdoor.cl\/store\/wp-content\/uploads\/2021\/12\/50849-k4s50b.jpg\" alt=\"Calcetines magn\u00e9ticos de turmalina para hombre y mujer, medias Unisex de terapia de autocalentamiento, c\u00e1lidas y c\u00f3modas para el cuidado de la salud, esqu\u00ed de invierno, 2 unids\/par\" width=\"798px\" \/> <img decoding=\"async\" title=\"Calcetines magn\u00e9ticos de turmalina para hombre y mujer, medias Unisex de terapia de autocalentamiento, c\u00e1lidas y c\u00f3modas para el cuidado de la salud, esqu\u00ed de invierno, 2 unids\/par\" src=\"https:\/\/bodegaoutdoor.cl\/store\/wp-content\/uploads\/2021\/12\/50849-yxbfvo.jpg\" alt=\"Calcetines magn\u00e9ticos de turmalina para hombre y mujer, medias Unisex de terapia de autocalentamiento, c\u00e1lidas y c\u00f3modas para el cuidado de la salud, esqu\u00ed de invierno, 2 unids\/par\" width=\"798px\" \/> <img decoding=\"async\" title=\"Calcetines magn\u00e9ticos de turmalina para hombre y mujer, medias Unisex de terapia de autocalentamiento, c\u00e1lidas y c\u00f3modas para el cuidado de la salud, esqu\u00ed de invierno, 2 unids\/par\" src=\"https:\/\/bodegaoutdoor.cl\/store\/wp-content\/uploads\/2021\/12\/50849-3epdtb.jpg\" alt=\"Calcetines magn\u00e9ticos de turmalina para hombre y mujer, medias Unisex de terapia de autocalentamiento, c\u00e1lidas y c\u00f3modas para el cuidado de la salud, esqu\u00ed de invierno, 2 unids\/par\" width=\"798px\" \/> <img decoding=\"async\" title=\"Calcetines magn\u00e9ticos de turmalina para hombre y mujer, medias Unisex de terapia de autocalentamiento, c\u00e1lidas y c\u00f3modas para el cuidado de la salud, esqu\u00ed de invierno, 2 unids\/par\" src=\"https:\/\/bodegaoutdoor.cl\/store\/wp-content\/uploads\/2021\/12\/50849-cgfxz3.jpg\" alt=\"Calcetines magn\u00e9ticos de turmalina para hombre y mujer, medias Unisex de terapia de autocalentamiento, c\u00e1lidas y c\u00f3modas para el cuidado de la salud, esqu\u00ed de invierno, 2 unids\/par\" width=\"798px\" \/><\/div>\n<div>\n<div>\n<div>\n<p><img decoding=\"async\" title=\"Calcetines magn\u00e9ticos de turmalina para hombre y mujer, medias Unisex de terapia de autocalentamiento, c\u00e1lidas y c\u00f3modas para el cuidado de la salud, esqu\u00ed de invierno, 2 unids\/par\" src=\"https:\/\/bodegaoutdoor.cl\/store\/wp-content\/uploads\/2021\/12\/50849-9rstrn.jpg\" alt=\"Calcetines magn\u00e9ticos de turmalina para hombre y mujer, medias Unisex de terapia de autocalentamiento, c\u00e1lidas y c\u00f3modas para el cuidado de la salud, esqu\u00ed de invierno, 2 unids\/par\" \/><\/p>\n<\/div>\n<\/div>\n<div style=\"padding: 15px; border: solid 1px #aeaeae;\">\n<div style=\"font-size: 28px; font-family: tahoma, geneva, sans-serif; font-weight: bold; padding: 2px 2px;\"><\/div>\n<p>&nbsp;<\/p>\n<\/div>\n<\/div>\n<p>&nbsp;<\/p>\n<\/div>\n\n    <div class=\"xs_social_share_widget xs_share_url after_content \t\tmain_content  wslu-style-1 wslu-share-box-shaped wslu-fill-colored wslu-none wslu-share-horizontal wslu-theme-font-no wslu-main_content\">\n\n\t\t\n        <ul>\n\t\t\t        <\/ul>\n    <\/div> \n","protected":false},"excerpt":{"rendered":"<p>2pcs Men\/Women Unisex Winter Warm Self-Heating Health Socks Pain Relief Outdoor Anti-Cold Therapy Magnetic Thermal Stockings Feature: 1. Made of high quality polyester cotton, soft and comfortable with long service life. The sole of the socks is designed with tourmaline, which can self-heat to keep your feet warm and take care of them in cold [&hellip;]<\/p>\n","protected":false},"featured_media":50856,"comment_status":"open","ping_status":"closed","template":"","meta":{"jetpack_publicize_message":"","jetpack_publicize_feature_enabled":true,"jetpack_social_post_already_shared":true,"jetpack_social_options":{"image_generator_settings":{"template":"highway","enabled":false},"version":2}},"product_brand":[],"product_cat":[897],"product_tag":[904,481],"class_list":{"0":"post-50849","1":"product","2":"type-product","3":"status-publish","4":"has-post-thumbnail","6":"product_cat-calcetines","7":"product_tag-calcetines","8":"product_tag-outdoor","10":"first","11":"instock","12":"taxable","13":"shipping-taxable","14":"purchasable","15":"product-type-variable"},"jetpack_publicize_connections":[],"jetpack_sharing_enabled":true,"_links":{"self":[{"href":"https:\/\/bodegaoutdoor.cl\/store\/wp-json\/wp\/v2\/product\/50849","targetHints":{"allow":["GET"]}}],"collection":[{"href":"https:\/\/bodegaoutdoor.cl\/store\/wp-json\/wp\/v2\/product"}],"about":[{"href":"https:\/\/bodegaoutdoor.cl\/store\/wp-json\/wp\/v2\/types\/product"}],"replies":[{"embeddable":true,"href":"https:\/\/bodegaoutdoor.cl\/store\/wp-json\/wp\/v2\/comments?post=50849"}],"version-history":[{"count":2,"href":"https:\/\/bodegaoutdoor.cl\/store\/wp-json\/wp\/v2\/product\/50849\/revisions"}],"predecessor-version":[{"id":70975,"href":"https:\/\/bodegaoutdoor.cl\/store\/wp-json\/wp\/v2\/product\/50849\/revisions\/70975"}],"wp:featuredmedia":[{"embeddable":true,"href":"https:\/\/bodegaoutdoor.cl\/store\/wp-json\/wp\/v2\/media\/50856"}],"wp:attachment":[{"href":"https:\/\/bodegaoutdoor.cl\/store\/wp-json\/wp\/v2\/media?parent=50849"}],"wp:term":[{"taxonomy":"product_brand","embeddable":true,"href":"https:\/\/bodegaoutdoor.cl\/store\/wp-json\/wp\/v2\/product_brand?post=50849"},{"taxonomy":"product_cat","embeddable":true,"href":"https:\/\/bodegaoutdoor.cl\/store\/wp-json\/wp\/v2\/product_cat?post=50849"},{"taxonomy":"product_tag","embeddable":true,"href":"https:\/\/bodegaoutdoor.cl\/store\/wp-json\/wp\/v2\/product_tag?post=50849"}],"curies":[{"name":"wp","href":"https:\/\/api.w.org\/{rel}","templated":true}]}}