{"id":51602,"date":"2021-12-29T14:00:14","date_gmt":"2021-12-29T17:00:14","guid":{"rendered":"https:\/\/bodegaoutdoor.cl\/store\/product\/nuoneko-pantalones-deportivos-impermeables-para-hombre-pantalon-de-secado-rapido-para-actividades-al-aire-libre-senderismo-camping-escalada-pesca-y-trekking-verano-pnt26\/"},"modified":"2023-05-04T19:18:51","modified_gmt":"2023-05-04T23:18:51","slug":"nuoneko-pantalones-deportivos-impermeables-para-hombre-pantalon-de-secado-rapido-para-actividades-al-aire-libre-senderismo-camping-escalada-pesca-y-trekking-verano-pnt26","status":"publish","type":"product","link":"https:\/\/bodegaoutdoor.cl\/store\/product\/nuoneko-pantalones-deportivos-impermeables-para-hombre-pantalon-de-secado-rapido-para-actividades-al-aire-libre-senderismo-camping-escalada-pesca-y-trekking-verano-pnt26\/","title":{"rendered":"NUONEKO-Pantalones deportivos impermeables para hombre, pantal\u00f3n de secado r\u00e1pido Outdoor, senderismo, escalada y Trekking"},"content":{"rendered":"<p style=\"text-align: center;\"><video style=\"max-width: 100%;\" src=\"\/\/cloud.video.taobao.com\/play\/u\/2208449494340\/p\/1\/e\/6\/t\/10301\/315344749539.mp4\" poster=\"https:\/\/ae01.alicdn.com\/kf\/Hbf910ee60c8e4c649a61c05fc9059d1aR\/NUONEKO-Pantalones-deportivos-impermeables-para-hombre-pantal-n-de-secado-r-pido-para-actividades-al-aire.jpg,https:\/\/ae01.alicdn.com\/kf\/H24844db2988441878b82751d46ad1e1fc\/NUONEKO-Pantalones-deportivos-impermeables-para-hombre-pantal-n-de-secado-r-pido-para-actividades-al-aire.jpg,https:\/\/ae01.alicdn.com\/kf\/He75bf85d6ca24f0c92ff177563ba0c6eY\/NUONEKO-Pantalones-deportivos-impermeables-para-hombre-pantal-n-de-secado-r-pido-para-actividades-al-aire.jpg,https:\/\/ae01.alicdn.com\/kf\/H5ffac08a39c74e09be6871e700c3a67c3\/NUONEKO-Pantalones-deportivos-impermeables-para-hombre-pantal-n-de-secado-r-pido-para-actividades-al-aire.jpg,https:\/\/ae01.alicdn.com\/kf\/Hfcbb055fc5814f2aa0962972a77c88a7b\/NUONEKO-Pantalones-deportivos-impermeables-para-hombre-pantal-n-de-secado-r-pido-para-actividades-al-aire.jpg,https:\/\/ae01.alicdn.com\/kf\/H65d0a137e6aa47789a1fed97fba03bd4K\/NUONEKO-Pantalones-deportivos-impermeables-para-hombre-pantal-n-de-secado-r-pido-para-actividades-al-aire.jpg\" preload=\"auto\" controls=\"controls\" width=\"100%\" height=\"100%\"><\/video><\/p>\n<div>\n<div>\n<div>\n<p>Pantalones de secado r\u00e1pido para hombre<\/p>\n<\/div>\n<div><img decoding=\"async\" title=\"NUONEKO-Pantalones deportivos impermeables para hombre, pantal\u00f3n de secado r\u00e1pido para actividades al aire libre, senderismo, Camping, escalada, pesca y Trekking, verano, PNT26\" src=\"https:\/\/bodegaoutdoor.cl\/store\/wp-content\/uploads\/2021\/12\/51602-8a1rig.jpg\" alt=\"NUONEKO-Pantalones deportivos impermeables para hombre, pantal\u00f3n de secado r\u00e1pido para actividades al aire libre, senderismo, Camping, escalada, pesca y Trekking, verano, PNT26\" \/><\/div>\n<div>\n<p>Pantalones desmontables<\/p>\n<\/div>\n<div><img decoding=\"async\" title=\"NUONEKO-Pantalones deportivos impermeables para hombre, pantal\u00f3n de secado r\u00e1pido para actividades al aire libre, senderismo, Camping, escalada, pesca y Trekking, verano, PNT26\" src=\"https:\/\/bodegaoutdoor.cl\/store\/wp-content\/uploads\/2021\/12\/51602-vg9tco.jpg\" alt=\"NUONEKO-Pantalones deportivos impermeables para hombre, pantal\u00f3n de secado r\u00e1pido para actividades al aire libre, senderismo, Camping, escalada, pesca y Trekking, verano, PNT26\" \/><\/div>\n<div>\n<p>Detalles del producto<\/p>\n<\/div>\n<div><img decoding=\"async\" title=\"NUONEKO-Pantalones deportivos impermeables para hombre, pantal\u00f3n de secado r\u00e1pido para actividades al aire libre, senderismo, Camping, escalada, pesca y Trekking, verano, PNT26\" src=\"https:\/\/bodegaoutdoor.cl\/store\/wp-content\/uploads\/2021\/12\/51602-q7bq0a.jpg\" alt=\"NUONEKO-Pantalones deportivos impermeables para hombre, pantal\u00f3n de secado r\u00e1pido para actividades al aire libre, senderismo, Camping, escalada, pesca y Trekking, verano, PNT26\" \/><\/div>\n<div>\n<p>Cintur\u00f3n de regalo<\/p>\n<\/div>\n<div><img decoding=\"async\" title=\"NUONEKO-Pantalones deportivos impermeables para hombre, pantal\u00f3n de secado r\u00e1pido para actividades al aire libre, senderismo, Camping, escalada, pesca y Trekking, verano, PNT26\" src=\"https:\/\/bodegaoutdoor.cl\/store\/wp-content\/uploads\/2021\/12\/51602-deetr5.jpg\" alt=\"NUONEKO-Pantalones deportivos impermeables para hombre, pantal\u00f3n de secado r\u00e1pido para actividades al aire libre, senderismo, Camping, escalada, pesca y Trekking, verano, PNT26\" \/><\/div>\n<div>\n<p>Bolsillo lateral con cremallera<\/p>\n<\/div>\n<div><img decoding=\"async\" title=\"NUONEKO-Pantalones deportivos impermeables para hombre, pantal\u00f3n de secado r\u00e1pido para actividades al aire libre, senderismo, Camping, escalada, pesca y Trekking, verano, PNT26\" src=\"https:\/\/bodegaoutdoor.cl\/store\/wp-content\/uploads\/2021\/12\/51602-grwcly.jpg\" alt=\"NUONEKO-Pantalones deportivos impermeables para hombre, pantal\u00f3n de secado r\u00e1pido para actividades al aire libre, senderismo, Camping, escalada, pesca y Trekking, verano, PNT26\" \/><\/div>\n<div>\n<p>Expositor de cremallera en la tapeta<\/p>\n<\/div>\n<div><img decoding=\"async\" title=\"NUONEKO-Pantalones deportivos impermeables para hombre, pantal\u00f3n de secado r\u00e1pido para actividades al aire libre, senderismo, Camping, escalada, pesca y Trekking, verano, PNT26\" src=\"https:\/\/bodegaoutdoor.cl\/store\/wp-content\/uploads\/2021\/12\/51602-lpwcvo.jpg\" alt=\"NUONEKO-Pantalones deportivos impermeables para hombre, pantal\u00f3n de secado r\u00e1pido para actividades al aire libre, senderismo, Camping, escalada, pesca y Trekking, verano, PNT26\" \/><\/div>\n<div>\n<p>Bolsillo por encima de la rodilla<\/p>\n<\/div>\n<div><img decoding=\"async\" title=\"NUONEKO-Pantalones deportivos impermeables para hombre, pantal\u00f3n de secado r\u00e1pido para actividades al aire libre, senderismo, Camping, escalada, pesca y Trekking, verano, PNT26\" src=\"https:\/\/bodegaoutdoor.cl\/store\/wp-content\/uploads\/2021\/12\/51602-u0j6rk.jpg\" alt=\"NUONEKO-Pantalones deportivos impermeables para hombre, pantal\u00f3n de secado r\u00e1pido para actividades al aire libre, senderismo, Camping, escalada, pesca y Trekking, verano, PNT26\" \/><\/div>\n<div>\n<p>La l\u00ednea interna del coche muestra que la l\u00ednea es firme, sin miedo a abrir la l\u00ednea.<\/p>\n<\/div>\n<div><img decoding=\"async\" title=\"NUONEKO-Pantalones deportivos impermeables para hombre, pantal\u00f3n de secado r\u00e1pido para actividades al aire libre, senderismo, Camping, escalada, pesca y Trekking, verano, PNT26\" src=\"https:\/\/bodegaoutdoor.cl\/store\/wp-content\/uploads\/2021\/12\/51602-5dljgr.jpg\" alt=\"NUONEKO-Pantalones deportivos impermeables para hombre, pantal\u00f3n de secado r\u00e1pido para actividades al aire libre, senderismo, Camping, escalada, pesca y Trekking, verano, PNT26\" \/><\/div>\n<div>\n<p>Detalle de rodillas<\/p>\n<\/div>\n<div><img decoding=\"async\" title=\"NUONEKO-Pantalones deportivos impermeables para hombre, pantal\u00f3n de secado r\u00e1pido para actividades al aire libre, senderismo, Camping, escalada, pesca y Trekking, verano, PNT26\" src=\"https:\/\/bodegaoutdoor.cl\/store\/wp-content\/uploads\/2021\/12\/51602-e67og4.jpg\" alt=\"NUONEKO-Pantalones deportivos impermeables para hombre, pantal\u00f3n de secado r\u00e1pido para actividades al aire libre, senderismo, Camping, escalada, pesca y Trekking, verano, PNT26\" \/><\/div>\n<div>\n<p>Conexi\u00f3n de cremallera, desmontaje a voluntad<\/p>\n<\/div>\n<div><img decoding=\"async\" title=\"NUONEKO-Pantalones deportivos impermeables para hombre, pantal\u00f3n de secado r\u00e1pido para actividades al aire libre, senderismo, Camping, escalada, pesca y Trekking, verano, PNT26\" src=\"https:\/\/bodegaoutdoor.cl\/store\/wp-content\/uploads\/2021\/12\/51602-x19y2y.jpg\" alt=\"NUONEKO-Pantalones deportivos impermeables para hombre, pantal\u00f3n de secado r\u00e1pido para actividades al aire libre, senderismo, Camping, escalada, pesca y Trekking, verano, PNT26\" \/><\/div>\n<div>\n<p>Pantalla de pie<\/p>\n<\/div>\n<div><img decoding=\"async\" title=\"NUONEKO-Pantalones deportivos impermeables para hombre, pantal\u00f3n de secado r\u00e1pido para actividades al aire libre, senderismo, Camping, escalada, pesca y Trekking, verano, PNT26\" src=\"https:\/\/bodegaoutdoor.cl\/store\/wp-content\/uploads\/2021\/12\/51602-0cq9yq.jpg\" alt=\"NUONEKO-Pantalones deportivos impermeables para hombre, pantal\u00f3n de secado r\u00e1pido para actividades al aire libre, senderismo, Camping, escalada, pesca y Trekking, verano, PNT26\" \/><\/div>\n<div>\n<p>Bolsillo trasero<\/p>\n<\/div>\n<div><img decoding=\"async\" title=\"NUONEKO-Pantalones deportivos impermeables para hombre, pantal\u00f3n de secado r\u00e1pido para actividades al aire libre, senderismo, Camping, escalada, pesca y Trekking, verano, PNT26\" src=\"https:\/\/bodegaoutdoor.cl\/store\/wp-content\/uploads\/2021\/12\/51602-nwdpd3.jpg\" alt=\"NUONEKO-Pantalones deportivos impermeables para hombre, pantal\u00f3n de secado r\u00e1pido para actividades al aire libre, senderismo, Camping, escalada, pesca y Trekking, verano, PNT26\" \/><\/div>\n<div>\n<p>Pantalones cortos<\/p>\n<\/div>\n<div><img decoding=\"async\" title=\"NUONEKO-Pantalones deportivos impermeables para hombre, pantal\u00f3n de secado r\u00e1pido para actividades al aire libre, senderismo, Camping, escalada, pesca y Trekking, verano, PNT26\" src=\"https:\/\/bodegaoutdoor.cl\/store\/wp-content\/uploads\/2021\/12\/51602-ecwknm.jpg\" alt=\"NUONEKO-Pantalones deportivos impermeables para hombre, pantal\u00f3n de secado r\u00e1pido para actividades al aire libre, senderismo, Camping, escalada, pesca y Trekking, verano, PNT26\" \/><\/div>\n<div>\n<p>Muestra del modelo<\/p>\n<\/div>\n<div><img decoding=\"async\" title=\"NUONEKO-Pantalones deportivos impermeables para hombre, pantal\u00f3n de secado r\u00e1pido para actividades al aire libre, senderismo, Camping, escalada, pesca y Trekking, verano, PNT26\" src=\"https:\/\/bodegaoutdoor.cl\/store\/wp-content\/uploads\/2021\/12\/51602-fk4rhw.jpg\" alt=\"NUONEKO-Pantalones deportivos impermeables para hombre, pantal\u00f3n de secado r\u00e1pido para actividades al aire libre, senderismo, Camping, escalada, pesca y Trekking, verano, PNT26\" \/><img decoding=\"async\" title=\"NUONEKO-Pantalones deportivos impermeables para hombre, pantal\u00f3n de secado r\u00e1pido para actividades al aire libre, senderismo, Camping, escalada, pesca y Trekking, verano, PNT26\" src=\"https:\/\/bodegaoutdoor.cl\/store\/wp-content\/uploads\/2021\/12\/51602-kopdfl.jpg\" alt=\"NUONEKO-Pantalones deportivos impermeables para hombre, pantal\u00f3n de secado r\u00e1pido para actividades al aire libre, senderismo, Camping, escalada, pesca y Trekking, verano, PNT26\" \/><img decoding=\"async\" title=\"NUONEKO-Pantalones deportivos impermeables para hombre, pantal\u00f3n de secado r\u00e1pido para actividades al aire libre, senderismo, Camping, escalada, pesca y Trekking, verano, PNT26\" src=\"https:\/\/bodegaoutdoor.cl\/store\/wp-content\/uploads\/2021\/12\/51602-scr0ft.jpg\" alt=\"NUONEKO-Pantalones deportivos impermeables para hombre, pantal\u00f3n de secado r\u00e1pido para actividades al aire libre, senderismo, Camping, escalada, pesca y Trekking, verano, PNT26\" \/><img decoding=\"async\" title=\"NUONEKO-Pantalones deportivos impermeables para hombre, pantal\u00f3n de secado r\u00e1pido para actividades al aire libre, senderismo, Camping, escalada, pesca y Trekking, verano, PNT26\" src=\"https:\/\/bodegaoutdoor.cl\/store\/wp-content\/uploads\/2021\/12\/51602-5jnoqr.jpg\" alt=\"NUONEKO-Pantalones deportivos impermeables para hombre, pantal\u00f3n de secado r\u00e1pido para actividades al aire libre, senderismo, Camping, escalada, pesca y Trekking, verano, PNT26\" \/><img decoding=\"async\" title=\"NUONEKO-Pantalones deportivos impermeables para hombre, pantal\u00f3n de secado r\u00e1pido para actividades al aire libre, senderismo, Camping, escalada, pesca y Trekking, verano, PNT26\" src=\"https:\/\/bodegaoutdoor.cl\/store\/wp-content\/uploads\/2021\/12\/51602-cm5gdd.jpg\" alt=\"NUONEKO-Pantalones deportivos impermeables para hombre, pantal\u00f3n de secado r\u00e1pido para actividades al aire libre, senderismo, Camping, escalada, pesca y Trekking, verano, PNT26\" \/><\/div>\n<div>\n<p>Tabla de tallas<\/p>\n<\/div>\n<div><img decoding=\"async\" title=\"NUONEKO-Pantalones deportivos impermeables para hombre, pantal\u00f3n de secado r\u00e1pido para actividades al aire libre, senderismo, Camping, escalada, pesca y Trekking, verano, PNT26\" src=\"https:\/\/bodegaoutdoor.cl\/store\/wp-content\/uploads\/2021\/12\/51602-2zshjd.jpg\" alt=\"NUONEKO-Pantalones deportivos impermeables para hombre, pantal\u00f3n de secado r\u00e1pido para actividades al aire libre, senderismo, Camping, escalada, pesca y Trekking, verano, PNT26\" \/><\/div>\n<p>&nbsp;<\/p>\n<\/div>\n<\/div>\n\n    <div class=\"xs_social_share_widget xs_share_url after_content \t\tmain_content  wslu-style-1 wslu-share-box-shaped wslu-fill-colored wslu-none wslu-share-horizontal wslu-theme-font-no wslu-main_content\">\n\n\t\t\n        <ul>\n\t\t\t        <\/ul>\n    <\/div> \n","protected":false},"excerpt":{"rendered":"<p>Pantalones de secado r\u00e1pido para hombre Pantalones desmontables Detalles del producto Cintur\u00f3n de regalo Bolsillo lateral con cremallera Expositor de cremallera en la tapeta Bolsillo por encima de la rodilla La l\u00ednea interna del coche muestra que la l\u00ednea es firme, sin miedo a abrir la l\u00ednea. Detalle de rodillas Conexi\u00f3n de cremallera, desmontaje a [&hellip;]<\/p>\n","protected":false},"featured_media":51673,"comment_status":"open","ping_status":"closed","template":"","meta":{"jetpack_publicize_message":"","jetpack_publicize_feature_enabled":true,"jetpack_social_post_already_shared":true,"jetpack_social_options":{"image_generator_settings":{"template":"highway","enabled":false},"version":2}},"product_brand":[],"product_cat":[190,62],"product_tag":[],"class_list":{"0":"post-51602","1":"product","2":"type-product","3":"status-publish","4":"has-post-thumbnail","6":"product_cat-pantalones-hombre","7":"product_cat-vestuario-hombre","9":"first","10":"instock","11":"taxable","12":"shipping-taxable","13":"purchasable","14":"product-type-variable"},"jetpack_publicize_connections":[],"jetpack_sharing_enabled":true,"_links":{"self":[{"href":"https:\/\/bodegaoutdoor.cl\/store\/wp-json\/wp\/v2\/product\/51602","targetHints":{"allow":["GET"]}}],"collection":[{"href":"https:\/\/bodegaoutdoor.cl\/store\/wp-json\/wp\/v2\/product"}],"about":[{"href":"https:\/\/bodegaoutdoor.cl\/store\/wp-json\/wp\/v2\/types\/product"}],"replies":[{"embeddable":true,"href":"https:\/\/bodegaoutdoor.cl\/store\/wp-json\/wp\/v2\/comments?post=51602"}],"version-history":[{"count":2,"href":"https:\/\/bodegaoutdoor.cl\/store\/wp-json\/wp\/v2\/product\/51602\/revisions"}],"predecessor-version":[{"id":70968,"href":"https:\/\/bodegaoutdoor.cl\/store\/wp-json\/wp\/v2\/product\/51602\/revisions\/70968"}],"wp:featuredmedia":[{"embeddable":true,"href":"https:\/\/bodegaoutdoor.cl\/store\/wp-json\/wp\/v2\/media\/51673"}],"wp:attachment":[{"href":"https:\/\/bodegaoutdoor.cl\/store\/wp-json\/wp\/v2\/media?parent=51602"}],"wp:term":[{"taxonomy":"product_brand","embeddable":true,"href":"https:\/\/bodegaoutdoor.cl\/store\/wp-json\/wp\/v2\/product_brand?post=51602"},{"taxonomy":"product_cat","embeddable":true,"href":"https:\/\/bodegaoutdoor.cl\/store\/wp-json\/wp\/v2\/product_cat?post=51602"},{"taxonomy":"product_tag","embeddable":true,"href":"https:\/\/bodegaoutdoor.cl\/store\/wp-json\/wp\/v2\/product_tag?post=51602"}],"curies":[{"name":"wp","href":"https:\/\/api.w.org\/{rel}","templated":true}]}}