{"id":5217,"date":"2020-07-17T06:04:54","date_gmt":"2020-07-17T06:04:54","guid":{"rendered":"https:\/\/bodegaoutdoor.cl\/store\/product\/deportes-al-aire-libre-tacticos-guantes-sin-dedos-airsoft-militar-ejercito-tiro-ciclismo-senderismo-caza-escalada-ciclismo-medio-dedo-hombres\/"},"modified":"2023-05-04T19:19:39","modified_gmt":"2023-05-04T23:19:39","slug":"guantes-con-nudillos-sin-dedos-para-airsoft-deportes-outdoor","status":"publish","type":"product","link":"https:\/\/bodegaoutdoor.cl\/store\/product\/guantes-con-nudillos-sin-dedos-para-airsoft-deportes-outdoor\/","title":{"rendered":"Guantes con Nudillos sin dedos para Airsoft Deportes Outdoor"},"content":{"rendered":"<div>\n<div>\n<div style=\"text-align: center;\"><\/div>\n<div>\n<div>\n<p style=\"text-align: left; margin: 0;\"><img decoding=\"async\" title=\"Deportes al aire libre t\u00e1cticos guantes sin dedos Airsoft militar ej\u00e9rcito tiro ciclismo senderismo caza escalada ciclismo medio dedo hombres\" src=\"https:\/\/bodegaoutdoor.cl\/store\/wp-content\/uploads\/2020\/07\/5217-c8ba8p.jpg\" alt=\"Deportes al aire libre t\u00e1cticos guantes sin dedos Airsoft militar ej\u00e9rcito tiro ciclismo senderismo caza escalada ciclismo medio dedo hombres\" \/><\/p>\n<div><\/div>\n<div><strong><span style=\"font-size: 18.0px;\">GUMAO<\/span><\/strong><br \/>\n<span style=\"font-size: 18.0px;\">Dise\u00f1o profesional t\u00e1ctico guantes<\/span><\/div>\n<div><span style=\"font-size: 18.0px;\">Caracter\u00edsticas: utiliza tela de microfibra de alta calidad, puede pulir los nudillos de goma.<\/span><\/div>\n<div><span style=\"font-size: 18.0px;\">Panel de refuerzo una palma proporciona mayor durabilidad.<\/span><\/div>\n<div><span style=\"font-size: 18.0px;\">Proporciona una protecci\u00f3n completa adecuada para cualquier ocasi\u00f3n, como guantes t\u00e1cticos, guantes militares, guantes de caza, guantes de motocicleta, guantes de conducci\u00f3n, guantes de trabajo, etc.<\/span><\/div>\n<div><\/div>\n<div><span style=\"font-size: 18.0px;\">Detalles del producto:<\/span><\/div>\n<div><span style=\"font-size: 18.0px;\">Material: microfibra<\/span><br \/>\n<span style=\"font-size: 18.0px;\">De Nylon<\/span><br \/>\n<span style=\"font-size: 18.0px;\">De caucho<\/span><br \/>\n<span style=\"font-size: 18.0px;\">Nudillo<\/span><\/div>\n<div><span style=\"font-size: 18.0px;\">Color: Negro<\/span><br \/>\n<span style=\"font-size: 18.0px;\">Verde<\/span><br \/>\n<span style=\"font-size: 18.0px;\">Marr\u00f3n<\/span><\/div>\n<div><span style=\"font-size: 18.0px;\">Talla: M\/L\/XL<\/span><\/div>\n<div><\/div>\n<div><span style=\"font-size: 18.0px;\">El paquete incluye: 1 par de guantes<\/span><\/div>\n<div><\/div>\n<\/div>\n<\/div>\n<div>\n<p style=\"text-align: left; margin: 0;\"><img decoding=\"async\" title=\"Deportes al aire libre t\u00e1cticos guantes sin dedos Airsoft militar ej\u00e9rcito tiro ciclismo senderismo caza escalada ciclismo medio dedo hombres\" src=\"https:\/\/bodegaoutdoor.cl\/store\/wp-content\/uploads\/2020\/07\/5217-vryyxs.jpg\" alt=\"Deportes al aire libre t\u00e1cticos guantes sin dedos Airsoft militar ej\u00e9rcito tiro ciclismo senderismo caza escalada ciclismo medio dedo hombres\" \/><img decoding=\"async\" title=\"Deportes al aire libre t\u00e1cticos guantes sin dedos Airsoft militar ej\u00e9rcito tiro ciclismo senderismo caza escalada ciclismo medio dedo hombres\" src=\"https:\/\/bodegaoutdoor.cl\/store\/wp-content\/uploads\/2020\/07\/5217-eagkcb.jpg\" alt=\"Deportes al aire libre t\u00e1cticos guantes sin dedos Airsoft militar ej\u00e9rcito tiro ciclismo senderismo caza escalada ciclismo medio dedo hombres\" \/><img decoding=\"async\" title=\"Deportes al aire libre t\u00e1cticos guantes sin dedos Airsoft militar ej\u00e9rcito tiro ciclismo senderismo caza escalada ciclismo medio dedo hombres\" src=\"https:\/\/bodegaoutdoor.cl\/store\/wp-content\/uploads\/2020\/07\/5217-anyyyc.jpg\" alt=\"Deportes al aire libre t\u00e1cticos guantes sin dedos Airsoft militar ej\u00e9rcito tiro ciclismo senderismo caza escalada ciclismo medio dedo hombres\" \/><img decoding=\"async\" title=\"Deportes al aire libre t\u00e1cticos guantes sin dedos Airsoft militar ej\u00e9rcito tiro ciclismo senderismo caza escalada ciclismo medio dedo hombres\" src=\"https:\/\/bodegaoutdoor.cl\/store\/wp-content\/uploads\/2020\/07\/5217-yojzww.jpg\" alt=\"Deportes al aire libre t\u00e1cticos guantes sin dedos Airsoft militar ej\u00e9rcito tiro ciclismo senderismo caza escalada ciclismo medio dedo hombres\" \/><img decoding=\"async\" title=\"Deportes al aire libre t\u00e1cticos guantes sin dedos Airsoft militar ej\u00e9rcito tiro ciclismo senderismo caza escalada ciclismo medio dedo hombres\" src=\"https:\/\/bodegaoutdoor.cl\/store\/wp-content\/uploads\/2020\/07\/5217-lncda3.jpg\" alt=\"Deportes al aire libre t\u00e1cticos guantes sin dedos Airsoft militar ej\u00e9rcito tiro ciclismo senderismo caza escalada ciclismo medio dedo hombres\" \/><br \/>\n<span style=\"font-size: 16px;\"><span style=\"font-family: Georgia,serif;\">1. En los deportes al aire libre, la fricci\u00f3n entre los guantes y los objetos duros es inevitable. Este dise\u00f1o ergon\u00f3mico utiliza nudillos de goma de alta densidad para formar una placa protectora en la parte posterior de la mano para proteger completamente la seguridad de la mano.<br \/>\n2. En la articulaci\u00f3n del dedo, se introducen cuatro orificios de ventilaci\u00f3n, hechos de caucho de alta calidad, lo que garantiza la resistencia al desgaste, prolonga el tiempo de uso y es m\u00e1s transpirable y c\u00f3modo.<\/span><\/span><img decoding=\"async\" title=\"Deportes al aire libre t\u00e1cticos guantes sin dedos Airsoft militar ej\u00e9rcito tiro ciclismo senderismo caza escalada ciclismo medio dedo hombres\" src=\"https:\/\/bodegaoutdoor.cl\/store\/wp-content\/uploads\/2020\/07\/5217-mm1mge.jpg\" alt=\"Deportes al aire libre t\u00e1cticos guantes sin dedos Airsoft militar ej\u00e9rcito tiro ciclismo senderismo caza escalada ciclismo medio dedo hombres\" \/><br \/>\n<span style=\"font-family: Georgia,serif;\"><span style=\"font-size: 16px;\">La Palma es sin duda el lugar m\u00e1s utilizado con frecuencia, antideslizante resistente al desgaste es su indicador m\u00e1s importante, por lo que esta palma est\u00e1 hecha de tela antideslizante resistente al desgaste, asegurando durabilidad y reduciendo amortiguaci\u00f3n.<\/span><\/span><img decoding=\"async\" title=\"Deportes al aire libre t\u00e1cticos guantes sin dedos Airsoft militar ej\u00e9rcito tiro ciclismo senderismo caza escalada ciclismo medio dedo hombres\" src=\"https:\/\/bodegaoutdoor.cl\/store\/wp-content\/uploads\/2020\/07\/5217-olnmla.jpg\" alt=\"Deportes al aire libre t\u00e1cticos guantes sin dedos Airsoft militar ej\u00e9rcito tiro ciclismo senderismo caza escalada ciclismo medio dedo hombres\" \/><br \/>\n<span style=\"font-family: Georgia,serif;\"><span style=\"font-size: 16px;\">Con el fin de cumplir con diferentes tama\u00f1os de palmas y brazos, hemos alargado la longitud del Velcro y aumentado el ajuste de la boca del guante.<\/span><\/span><img decoding=\"async\" title=\"Deportes al aire libre t\u00e1cticos guantes sin dedos Airsoft militar ej\u00e9rcito tiro ciclismo senderismo caza escalada ciclismo medio dedo hombres\" src=\"https:\/\/bodegaoutdoor.cl\/store\/wp-content\/uploads\/2020\/07\/5217-090mzy.jpg\" alt=\"Deportes al aire libre t\u00e1cticos guantes sin dedos Airsoft militar ej\u00e9rcito tiro ciclismo senderismo caza escalada ciclismo medio dedo hombres\" \/><br \/>\n<span style=\"font-size: 16px;\"><span style=\"font-family: Georgia,serif;\">Con el fin de satisfacer las necesidades de entornos complejos y Deportes, el uso de telas suaves de spandex, puede estirarse para adaptarse a su mano, excelente resistencia a las l\u00e1grimas, para garantizar la transpirabilidad, mientras mejora la durabilidad.<\/span><\/span><img decoding=\"async\" title=\"Deportes al aire libre t\u00e1cticos guantes sin dedos Airsoft militar ej\u00e9rcito tiro ciclismo senderismo caza escalada ciclismo medio dedo hombres\" src=\"https:\/\/bodegaoutdoor.cl\/store\/wp-content\/uploads\/2020\/07\/5217-wvrcc1.jpg\" alt=\"Deportes al aire libre t\u00e1cticos guantes sin dedos Airsoft militar ej\u00e9rcito tiro ciclismo senderismo caza escalada ciclismo medio dedo hombres\" \/><img decoding=\"async\" title=\"Deportes al aire libre t\u00e1cticos guantes sin dedos Airsoft militar ej\u00e9rcito tiro ciclismo senderismo caza escalada ciclismo medio dedo hombres\" src=\"https:\/\/bodegaoutdoor.cl\/store\/wp-content\/uploads\/2020\/07\/5217-ooo6d3.jpg\" alt=\"Deportes al aire libre t\u00e1cticos guantes sin dedos Airsoft militar ej\u00e9rcito tiro ciclismo senderismo caza escalada ciclismo medio dedo hombres\" \/><img decoding=\"async\" title=\"Deportes al aire libre t\u00e1cticos guantes sin dedos Airsoft militar ej\u00e9rcito tiro ciclismo senderismo caza escalada ciclismo medio dedo hombres\" src=\"https:\/\/bodegaoutdoor.cl\/store\/wp-content\/uploads\/2020\/07\/5217-stdkny.jpg\" alt=\"Deportes al aire libre t\u00e1cticos guantes sin dedos Airsoft militar ej\u00e9rcito tiro ciclismo senderismo caza escalada ciclismo medio dedo hombres\" \/><img decoding=\"async\" title=\"Deportes al aire libre t\u00e1cticos guantes sin dedos Airsoft militar ej\u00e9rcito tiro ciclismo senderismo caza escalada ciclismo medio dedo hombres\" src=\"https:\/\/bodegaoutdoor.cl\/store\/wp-content\/uploads\/2020\/07\/5217-1h4l4q.jpg\" alt=\"Deportes al aire libre t\u00e1cticos guantes sin dedos Airsoft militar ej\u00e9rcito tiro ciclismo senderismo caza escalada ciclismo medio dedo hombres\" \/><img decoding=\"async\" title=\"Deportes al aire libre t\u00e1cticos guantes sin dedos Airsoft militar ej\u00e9rcito tiro ciclismo senderismo caza escalada ciclismo medio dedo hombres\" src=\"https:\/\/bodegaoutdoor.cl\/store\/wp-content\/uploads\/2020\/07\/5217-3q7bi3.jpg\" alt=\"Deportes al aire libre t\u00e1cticos guantes sin dedos Airsoft militar ej\u00e9rcito tiro ciclismo senderismo caza escalada ciclismo medio dedo hombres\" \/><img decoding=\"async\" title=\"Deportes al aire libre t\u00e1cticos guantes sin dedos Airsoft militar ej\u00e9rcito tiro ciclismo senderismo caza escalada ciclismo medio dedo hombres\" src=\"https:\/\/bodegaoutdoor.cl\/store\/wp-content\/uploads\/2020\/07\/5217-uxctkl.jpg\" alt=\"Deportes al aire libre t\u00e1cticos guantes sin dedos Airsoft militar ej\u00e9rcito tiro ciclismo senderismo caza escalada ciclismo medio dedo hombres\" \/><img decoding=\"async\" title=\"Deportes al aire libre t\u00e1cticos guantes sin dedos Airsoft militar ej\u00e9rcito tiro ciclismo senderismo caza escalada ciclismo medio dedo hombres\" src=\"https:\/\/bodegaoutdoor.cl\/store\/wp-content\/uploads\/2020\/07\/5217-bteuyu.jpg\" alt=\"Deportes al aire libre t\u00e1cticos guantes sin dedos Airsoft militar ej\u00e9rcito tiro ciclismo senderismo caza escalada ciclismo medio dedo hombres\" \/><img decoding=\"async\" title=\"Deportes al aire libre t\u00e1cticos guantes sin dedos Airsoft militar ej\u00e9rcito tiro ciclismo senderismo caza escalada ciclismo medio dedo hombres\" src=\"https:\/\/bodegaoutdoor.cl\/store\/wp-content\/uploads\/2020\/07\/5217-lc6uue.jpg\" alt=\"Deportes al aire libre t\u00e1cticos guantes sin dedos Airsoft militar ej\u00e9rcito tiro ciclismo senderismo caza escalada ciclismo medio dedo hombres\" \/><img decoding=\"async\" title=\"Deportes al aire libre t\u00e1cticos guantes sin dedos Airsoft militar ej\u00e9rcito tiro ciclismo senderismo caza escalada ciclismo medio dedo hombres\" src=\"https:\/\/bodegaoutdoor.cl\/store\/wp-content\/uploads\/2020\/07\/5217-qb5muw.jpg\" alt=\"Deportes al aire libre t\u00e1cticos guantes sin dedos Airsoft militar ej\u00e9rcito tiro ciclismo senderismo caza escalada ciclismo medio dedo hombres\" \/><img decoding=\"async\" title=\"Deportes al aire libre t\u00e1cticos guantes sin dedos Airsoft militar ej\u00e9rcito tiro ciclismo senderismo caza escalada ciclismo medio dedo hombres\" src=\"https:\/\/bodegaoutdoor.cl\/store\/wp-content\/uploads\/2020\/07\/5217-lm6zu3.jpg\" alt=\"Deportes al aire libre t\u00e1cticos guantes sin dedos Airsoft militar ej\u00e9rcito tiro ciclismo senderismo caza escalada ciclismo medio dedo hombres\" \/><img decoding=\"async\" title=\"Deportes al aire libre t\u00e1cticos guantes sin dedos Airsoft militar ej\u00e9rcito tiro ciclismo senderismo caza escalada ciclismo medio dedo hombres\" src=\"https:\/\/bodegaoutdoor.cl\/store\/wp-content\/uploads\/2020\/07\/5217-at37dc.jpg\" alt=\"Deportes al aire libre t\u00e1cticos guantes sin dedos Airsoft militar ej\u00e9rcito tiro ciclismo senderismo caza escalada ciclismo medio dedo hombres\" \/><img decoding=\"async\" title=\"Deportes al aire libre t\u00e1cticos guantes sin dedos Airsoft militar ej\u00e9rcito tiro ciclismo senderismo caza escalada ciclismo medio dedo hombres\" src=\"https:\/\/bodegaoutdoor.cl\/store\/wp-content\/uploads\/2020\/07\/5217-s2yhbh.jpg\" alt=\"Deportes al aire libre t\u00e1cticos guantes sin dedos Airsoft militar ej\u00e9rcito tiro ciclismo senderismo caza escalada ciclismo medio dedo hombres\" \/><\/p>\n<\/div>\n<\/div>\n<\/div>\n\n    <div class=\"xs_social_share_widget xs_share_url after_content \t\tmain_content  wslu-style-1 wslu-share-box-shaped wslu-fill-colored wslu-none wslu-share-horizontal wslu-theme-font-no wslu-main_content\">\n\n\t\t\n        <ul>\n\t\t\t        <\/ul>\n    <\/div> \n","protected":false},"excerpt":{"rendered":"<p>GUMAO Dise\u00f1o profesional t\u00e1ctico guantes Caracter\u00edsticas: utiliza tela de microfibra de alta calidad, puede pulir los nudillos de goma. Panel de refuerzo una palma proporciona mayor durabilidad. Proporciona una protecci\u00f3n completa adecuada para cualquier ocasi\u00f3n, como guantes t\u00e1cticos, guantes militares, guantes de caza, guantes de motocicleta, guantes de conducci\u00f3n, guantes de trabajo, etc. Detalles del [&hellip;]<\/p>\n","protected":false},"featured_media":5243,"comment_status":"open","ping_status":"closed","template":"","meta":{"jetpack_publicize_message":"","jetpack_publicize_feature_enabled":true,"jetpack_social_post_already_shared":true,"jetpack_social_options":{"image_generator_settings":{"template":"highway","enabled":false},"version":2}},"product_brand":[],"product_cat":[15,487,1295,490],"product_tag":[481],"class_list":{"0":"post-5217","1":"product","2":"type-product","3":"status-publish","4":"has-post-thumbnail","6":"product_cat-otros","7":"product_cat-airsoft","8":"product_cat-ciclismo","9":"product_cat-guantes","10":"product_tag-outdoor","12":"first","13":"instock","14":"sale","15":"taxable","16":"shipping-taxable","17":"purchasable","18":"product-type-variable"},"jetpack_publicize_connections":[],"jetpack_sharing_enabled":true,"_links":{"self":[{"href":"https:\/\/bodegaoutdoor.cl\/store\/wp-json\/wp\/v2\/product\/5217","targetHints":{"allow":["GET"]}}],"collection":[{"href":"https:\/\/bodegaoutdoor.cl\/store\/wp-json\/wp\/v2\/product"}],"about":[{"href":"https:\/\/bodegaoutdoor.cl\/store\/wp-json\/wp\/v2\/types\/product"}],"replies":[{"embeddable":true,"href":"https:\/\/bodegaoutdoor.cl\/store\/wp-json\/wp\/v2\/comments?post=5217"}],"version-history":[{"count":2,"href":"https:\/\/bodegaoutdoor.cl\/store\/wp-json\/wp\/v2\/product\/5217\/revisions"}],"predecessor-version":[{"id":71357,"href":"https:\/\/bodegaoutdoor.cl\/store\/wp-json\/wp\/v2\/product\/5217\/revisions\/71357"}],"wp:featuredmedia":[{"embeddable":true,"href":"https:\/\/bodegaoutdoor.cl\/store\/wp-json\/wp\/v2\/media\/5243"}],"wp:attachment":[{"href":"https:\/\/bodegaoutdoor.cl\/store\/wp-json\/wp\/v2\/media?parent=5217"}],"wp:term":[{"taxonomy":"product_brand","embeddable":true,"href":"https:\/\/bodegaoutdoor.cl\/store\/wp-json\/wp\/v2\/product_brand?post=5217"},{"taxonomy":"product_cat","embeddable":true,"href":"https:\/\/bodegaoutdoor.cl\/store\/wp-json\/wp\/v2\/product_cat?post=5217"},{"taxonomy":"product_tag","embeddable":true,"href":"https:\/\/bodegaoutdoor.cl\/store\/wp-json\/wp\/v2\/product_tag?post=5217"}],"curies":[{"name":"wp","href":"https:\/\/api.w.org\/{rel}","templated":true}]}}