{"id":53723,"date":"2022-01-23T21:48:15","date_gmt":"2022-01-24T00:48:15","guid":{"rendered":"https:\/\/bodegaoutdoor.cl\/store\/product\/botas-de-senderismo-de-alta-calidad-para-hombre-zapatos-deportivos-para-exteriores-de-montana-y-escalada-novedad-otono-e-invierno\/"},"modified":"2023-05-04T19:18:48","modified_gmt":"2023-05-04T23:18:48","slug":"botas-de-alta-calidad-para-hombre-zapatos-deportivos-de-montana-y-escalada-cordura","status":"publish","type":"product","link":"https:\/\/bodegaoutdoor.cl\/store\/product\/botas-de-alta-calidad-para-hombre-zapatos-deportivos-de-montana-y-escalada-cordura\/","title":{"rendered":"Botas de alta calidad para hombre, zapatos deportivos de monta\u00f1a y escalada, cordura"},"content":{"rendered":"<div>\n<div>\n<p>&nbsp;<\/p>\n<p><img decoding=\"async\" title=\"Botas de senderismo de alta calidad para hombre, zapatos deportivos para exteriores, de monta\u00f1a y escalada, novedad, Oto\u00f1o e Invierno\" src=\"https:\/\/bodegaoutdoor.cl\/store\/wp-content\/uploads\/2022\/01\/53723-wwvpiw.jpg\" alt=\"Botas de senderismo de alta calidad para hombre, zapatos deportivos para exteriores, de monta\u00f1a y escalada, novedad, Oto\u00f1o e Invierno\" \/><\/p>\n<div><span style=\"font-size: 18px;\">Consejos:<\/span><\/div>\n<div><span style=\"font-size: 18px;\">1. El &#8220;CHN&#8221; en la etiqueta de tama\u00f1o significa el tama\u00f1o chino,<\/span><\/div>\n<div><span style=\"font-size: 18px;\">No es la longitud de los zapatos o la plantilla.<\/span><\/div>\n<div><span style=\"font-size: 18px;\">2. Medici\u00f3n Manual, puede haber algunos errores.<\/span><\/div>\n<div><span style=\"font-size: 18px;\">3. Si tiene un pie ancho de lo habitual, elija una talla m\u00e1s grande.<\/span><\/div>\n<div><span style=\"font-size: 18px;\">4. Cualquier problema con el tama\u00f1o, por favor d\u00edganos antes de realizar el pedido.<\/span><\/div>\n<div><\/div>\n<p><img decoding=\"async\" title=\"Botas de senderismo de alta calidad para hombre, zapatos deportivos para exteriores, de monta\u00f1a y escalada, novedad, Oto\u00f1o e Invierno\" src=\"https:\/\/bodegaoutdoor.cl\/store\/wp-content\/uploads\/2022\/01\/53723-pwxiic.jpg\" alt=\"Botas de senderismo de alta calidad para hombre, zapatos deportivos para exteriores, de monta\u00f1a y escalada, novedad, Oto\u00f1o e Invierno\" \/><\/p>\n<p><img decoding=\"async\" title=\"Botas de senderismo de alta calidad para hombre, zapatos deportivos para exteriores, de monta\u00f1a y escalada, novedad, Oto\u00f1o e Invierno\" src=\"https:\/\/bodegaoutdoor.cl\/store\/wp-content\/uploads\/2022\/01\/53723-rqb9su.jpg\" alt=\"Botas de senderismo de alta calidad para hombre, zapatos deportivos para exteriores, de monta\u00f1a y escalada, novedad, Oto\u00f1o e Invierno\" \/><img decoding=\"async\" title=\"Botas de senderismo de alta calidad para hombre, zapatos deportivos para exteriores, de monta\u00f1a y escalada, novedad, Oto\u00f1o e Invierno\" src=\"https:\/\/bodegaoutdoor.cl\/store\/wp-content\/uploads\/2022\/01\/53723-b2jkvz.jpg\" alt=\"Botas de senderismo de alta calidad para hombre, zapatos deportivos para exteriores, de monta\u00f1a y escalada, novedad, Oto\u00f1o e Invierno\" \/><img decoding=\"async\" title=\"Botas de senderismo de alta calidad para hombre, zapatos deportivos para exteriores, de monta\u00f1a y escalada, novedad, Oto\u00f1o e Invierno\" src=\"https:\/\/bodegaoutdoor.cl\/store\/wp-content\/uploads\/2022\/01\/53723-y4dzrc.jpg\" alt=\"Botas de senderismo de alta calidad para hombre, zapatos deportivos para exteriores, de monta\u00f1a y escalada, novedad, Oto\u00f1o e Invierno\" \/><img decoding=\"async\" title=\"Botas de senderismo de alta calidad para hombre, zapatos deportivos para exteriores, de monta\u00f1a y escalada, novedad, Oto\u00f1o e Invierno\" src=\"https:\/\/bodegaoutdoor.cl\/store\/wp-content\/uploads\/2022\/01\/53723-735ovf.jpg\" alt=\"Botas de senderismo de alta calidad para hombre, zapatos deportivos para exteriores, de monta\u00f1a y escalada, novedad, Oto\u00f1o e Invierno\" \/><img decoding=\"async\" title=\"Botas de senderismo de alta calidad para hombre, zapatos deportivos para exteriores, de monta\u00f1a y escalada, novedad, Oto\u00f1o e Invierno\" src=\"https:\/\/bodegaoutdoor.cl\/store\/wp-content\/uploads\/2022\/01\/53723-pfx4hx.jpg\" alt=\"Botas de senderismo de alta calidad para hombre, zapatos deportivos para exteriores, de monta\u00f1a y escalada, novedad, Oto\u00f1o e Invierno\" \/><img decoding=\"async\" title=\"Botas de senderismo de alta calidad para hombre, zapatos deportivos para exteriores, de monta\u00f1a y escalada, novedad, Oto\u00f1o e Invierno\" src=\"https:\/\/bodegaoutdoor.cl\/store\/wp-content\/uploads\/2022\/01\/53723-ty69mt.jpg\" alt=\"Botas de senderismo de alta calidad para hombre, zapatos deportivos para exteriores, de monta\u00f1a y escalada, novedad, Oto\u00f1o e Invierno\" \/><img decoding=\"async\" title=\"Botas de senderismo de alta calidad para hombre, zapatos deportivos para exteriores, de monta\u00f1a y escalada, novedad, Oto\u00f1o e Invierno\" src=\"https:\/\/bodegaoutdoor.cl\/store\/wp-content\/uploads\/2022\/01\/53723-ifnf2k.jpg\" alt=\"Botas de senderismo de alta calidad para hombre, zapatos deportivos para exteriores, de monta\u00f1a y escalada, novedad, Oto\u00f1o e Invierno\" \/><img decoding=\"async\" title=\"Botas de senderismo de alta calidad para hombre, zapatos deportivos para exteriores, de monta\u00f1a y escalada, novedad, Oto\u00f1o e Invierno\" src=\"https:\/\/bodegaoutdoor.cl\/store\/wp-content\/uploads\/2022\/01\/53723-xphmgk.jpg\" alt=\"Botas de senderismo de alta calidad para hombre, zapatos deportivos para exteriores, de monta\u00f1a y escalada, novedad, Oto\u00f1o e Invierno\" \/><img decoding=\"async\" title=\"Botas de senderismo de alta calidad para hombre, zapatos deportivos para exteriores, de monta\u00f1a y escalada, novedad, Oto\u00f1o e Invierno\" src=\"https:\/\/bodegaoutdoor.cl\/store\/wp-content\/uploads\/2022\/01\/53723-esckj7.jpg\" alt=\"Botas de senderismo de alta calidad para hombre, zapatos deportivos para exteriores, de monta\u00f1a y escalada, novedad, Oto\u00f1o e Invierno\" \/><img decoding=\"async\" title=\"Botas de senderismo de alta calidad para hombre, zapatos deportivos para exteriores, de monta\u00f1a y escalada, novedad, Oto\u00f1o e Invierno\" src=\"https:\/\/bodegaoutdoor.cl\/store\/wp-content\/uploads\/2022\/01\/53723-lwzcvh.jpg\" alt=\"Botas de senderismo de alta calidad para hombre, zapatos deportivos para exteriores, de monta\u00f1a y escalada, novedad, Oto\u00f1o e Invierno\" \/><img decoding=\"async\" title=\"Botas de senderismo de alta calidad para hombre, zapatos deportivos para exteriores, de monta\u00f1a y escalada, novedad, Oto\u00f1o e Invierno\" src=\"https:\/\/bodegaoutdoor.cl\/store\/wp-content\/uploads\/2022\/01\/53723-yh7h2g.jpg\" alt=\"Botas de senderismo de alta calidad para hombre, zapatos deportivos para exteriores, de monta\u00f1a y escalada, novedad, Oto\u00f1o e Invierno\" \/><img decoding=\"async\" title=\"Botas de senderismo de alta calidad para hombre, zapatos deportivos para exteriores, de monta\u00f1a y escalada, novedad, Oto\u00f1o e Invierno\" src=\"https:\/\/bodegaoutdoor.cl\/store\/wp-content\/uploads\/2022\/01\/53723-w4qdrl.jpg\" alt=\"Botas de senderismo de alta calidad para hombre, zapatos deportivos para exteriores, de monta\u00f1a y escalada, novedad, Oto\u00f1o e Invierno\" \/><img decoding=\"async\" title=\"Botas de senderismo de alta calidad para hombre, zapatos deportivos para exteriores, de monta\u00f1a y escalada, novedad, Oto\u00f1o e Invierno\" src=\"https:\/\/bodegaoutdoor.cl\/store\/wp-content\/uploads\/2022\/01\/53723-oqj4ci.jpg\" alt=\"Botas de senderismo de alta calidad para hombre, zapatos deportivos para exteriores, de monta\u00f1a y escalada, novedad, Oto\u00f1o e Invierno\" \/><img decoding=\"async\" title=\"Botas de senderismo de alta calidad para hombre, zapatos deportivos para exteriores, de monta\u00f1a y escalada, novedad, Oto\u00f1o e Invierno\" src=\"https:\/\/bodegaoutdoor.cl\/store\/wp-content\/uploads\/2022\/01\/53723-xllboa.jpg\" alt=\"Botas de senderismo de alta calidad para hombre, zapatos deportivos para exteriores, de monta\u00f1a y escalada, novedad, Oto\u00f1o e Invierno\" \/><img decoding=\"async\" title=\"Botas de senderismo de alta calidad para hombre, zapatos deportivos para exteriores, de monta\u00f1a y escalada, novedad, Oto\u00f1o e Invierno\" src=\"https:\/\/bodegaoutdoor.cl\/store\/wp-content\/uploads\/2022\/01\/53723-atnblt.jpg\" alt=\"Botas de senderismo de alta calidad para hombre, zapatos deportivos para exteriores, de monta\u00f1a y escalada, novedad, Oto\u00f1o e Invierno\" \/><img decoding=\"async\" title=\"Botas de senderismo de alta calidad para hombre, zapatos deportivos para exteriores, de monta\u00f1a y escalada, novedad, Oto\u00f1o e Invierno\" src=\"https:\/\/bodegaoutdoor.cl\/store\/wp-content\/uploads\/2022\/01\/53723-s2tln9.jpg\" alt=\"Botas de senderismo de alta calidad para hombre, zapatos deportivos para exteriores, de monta\u00f1a y escalada, novedad, Oto\u00f1o e Invierno\" \/><img decoding=\"async\" title=\"Botas de senderismo de alta calidad para hombre, zapatos deportivos para exteriores, de monta\u00f1a y escalada, novedad, Oto\u00f1o e Invierno\" src=\"https:\/\/bodegaoutdoor.cl\/store\/wp-content\/uploads\/2022\/01\/53723-f4mkk4.jpg\" alt=\"Botas de senderismo de alta calidad para hombre, zapatos deportivos para exteriores, de monta\u00f1a y escalada, novedad, Oto\u00f1o e Invierno\" \/><img decoding=\"async\" title=\"Botas de senderismo de alta calidad para hombre, zapatos deportivos para exteriores, de monta\u00f1a y escalada, novedad, Oto\u00f1o e Invierno\" src=\"https:\/\/bodegaoutdoor.cl\/store\/wp-content\/uploads\/2022\/01\/53723-qv1xcy.jpg\" alt=\"Botas de senderismo de alta calidad para hombre, zapatos deportivos para exteriores, de monta\u00f1a y escalada, novedad, Oto\u00f1o e Invierno\" \/><img decoding=\"async\" title=\"Botas de senderismo de alta calidad para hombre, zapatos deportivos para exteriores, de monta\u00f1a y escalada, novedad, Oto\u00f1o e Invierno\" src=\"https:\/\/bodegaoutdoor.cl\/store\/wp-content\/uploads\/2022\/01\/53723-nmq3zo.jpg\" alt=\"Botas de senderismo de alta calidad para hombre, zapatos deportivos para exteriores, de monta\u00f1a y escalada, novedad, Oto\u00f1o e Invierno\" \/><\/p>\n<\/div>\n<\/div>\n\n    <div class=\"xs_social_share_widget xs_share_url after_content \t\tmain_content  wslu-style-1 wslu-share-box-shaped wslu-fill-colored wslu-none wslu-share-horizontal wslu-theme-font-no wslu-main_content\">\n\n\t\t\n        <ul>\n\t\t\t        <\/ul>\n    <\/div> \n","protected":false},"excerpt":{"rendered":"<p>&nbsp; Consejos: 1. El &#8220;CHN&#8221; en la etiqueta de tama\u00f1o significa el tama\u00f1o chino, No es la longitud de los zapatos o la plantilla. 2. Medici\u00f3n Manual, puede haber algunos errores. 3. Si tiene un pie ancho de lo habitual, elija una talla m\u00e1s grande. 4. Cualquier problema con el tama\u00f1o, por favor d\u00edganos antes [&hellip;]<\/p>\n","protected":false},"featured_media":53745,"comment_status":"open","ping_status":"closed","template":"","meta":{"jetpack_publicize_message":"","jetpack_publicize_feature_enabled":true,"jetpack_social_post_already_shared":true,"jetpack_social_options":{"image_generator_settings":{"template":"highway","enabled":false},"version":2}},"product_brand":[],"product_cat":[41],"product_tag":[156,3257,481,2044,909],"class_list":{"0":"post-53723","1":"product","2":"type-product","3":"status-publish","4":"has-post-thumbnail","6":"product_cat-calzado","7":"product_tag-calzado","8":"product_tag-cordura","9":"product_tag-outdoor","10":"product_tag-tactico","11":"product_tag-trekking","13":"first","14":"instock","15":"taxable","16":"shipping-taxable","17":"purchasable","18":"product-type-variable"},"jetpack_publicize_connections":[],"jetpack_sharing_enabled":true,"_links":{"self":[{"href":"https:\/\/bodegaoutdoor.cl\/store\/wp-json\/wp\/v2\/product\/53723","targetHints":{"allow":["GET"]}}],"collection":[{"href":"https:\/\/bodegaoutdoor.cl\/store\/wp-json\/wp\/v2\/product"}],"about":[{"href":"https:\/\/bodegaoutdoor.cl\/store\/wp-json\/wp\/v2\/types\/product"}],"replies":[{"embeddable":true,"href":"https:\/\/bodegaoutdoor.cl\/store\/wp-json\/wp\/v2\/comments?post=53723"}],"version-history":[{"count":2,"href":"https:\/\/bodegaoutdoor.cl\/store\/wp-json\/wp\/v2\/product\/53723\/revisions"}],"predecessor-version":[{"id":70948,"href":"https:\/\/bodegaoutdoor.cl\/store\/wp-json\/wp\/v2\/product\/53723\/revisions\/70948"}],"wp:featuredmedia":[{"embeddable":true,"href":"https:\/\/bodegaoutdoor.cl\/store\/wp-json\/wp\/v2\/media\/53745"}],"wp:attachment":[{"href":"https:\/\/bodegaoutdoor.cl\/store\/wp-json\/wp\/v2\/media?parent=53723"}],"wp:term":[{"taxonomy":"product_brand","embeddable":true,"href":"https:\/\/bodegaoutdoor.cl\/store\/wp-json\/wp\/v2\/product_brand?post=53723"},{"taxonomy":"product_cat","embeddable":true,"href":"https:\/\/bodegaoutdoor.cl\/store\/wp-json\/wp\/v2\/product_cat?post=53723"},{"taxonomy":"product_tag","embeddable":true,"href":"https:\/\/bodegaoutdoor.cl\/store\/wp-json\/wp\/v2\/product_tag?post=53723"}],"curies":[{"name":"wp","href":"https:\/\/api.w.org\/{rel}","templated":true}]}}