{"id":54729,"date":"2022-05-03T10:29:43","date_gmt":"2022-05-03T14:29:43","guid":{"rendered":"https:\/\/bodegaoutdoor.cl\/store\/product\/pvs-14-tactico-de-fabrica-mira-de-vision-nocturna-con-adaptador-de-montaje-de-rhino-para-casco-de-caza-dragon-tactico-e-t-1-juego\/"},"modified":"2026-01-22T22:10:54","modified_gmt":"2026-01-23T01:10:54","slug":"pvs-14-tactico-de-fabrica-mira-de-vision-nocturna-con-adaptador-de-montaje-de-rhino-para-casco-de-caza-dragon-tactico-e-t-1-juego","status":"publish","type":"product","link":"https:\/\/bodegaoutdoor.cl\/store\/product\/pvs-14-tactico-de-fabrica-mira-de-vision-nocturna-con-adaptador-de-montaje-de-rhino-para-casco-de-caza-dragon-tactico-e-t-1-juego\/","title":{"rendered":"PVS-14 t\u00e1ctico de f\u00e1brica, mira de visi\u00f3n nocturna con adaptador de montaje de rhino para casco de caza, drag\u00f3n t\u00e1ctico, E.T, 1 Juego"},"content":{"rendered":"<div style=\"font-family: arial; text-align: center;\" align=\"center\"><\/div>\n<div style=\"font-family: arial; text-align: center;\" align=\"center\"><video style=\"max-width: 100%;\" src=\"\/\/cloud.video.taobao.com\/play\/u\/1671986129\/p\/1\/e\/6\/t\/10301\/282550417730.mp4\" poster=\"https:\/\/ae01.alicdn.com\/kf\/HTB1X5xxdBUSMeJjSszcq6znwVXa3\/Eagleeye-New-Updated-PVS-14-IR-Helmet-Attachable-Night-Vision-Scope-For-Hunting-Wargame-HS27-0008.jpg,https:\/\/ae01.alicdn.com\/kf\/HTB1zOq0fRcHL1JjSZJiq6AKcpXaK\/Eagleeye-New-Updated-PVS-14-IR-Helmet-Attachable-Night-Vision-Scope-For-Hunting-Wargame-HS27-0008.jpg,https:\/\/ae01.alicdn.com\/kf\/HTB1vCjwfKkJL1JjSZFmq6Aw0XXa5\/Eagleeye-New-Updated-PVS-14-IR-Helmet-Attachable-Night-Vision-Scope-For-Hunting-Wargame-HS27-0008.jpg,https:\/\/ae01.alicdn.com\/kf\/HTB15.EnXaagSKJjy0Fbq6y.mVXad\/Eagleeye-New-Updated-PVS-14-IR-Helmet-Attachable-Night-Vision-Scope-For-Hunting-Wargame-HS27-0008.jpg,https:\/\/ae01.alicdn.com\/kf\/HTB1m3lGdBUSMeJjy1zdq6yR3FXaE\/Eagleeye-New-Updated-PVS-14-IR-Helmet-Attachable-Night-Vision-Scope-For-Hunting-Wargame-HS27-0008.jpg\" preload=\"auto\" controls=\"controls\" width=\"100%\" height=\"100%\"><\/video><\/div>\n<div style=\"font-family: arial; text-align: center;\" align=\"center\"><\/div>\n<div style=\"font-family: arial; text-align: center;\" align=\"center\"><\/div>\n<div style=\"font-family: arial; text-align: center;\" align=\"center\"><\/div>\n<div style=\"font-family: arial; text-align: center;\" align=\"center\"><\/div>\n<div style=\"font-family: arial; text-align: center;\" align=\"center\"><\/div>\n<div style=\"font-family: arial; text-align: center;\" align=\"center\"><\/div>\n<div style=\"font-family: arial; text-align: center;\" align=\"center\"><\/div>\n<div style=\"font-family: arial; text-align: center;\" align=\"center\"><\/div>\n<div style=\"font-family: arial; text-align: center;\" align=\"center\"><img decoding=\"async\" title=\"PVS-14 t\u00e1ctico de f\u00e1brica, mira de visi\u00f3n nocturna con adaptador de montaje de rhino para casco de caza, drag\u00f3n t\u00e1ctico, E.T, 1 Juego\" src=\"https:\/\/bodegaoutdoor.cl\/store\/wp-content\/uploads\/2022\/05\/54729-0d8evi.jpg\" alt=\"PVS-14 t\u00e1ctico de f\u00e1brica, mira de visi\u00f3n nocturna con adaptador de montaje de rhino para casco de caza, drag\u00f3n t\u00e1ctico, E.T, 1 Juego\" width=\"950\" height=\"40\" \/><\/div>\n<div style=\"font-family: arial;\"><\/div>\n<div style=\"font-family: arial;\"><\/div>\n<div style=\"font-family: arial; text-align: center;\" align=\"center\"><strong><span style=\"font-size: 24px;\">PVS-14 visi\u00f3n nocturna t\u00e1ctica de f\u00e1brica + E.T Dragon tacical casco rhino montaje casco Adaptador 1 Juego<\/span><\/strong><\/div>\n<p>&nbsp;<\/p>\n<p><span style=\"font-size: 22px; font-family: arial;\"><strong>PVS-14 Monocular multiusos de visi\u00f3n nocturna\/visi\u00f3n nocturna PVS-14 Monocular de especificaci\u00f3n militar cerrada autom\u00e1tica<\/strong><\/span><\/p>\n<div style=\"font-family: arial;\"><\/div>\n<div style=\"font-family: arial;\"><span style=\"font-size: 22px;\"><strong>La visi\u00f3n nocturna es un instrumento electr\u00f3nico de precisi\u00f3n Utilizado para observar el objetivo en la noche y el crep\u00fasculo.<\/strong><\/span><\/div>\n<div style=\"font-family: arial;\"><span style=\"font-size: 22px;\"><strong>Para cumplir con una intensidad de luz muy baja, visi\u00f3n nocturna con fuente de luz de irradiaci\u00f3n infrarroja, encienda el interruptor de encendido, puede ajustar su brillo cambiando.<\/strong><\/span><\/div>\n<div style=\"font-family: arial;\"><span style=\"font-size: 22px;\"><strong>OP-168 es un d\u00eda y noche de visi\u00f3n nocturna viene con infrarrojo la fuente de luz irradiada.<\/strong><\/span><\/div>\n<div style=\"font-family: arial;\"><span style=\"font-size: 22px;\"><strong>Bajo luz brillante y tenue muestra lagas de color mientras que la imagen en blanco y negro en la oscuridad.<\/strong><\/span><\/div>\n<div style=\"font-family: arial;\"><span style=\"font-size: 22px;\"><strong>OP-168 propio dispositivo de fuente de luz de irradiaci\u00f3n infrarroja, de acuerdo con el uso de condiciones ambientales puede ser forzado a abrir o cerrar, y puede, seg\u00fan la regulaci\u00f3n manual del brillo de la luz del entorno para necesitar las mejores condiciones.<\/strong><\/span><\/div>\n<div style=\"font-family: arial;\"><span style=\"font-size: 22px;\"><strong>Dise\u00f1o de patente de OP-168 &#8220;un paso de llave&#8221;, un interruptor para usar muy simple, conveniente, gira suavemente, puede abrir las gafas de visi\u00f3n nocturna, rotaci\u00f3n lenta, f\u00e1cil de ajustar el dispositivo de fuente de luz de radiaci\u00f3n.<\/strong><\/span><\/div>\n<div style=\"font-family: arial;\"><\/div>\n<div style=\"font-family: arial;\"><span style=\"font-size: 22px;\"><strong>Aumento: 2X<\/strong><\/span><\/div>\n<div style=\"font-family: arial;\"><span style=\"font-size: 22px;\"><strong>Objetivo: 28mm<\/strong><\/span><\/div>\n<div style=\"font-family: arial;\"><span style=\"font-size: 22px;\"><strong>Campo de visi\u00f3n: 6,4 \u00b0C<\/strong><\/span><\/div>\n<div style=\"font-family: arial;\"><span style=\"font-size: 22px;\"><strong>Di\u00e1metro de la pupila de salida: 14mm<\/strong><\/span><\/div>\n<div style=\"font-family: arial;\"><span style=\"font-size: 22px;\"><strong>Distancia de los ojos: 15mm<\/strong><\/span><\/div>\n<div style=\"font-family: arial;\"><span style=\"font-size: 22px;\"><strong>Rango de regulaci\u00f3n de eficiencia: \u00b1 5 \u00b0C<\/strong><\/span><\/div>\n<div style=\"font-family: arial;\"><span style=\"font-size: 22px;\"><strong>Distancia m\u00ednima de observaci\u00f3n: 0,8mm<\/strong><\/span><\/div>\n<div style=\"font-family: arial;\"><span style=\"font-size: 22px;\"><strong>En cuanto a la distancia de visi\u00f3n nocturna: &gt;200m<\/strong><\/span><\/div>\n<div style=\"font-family: arial;\"><span style=\"font-size: 22px;\"><strong>Sensor: 1\/4 &#8220;CMOS<\/strong><\/span><\/div>\n<div style=\"font-family: arial;\"><span style=\"font-size: 22px;\"><strong>Resoluci\u00f3n Horizontal: 420 l\u00edneas<\/strong><\/span><\/div>\n<div style=\"font-family: arial;\"><span style=\"font-size: 22px;\"><strong>Dispositivo de visualizaci\u00f3n: LED<\/strong><\/span><\/div>\n<div style=\"font-family: arial;\"><span style=\"font-size: 22px;\"><strong>Resoluci\u00f3n: 330&#215;224 p\u00edxeles<\/strong><\/span><\/div>\n<div style=\"font-family: arial;\"><span style=\"font-size: 22px;\"><strong>Dispositivo de iluminaci\u00f3n: 1R LED<\/strong><\/span><\/div>\n<div style=\"font-family: arial;\"><span style=\"font-size: 22px;\"><strong>Longitud de onda central: 850mm<\/strong><\/span><\/div>\n<div style=\"font-family: arial;\"><span style=\"font-size: 22px;\"><strong>Voltaje de funcionamiento: DV 3V<\/strong><\/span><\/div>\n<div style=\"font-family: arial;\"><span style=\"font-size: 22px;\"><strong>Potencia integrada: bater\u00eda AA<\/strong><\/span><\/div>\n<div style=\"font-family: arial;\"><span style=\"font-size: 22px;\"><strong>Resistencia de la bater\u00eda: 1,5\/2,5 h (1R Encendido\/1R apagado)<\/strong><\/span><\/div>\n<div style=\"font-family: arial;\"><span style=\"font-size: 22px;\"><strong>Interruptor: 1. Interruptor de encendido 2. Regulaci\u00f3n del brillo de la iluminaci\u00f3n integrada 3. Interruptor de iluminaci\u00f3n infrarroja forzado.<\/strong><\/span><\/div>\n<div style=\"font-family: arial;\"><span style=\"font-size: 22px;\"><strong>Peso: 260g (sin bater\u00eda) 310g (con bater\u00eda).<\/strong><\/span><\/div>\n<div style=\"font-family: arial;\"><span style=\"font-size: 22px;\"><strong>Atenci\u00f3n: todos nuestros art\u00edculos no incluyen bater\u00eda. Es solo para referencia.\u00a0<\/strong><\/span><\/div>\n<div style=\"font-family: arial;\"><\/div>\n<div style=\"font-family: arial;\"><img decoding=\"async\" title=\"PVS-14 t\u00e1ctico de f\u00e1brica, mira de visi\u00f3n nocturna con adaptador de montaje de rhino para casco de caza, drag\u00f3n t\u00e1ctico, E.T, 1 Juego\" src=\"https:\/\/bodegaoutdoor.cl\/store\/wp-content\/uploads\/2022\/05\/54729-d7djs7.jpg\" alt=\"PVS-14 t\u00e1ctico de f\u00e1brica, mira de visi\u00f3n nocturna con adaptador de montaje de rhino para casco de caza, drag\u00f3n t\u00e1ctico, E.T, 1 Juego\" \/><\/div>\n<div style=\"font-family: arial;\"><\/div>\n<div style=\"font-family: arial;\"><\/div>\n<h1 style=\"font-family: arial; text-align: center;\" align=\"center\">Certificado de patente<\/h1>\n<div style=\"font-family: arial;\"><\/div>\n<div style=\"font-family: arial;\"><img decoding=\"async\" title=\"PVS-14 t\u00e1ctico de f\u00e1brica, mira de visi\u00f3n nocturna con adaptador de montaje de rhino para casco de caza, drag\u00f3n t\u00e1ctico, E.T, 1 Juego\" src=\"https:\/\/bodegaoutdoor.cl\/store\/wp-content\/uploads\/2022\/05\/54729-6kdtvr.jpg\" alt=\"PVS-14 t\u00e1ctico de f\u00e1brica, mira de visi\u00f3n nocturna con adaptador de montaje de rhino para casco de caza, drag\u00f3n t\u00e1ctico, E.T, 1 Juego\" width=\"950\" height=\"40\" \/><\/div>\n<div style=\"font-family: arial;\"><\/div>\n<div style=\"font-family: arial;\"><\/div>\n<div style=\"font-family: arial;\"><\/div>\n<div style=\"font-family: arial; text-align: center;\" align=\"center\"><\/div>\n<div style=\"font-family: arial; text-align: center;\" align=\"center\"><\/div>\n<div style=\"font-family: arial; text-align: center;\" align=\"center\"><img decoding=\"async\" title=\"PVS-14 t\u00e1ctico de f\u00e1brica, mira de visi\u00f3n nocturna con adaptador de montaje de rhino para casco de caza, drag\u00f3n t\u00e1ctico, E.T, 1 Juego\" src=\"https:\/\/bodegaoutdoor.cl\/store\/wp-content\/uploads\/2022\/05\/54729-u04vh8.jpg\" alt=\"PVS-14 t\u00e1ctico de f\u00e1brica, mira de visi\u00f3n nocturna con adaptador de montaje de rhino para casco de caza, drag\u00f3n t\u00e1ctico, E.T, 1 Juego\" \/><img decoding=\"async\" title=\"PVS-14 t\u00e1ctico de f\u00e1brica, mira de visi\u00f3n nocturna con adaptador de montaje de rhino para casco de caza, drag\u00f3n t\u00e1ctico, E.T, 1 Juego\" src=\"https:\/\/bodegaoutdoor.cl\/store\/wp-content\/uploads\/2022\/05\/54729-e4t0yk.jpg\" alt=\"PVS-14 t\u00e1ctico de f\u00e1brica, mira de visi\u00f3n nocturna con adaptador de montaje de rhino para casco de caza, drag\u00f3n t\u00e1ctico, E.T, 1 Juego\" \/><img decoding=\"async\" title=\"PVS-14 t\u00e1ctico de f\u00e1brica, mira de visi\u00f3n nocturna con adaptador de montaje de rhino para casco de caza, drag\u00f3n t\u00e1ctico, E.T, 1 Juego\" src=\"https:\/\/bodegaoutdoor.cl\/store\/wp-content\/uploads\/2022\/05\/54729-vjedlo.jpg\" alt=\"PVS-14 t\u00e1ctico de f\u00e1brica, mira de visi\u00f3n nocturna con adaptador de montaje de rhino para casco de caza, drag\u00f3n t\u00e1ctico, E.T, 1 Juego\" \/><img decoding=\"async\" title=\"PVS-14 t\u00e1ctico de f\u00e1brica, mira de visi\u00f3n nocturna con adaptador de montaje de rhino para casco de caza, drag\u00f3n t\u00e1ctico, E.T, 1 Juego\" src=\"https:\/\/bodegaoutdoor.cl\/store\/wp-content\/uploads\/2022\/05\/54729-1tly5i.jpg\" alt=\"PVS-14 t\u00e1ctico de f\u00e1brica, mira de visi\u00f3n nocturna con adaptador de montaje de rhino para casco de caza, drag\u00f3n t\u00e1ctico, E.T, 1 Juego\" \/><img decoding=\"async\" title=\"PVS-14 t\u00e1ctico de f\u00e1brica, mira de visi\u00f3n nocturna con adaptador de montaje de rhino para casco de caza, drag\u00f3n t\u00e1ctico, E.T, 1 Juego\" src=\"https:\/\/bodegaoutdoor.cl\/store\/wp-content\/uploads\/2022\/05\/54729-fan9c2.jpg\" alt=\"PVS-14 t\u00e1ctico de f\u00e1brica, mira de visi\u00f3n nocturna con adaptador de montaje de rhino para casco de caza, drag\u00f3n t\u00e1ctico, E.T, 1 Juego\" \/><img decoding=\"async\" title=\"PVS-14 t\u00e1ctico de f\u00e1brica, mira de visi\u00f3n nocturna con adaptador de montaje de rhino para casco de caza, drag\u00f3n t\u00e1ctico, E.T, 1 Juego\" src=\"https:\/\/bodegaoutdoor.cl\/store\/wp-content\/uploads\/2022\/05\/54729-x6dqfh.jpg\" alt=\"PVS-14 t\u00e1ctico de f\u00e1brica, mira de visi\u00f3n nocturna con adaptador de montaje de rhino para casco de caza, drag\u00f3n t\u00e1ctico, E.T, 1 Juego\" \/><img decoding=\"async\" title=\"PVS-14 t\u00e1ctico de f\u00e1brica, mira de visi\u00f3n nocturna con adaptador de montaje de rhino para casco de caza, drag\u00f3n t\u00e1ctico, E.T, 1 Juego\" src=\"https:\/\/bodegaoutdoor.cl\/store\/wp-content\/uploads\/2022\/05\/54729-ytyttp.jpg\" alt=\"PVS-14 t\u00e1ctico de f\u00e1brica, mira de visi\u00f3n nocturna con adaptador de montaje de rhino para casco de caza, drag\u00f3n t\u00e1ctico, E.T, 1 Juego\" \/><img decoding=\"async\" title=\"PVS-14 t\u00e1ctico de f\u00e1brica, mira de visi\u00f3n nocturna con adaptador de montaje de rhino para casco de caza, drag\u00f3n t\u00e1ctico, E.T, 1 Juego\" src=\"https:\/\/bodegaoutdoor.cl\/store\/wp-content\/uploads\/2022\/05\/54729-4wlkws.jpg\" alt=\"PVS-14 t\u00e1ctico de f\u00e1brica, mira de visi\u00f3n nocturna con adaptador de montaje de rhino para casco de caza, drag\u00f3n t\u00e1ctico, E.T, 1 Juego\" \/><img decoding=\"async\" title=\"PVS-14 t\u00e1ctico de f\u00e1brica, mira de visi\u00f3n nocturna con adaptador de montaje de rhino para casco de caza, drag\u00f3n t\u00e1ctico, E.T, 1 Juego\" src=\"https:\/\/bodegaoutdoor.cl\/store\/wp-content\/uploads\/2022\/05\/54729-oylvex.jpg\" alt=\"PVS-14 t\u00e1ctico de f\u00e1brica, mira de visi\u00f3n nocturna con adaptador de montaje de rhino para casco de caza, drag\u00f3n t\u00e1ctico, E.T, 1 Juego\" \/><img decoding=\"async\" title=\"PVS-14 t\u00e1ctico de f\u00e1brica, mira de visi\u00f3n nocturna con adaptador de montaje de rhino para casco de caza, drag\u00f3n t\u00e1ctico, E.T, 1 Juego\" src=\"https:\/\/bodegaoutdoor.cl\/store\/wp-content\/uploads\/2022\/05\/54729-hoyv05.jpg\" alt=\"PVS-14 t\u00e1ctico de f\u00e1brica, mira de visi\u00f3n nocturna con adaptador de montaje de rhino para casco de caza, drag\u00f3n t\u00e1ctico, E.T, 1 Juego\" \/><img decoding=\"async\" title=\"PVS-14 t\u00e1ctico de f\u00e1brica, mira de visi\u00f3n nocturna con adaptador de montaje de rhino para casco de caza, drag\u00f3n t\u00e1ctico, E.T, 1 Juego\" src=\"https:\/\/bodegaoutdoor.cl\/store\/wp-content\/uploads\/2022\/05\/54729-futmrw.jpg\" alt=\"PVS-14 t\u00e1ctico de f\u00e1brica, mira de visi\u00f3n nocturna con adaptador de montaje de rhino para casco de caza, drag\u00f3n t\u00e1ctico, E.T, 1 Juego\" \/><img decoding=\"async\" title=\"PVS-14 t\u00e1ctico de f\u00e1brica, mira de visi\u00f3n nocturna con adaptador de montaje de rhino para casco de caza, drag\u00f3n t\u00e1ctico, E.T, 1 Juego\" src=\"https:\/\/bodegaoutdoor.cl\/store\/wp-content\/uploads\/2022\/05\/54729-sirkkb.jpg\" alt=\"PVS-14 t\u00e1ctico de f\u00e1brica, mira de visi\u00f3n nocturna con adaptador de montaje de rhino para casco de caza, drag\u00f3n t\u00e1ctico, E.T, 1 Juego\" \/><img decoding=\"async\" title=\"PVS-14 t\u00e1ctico de f\u00e1brica, mira de visi\u00f3n nocturna con adaptador de montaje de rhino para casco de caza, drag\u00f3n t\u00e1ctico, E.T, 1 Juego\" src=\"https:\/\/bodegaoutdoor.cl\/store\/wp-content\/uploads\/2022\/05\/54729-xratkt.jpg\" alt=\"PVS-14 t\u00e1ctico de f\u00e1brica, mira de visi\u00f3n nocturna con adaptador de montaje de rhino para casco de caza, drag\u00f3n t\u00e1ctico, E.T, 1 Juego\" \/><img decoding=\"async\" title=\"PVS-14 t\u00e1ctico de f\u00e1brica, mira de visi\u00f3n nocturna con adaptador de montaje de rhino para casco de caza, drag\u00f3n t\u00e1ctico, E.T, 1 Juego\" src=\"https:\/\/bodegaoutdoor.cl\/store\/wp-content\/uploads\/2022\/05\/54729-fqfoqy.jpg\" alt=\"PVS-14 t\u00e1ctico de f\u00e1brica, mira de visi\u00f3n nocturna con adaptador de montaje de rhino para casco de caza, drag\u00f3n t\u00e1ctico, E.T, 1 Juego\" \/><img decoding=\"async\" title=\"PVS-14 t\u00e1ctico de f\u00e1brica, mira de visi\u00f3n nocturna con adaptador de montaje de rhino para casco de caza, drag\u00f3n t\u00e1ctico, E.T, 1 Juego\" src=\"https:\/\/bodegaoutdoor.cl\/store\/wp-content\/uploads\/2022\/05\/54729-1fl6na.jpg\" alt=\"PVS-14 t\u00e1ctico de f\u00e1brica, mira de visi\u00f3n nocturna con adaptador de montaje de rhino para casco de caza, drag\u00f3n t\u00e1ctico, E.T, 1 Juego\" \/><img decoding=\"async\" title=\"PVS-14 t\u00e1ctico de f\u00e1brica, mira de visi\u00f3n nocturna con adaptador de montaje de rhino para casco de caza, drag\u00f3n t\u00e1ctico, E.T, 1 Juego\" src=\"https:\/\/bodegaoutdoor.cl\/store\/wp-content\/uploads\/2022\/05\/54729-zxhrt5.jpg\" alt=\"PVS-14 t\u00e1ctico de f\u00e1brica, mira de visi\u00f3n nocturna con adaptador de montaje de rhino para casco de caza, drag\u00f3n t\u00e1ctico, E.T, 1 Juego\" \/><img decoding=\"async\" title=\"PVS-14 t\u00e1ctico de f\u00e1brica, mira de visi\u00f3n nocturna con adaptador de montaje de rhino para casco de caza, drag\u00f3n t\u00e1ctico, E.T, 1 Juego\" src=\"https:\/\/bodegaoutdoor.cl\/store\/wp-content\/uploads\/2022\/05\/54729-vc5swd.jpg\" alt=\"PVS-14 t\u00e1ctico de f\u00e1brica, mira de visi\u00f3n nocturna con adaptador de montaje de rhino para casco de caza, drag\u00f3n t\u00e1ctico, E.T, 1 Juego\" \/><img decoding=\"async\" title=\"PVS-14 t\u00e1ctico de f\u00e1brica, mira de visi\u00f3n nocturna con adaptador de montaje de rhino para casco de caza, drag\u00f3n t\u00e1ctico, E.T, 1 Juego\" src=\"https:\/\/bodegaoutdoor.cl\/store\/wp-content\/uploads\/2022\/05\/54729-0lwejl.jpg\" alt=\"PVS-14 t\u00e1ctico de f\u00e1brica, mira de visi\u00f3n nocturna con adaptador de montaje de rhino para casco de caza, drag\u00f3n t\u00e1ctico, E.T, 1 Juego\" \/><img decoding=\"async\" title=\"PVS-14 t\u00e1ctico de f\u00e1brica, mira de visi\u00f3n nocturna con adaptador de montaje de rhino para casco de caza, drag\u00f3n t\u00e1ctico, E.T, 1 Juego\" src=\"https:\/\/bodegaoutdoor.cl\/store\/wp-content\/uploads\/2022\/05\/54729-bbakxs.jpg\" alt=\"PVS-14 t\u00e1ctico de f\u00e1brica, mira de visi\u00f3n nocturna con adaptador de montaje de rhino para casco de caza, drag\u00f3n t\u00e1ctico, E.T, 1 Juego\" \/><\/div>\n<div style=\"font-family: arial; text-align: center;\" align=\"center\"><\/div>\n<div style=\"font-family: arial; text-align: center;\" align=\"center\"><\/div>\n<div style=\"font-family: arial; text-align: center;\" align=\"center\"><\/div>\n<div style=\"font-family: arial; text-align: center;\" align=\"center\"><img decoding=\"async\" title=\"PVS-14 t\u00e1ctico de f\u00e1brica, mira de visi\u00f3n nocturna con adaptador de montaje de rhino para casco de caza, drag\u00f3n t\u00e1ctico, E.T, 1 Juego\" src=\"https:\/\/bodegaoutdoor.cl\/store\/wp-content\/uploads\/2022\/05\/54729-plluxg.jpg\" alt=\"PVS-14 t\u00e1ctico de f\u00e1brica, mira de visi\u00f3n nocturna con adaptador de montaje de rhino para casco de caza, drag\u00f3n t\u00e1ctico, E.T, 1 Juego\" \/><img decoding=\"async\" title=\"PVS-14 t\u00e1ctico de f\u00e1brica, mira de visi\u00f3n nocturna con adaptador de montaje de rhino para casco de caza, drag\u00f3n t\u00e1ctico, E.T, 1 Juego\" src=\"https:\/\/bodegaoutdoor.cl\/store\/wp-content\/uploads\/2022\/05\/54729-xbvocf.jpg\" alt=\"PVS-14 t\u00e1ctico de f\u00e1brica, mira de visi\u00f3n nocturna con adaptador de montaje de rhino para casco de caza, drag\u00f3n t\u00e1ctico, E.T, 1 Juego\" \/><img decoding=\"async\" title=\"PVS-14 t\u00e1ctico de f\u00e1brica, mira de visi\u00f3n nocturna con adaptador de montaje de rhino para casco de caza, drag\u00f3n t\u00e1ctico, E.T, 1 Juego\" src=\"https:\/\/bodegaoutdoor.cl\/store\/wp-content\/uploads\/2022\/05\/54729-eqylrv.jpg\" alt=\"PVS-14 t\u00e1ctico de f\u00e1brica, mira de visi\u00f3n nocturna con adaptador de montaje de rhino para casco de caza, drag\u00f3n t\u00e1ctico, E.T, 1 Juego\" \/><\/div>\n<div style=\"font-family: arial; text-align: center;\" align=\"center\"><\/div>\n<div style=\"font-family: arial; text-align: center;\" align=\"center\"><\/div>\n<div style=\"font-family: arial; text-align: center;\" align=\"center\"><\/div>\n<div style=\"font-family: arial; text-align: center;\" align=\"center\"><\/div>\n<div style=\"font-family: arial; text-align: center;\" align=\"center\"><\/div>\n<div style=\"font-family: arial; text-align: center;\" align=\"center\"><\/div>\n<div style=\"font-family: arial; text-align: center;\" align=\"center\"><img decoding=\"async\" title=\"PVS-14 t\u00e1ctico de f\u00e1brica, mira de visi\u00f3n nocturna con adaptador de montaje de rhino para casco de caza, drag\u00f3n t\u00e1ctico, E.T, 1 Juego\" src=\"https:\/\/bodegaoutdoor.cl\/store\/wp-content\/uploads\/2022\/05\/54729-frjtim.jpg\" alt=\"PVS-14 t\u00e1ctico de f\u00e1brica, mira de visi\u00f3n nocturna con adaptador de montaje de rhino para casco de caza, drag\u00f3n t\u00e1ctico, E.T, 1 Juego\" \/><img decoding=\"async\" title=\"PVS-14 t\u00e1ctico de f\u00e1brica, mira de visi\u00f3n nocturna con adaptador de montaje de rhino para casco de caza, drag\u00f3n t\u00e1ctico, E.T, 1 Juego\" src=\"https:\/\/bodegaoutdoor.cl\/store\/wp-content\/uploads\/2022\/05\/54729-6my6zq.jpg\" alt=\"PVS-14 t\u00e1ctico de f\u00e1brica, mira de visi\u00f3n nocturna con adaptador de montaje de rhino para casco de caza, drag\u00f3n t\u00e1ctico, E.T, 1 Juego\" \/><img decoding=\"async\" title=\"PVS-14 t\u00e1ctico de f\u00e1brica, mira de visi\u00f3n nocturna con adaptador de montaje de rhino para casco de caza, drag\u00f3n t\u00e1ctico, E.T, 1 Juego\" src=\"https:\/\/bodegaoutdoor.cl\/store\/wp-content\/uploads\/2022\/05\/54729-jopebq.jpg\" alt=\"PVS-14 t\u00e1ctico de f\u00e1brica, mira de visi\u00f3n nocturna con adaptador de montaje de rhino para casco de caza, drag\u00f3n t\u00e1ctico, E.T, 1 Juego\" \/><\/div>\n<div style=\"font-family: arial; text-align: center;\" align=\"center\"><\/div>\n<div style=\"font-family: arial; text-align: center;\" align=\"center\"><\/div>\n<div style=\"font-family: arial; text-align: center;\" align=\"center\"><img decoding=\"async\" title=\"PVS-14 t\u00e1ctico de f\u00e1brica, mira de visi\u00f3n nocturna con adaptador de montaje de rhino para casco de caza, drag\u00f3n t\u00e1ctico, E.T, 1 Juego\" src=\"https:\/\/bodegaoutdoor.cl\/store\/wp-content\/uploads\/2022\/05\/54729-zvbzlj.jpg\" alt=\"PVS-14 t\u00e1ctico de f\u00e1brica, mira de visi\u00f3n nocturna con adaptador de montaje de rhino para casco de caza, drag\u00f3n t\u00e1ctico, E.T, 1 Juego\" \/><\/div>\n<div style=\"font-family: arial; text-align: center;\" align=\"center\"><\/div>\n<div style=\"font-family: arial; text-align: center;\" align=\"center\"><\/div>\n<div style=\"font-family: arial; text-align: center;\" align=\"center\"><\/div>\n<div style=\"font-family: arial; text-align: center;\" align=\"center\"><\/div>\n<div style=\"font-family: arial; text-align: center;\" align=\"center\"><\/div>\n<p style=\"font-family: arial; margin: 0px 18pt 0px 0px; padding: 0px;\"><span style=\"font-size: 14px;\">\u00b7 Nuestro objetivo es que cada cliente quede 100% satisfecho con su pedido. Cuando recibas tus art\u00edculos, t\u00f3mate un minuto para dejarnos un comentario positivo en Aliexpress. Por favor, no dejes un comentario neutral\/negativo si has tenido un problema con un art\u00edculo. Si no est\u00e1s satisfecho, h\u00e1znoslo saber antes de dejar un comentario. Env\u00edenos un mensaje a trav\u00e9s de Aliexpress y h\u00e1ganos saber c\u00f3mo podemos obtener su satisfacci\u00f3n.<\/span><\/p>\n<p style=\"font-family: arial; margin: 0px 18pt 0px 0px; padding: 0px;\"><span style=\"font-size: 14px;\">\u00b7 Tenga en cuenta que sus comentarios positivos y la calificaci\u00f3n de 5 Estrellas en Aliexpress son extremadamente importantes para nosotros. El sistema de clasificaci\u00f3n de cinco estrellas introducido por Aliexpress tambi\u00e9n es importante para el \u00e9xito continuo de nuestro negocio.<\/span><\/p>\n\n    <div class=\"xs_social_share_widget xs_share_url after_content \t\tmain_content  wslu-style-1 wslu-share-box-shaped wslu-fill-colored wslu-none wslu-share-horizontal wslu-theme-font-no wslu-main_content\">\n\n\t\t\n        <ul>\n\t\t\t        <\/ul>\n    <\/div> \n","protected":false},"excerpt":{"rendered":"<p><a href=\"https:\/\/api.whatsapp.com\/send?phone=56963572236\"><strong>PRECIO EMBALAJE\u00a0 $800.000<\/strong><\/a><\/p>\n<p><strong>Cant. Embalaje 4\u00a0 uds (200,000 c\/u)<\/strong><\/p>\n","protected":false},"featured_media":54731,"comment_status":"open","ping_status":"closed","template":"","meta":{"jetpack_publicize_message":"","jetpack_publicize_feature_enabled":true,"jetpack_social_post_already_shared":true,"jetpack_social_options":{"image_generator_settings":{"template":"highway","enabled":false},"version":2}},"product_brand":[],"product_cat":[15],"product_tag":[3305,2044,3256],"class_list":{"0":"post-54729","1":"product","2":"type-product","3":"status-publish","4":"has-post-thumbnail","6":"product_cat-otros","7":"product_tag-night-vision","8":"product_tag-tactico","9":"product_tag-vision-nocturna","11":"first","12":"instock","13":"sale","14":"taxable","15":"shipping-taxable","16":"purchasable","17":"product-type-variable"},"jetpack_publicize_connections":[],"jetpack_sharing_enabled":true,"_links":{"self":[{"href":"https:\/\/bodegaoutdoor.cl\/store\/wp-json\/wp\/v2\/product\/54729","targetHints":{"allow":["GET"]}}],"collection":[{"href":"https:\/\/bodegaoutdoor.cl\/store\/wp-json\/wp\/v2\/product"}],"about":[{"href":"https:\/\/bodegaoutdoor.cl\/store\/wp-json\/wp\/v2\/types\/product"}],"replies":[{"embeddable":true,"href":"https:\/\/bodegaoutdoor.cl\/store\/wp-json\/wp\/v2\/comments?post=54729"}],"version-history":[{"count":4,"href":"https:\/\/bodegaoutdoor.cl\/store\/wp-json\/wp\/v2\/product\/54729\/revisions"}],"predecessor-version":[{"id":54769,"href":"https:\/\/bodegaoutdoor.cl\/store\/wp-json\/wp\/v2\/product\/54729\/revisions\/54769"}],"wp:featuredmedia":[{"embeddable":true,"href":"https:\/\/bodegaoutdoor.cl\/store\/wp-json\/wp\/v2\/media\/54731"}],"wp:attachment":[{"href":"https:\/\/bodegaoutdoor.cl\/store\/wp-json\/wp\/v2\/media?parent=54729"}],"wp:term":[{"taxonomy":"product_brand","embeddable":true,"href":"https:\/\/bodegaoutdoor.cl\/store\/wp-json\/wp\/v2\/product_brand?post=54729"},{"taxonomy":"product_cat","embeddable":true,"href":"https:\/\/bodegaoutdoor.cl\/store\/wp-json\/wp\/v2\/product_cat?post=54729"},{"taxonomy":"product_tag","embeddable":true,"href":"https:\/\/bodegaoutdoor.cl\/store\/wp-json\/wp\/v2\/product_tag?post=54729"}],"curies":[{"name":"wp","href":"https:\/\/api.w.org\/{rel}","templated":true}]}}