{"id":55320,"date":"2022-05-18T14:09:32","date_gmt":"2022-05-18T18:09:32","guid":{"rendered":"https:\/\/bodegaoutdoor.cl\/store\/product\/soqoool-camisas-casuales-para-hombre-polo-de-manga-larga-estilo-tactico-militar-de-gran-tamano-para-negocios-y-ocio-para-otono\/"},"modified":"2023-05-04T19:18:47","modified_gmt":"2023-05-04T23:18:47","slug":"camisas-polera-para-hombre-polo-de-manga-larga-estilo-tactico-militar","status":"publish","type":"product","link":"https:\/\/bodegaoutdoor.cl\/store\/product\/camisas-polera-para-hombre-polo-de-manga-larga-estilo-tactico-militar\/","title":{"rendered":"Camisas Polera para hombre, Polo de manga larga, estilo t\u00e1ctico, militar"},"content":{"rendered":"<div>\n<div>\n<div><\/div>\n<div>\n<div>\n<p align=\"start\"><strong>Consejos del comprador<\/strong><\/p>\n<h3 align=\"start\">1. Nos centramos en la alta calidad y bajo precio para que los clientes queden 100% satisfechos. Tus comentarios son muy importantes para nosotros.<\/h3>\n<h3 align=\"start\">2. Si est\u00e1s satisfecho con nuestros productos, D\u00e9janos un comentario positivo, muchas gracias.<\/h3>\n<h3 align=\"start\">3. Si tiene alguna pregunta, no nos d\u00e9 malas cr\u00edticas a voluntad, nos har\u00e1 muy tristes. Puedes ponerte en contacto con el servicio al cliente lo antes posible. Resolveremos cualquier problema por ti a tiempo.<\/h3>\n<div align=\"start\"><strong>Tabla de tallas<\/strong><\/div>\n<div align=\"start\"><img decoding=\"async\" style=\"border: 0px; margin: 0px; padding: 0px; max-width: 100%;\" title=\"Soqoool-camisas casuales para hombre, Polo de manga larga, estilo t\u00e1ctico, militar, de gran tama\u00f1o, para negocios y ocio, para oto\u00f1o\" src=\"https:\/\/bodegaoutdoor.cl\/store\/wp-content\/uploads\/2022\/05\/55320-vpjp3z.jpg\" alt=\"Soqoool-camisas casuales para hombre, Polo de manga larga, estilo t\u00e1ctico, militar, de gran tama\u00f1o, para negocios y ocio, para oto\u00f1o\" \/><\/div>\n<div align=\"start\"><\/div>\n<h1 align=\"start\"><strong>Nota:<\/strong><\/h1>\n<p align=\"start\">El tama\u00f1o se mide manualmente, habr\u00e1 un error de 1-3CM, consulte el producto real.<\/p>\n<div align=\"start\"><\/div>\n<p style=\"font-family: arial, helvetica, sans-serif; font-size: 13px; font-weight: 400; letter-spacing: normal; line-height: 16.9px; text-align: start; border: 0px; margin: 0px; padding: 0px;\" align=\"start\"><strong>Se muestran los Detalles<\/strong><\/p>\n<div>\n<div align=\"start\">\n<div style=\"margin: 0px; padding: 0px;\">\n<div><\/div>\n<\/div>\n<\/div>\n<\/div>\n<div>\n<div><img decoding=\"async\" title=\"Soqoool-camisas casuales para hombre, Polo de manga larga, estilo t\u00e1ctico, militar, de gran tama\u00f1o, para negocios y ocio, para oto\u00f1o\" src=\"https:\/\/bodegaoutdoor.cl\/store\/wp-content\/uploads\/2022\/05\/55320-5dchkm.jpg\" alt=\"Soqoool-camisas casuales para hombre, Polo de manga larga, estilo t\u00e1ctico, militar, de gran tama\u00f1o, para negocios y ocio, para oto\u00f1o\" \/><img decoding=\"async\" title=\"Soqoool-camisas casuales para hombre, Polo de manga larga, estilo t\u00e1ctico, militar, de gran tama\u00f1o, para negocios y ocio, para oto\u00f1o\" src=\"https:\/\/bodegaoutdoor.cl\/store\/wp-content\/uploads\/2022\/05\/55320-xolgoc.jpg\" alt=\"Soqoool-camisas casuales para hombre, Polo de manga larga, estilo t\u00e1ctico, militar, de gran tama\u00f1o, para negocios y ocio, para oto\u00f1o\" \/><img decoding=\"async\" title=\"Soqoool-camisas casuales para hombre, Polo de manga larga, estilo t\u00e1ctico, militar, de gran tama\u00f1o, para negocios y ocio, para oto\u00f1o\" src=\"https:\/\/bodegaoutdoor.cl\/store\/wp-content\/uploads\/2022\/05\/55320-qjei9a.jpg\" alt=\"Soqoool-camisas casuales para hombre, Polo de manga larga, estilo t\u00e1ctico, militar, de gran tama\u00f1o, para negocios y ocio, para oto\u00f1o\" \/><img decoding=\"async\" title=\"Soqoool-camisas casuales para hombre, Polo de manga larga, estilo t\u00e1ctico, militar, de gran tama\u00f1o, para negocios y ocio, para oto\u00f1o\" src=\"https:\/\/bodegaoutdoor.cl\/store\/wp-content\/uploads\/2022\/05\/55320-7agial.jpg\" alt=\"Soqoool-camisas casuales para hombre, Polo de manga larga, estilo t\u00e1ctico, militar, de gran tama\u00f1o, para negocios y ocio, para oto\u00f1o\" \/><img decoding=\"async\" title=\"Soqoool-camisas casuales para hombre, Polo de manga larga, estilo t\u00e1ctico, militar, de gran tama\u00f1o, para negocios y ocio, para oto\u00f1o\" src=\"https:\/\/bodegaoutdoor.cl\/store\/wp-content\/uploads\/2022\/05\/55320-k74ryv.jpg\" alt=\"Soqoool-camisas casuales para hombre, Polo de manga larga, estilo t\u00e1ctico, militar, de gran tama\u00f1o, para negocios y ocio, para oto\u00f1o\" \/><\/div>\n<\/div>\n<p>&nbsp;<\/p>\n<\/div>\n<\/div>\n<p>&nbsp;<\/p>\n<\/div>\n<\/div>\n\n    <div class=\"xs_social_share_widget xs_share_url after_content \t\tmain_content  wslu-style-1 wslu-share-box-shaped wslu-fill-colored wslu-none wslu-share-horizontal wslu-theme-font-no wslu-main_content\">\n\n\t\t\n        <ul>\n\t\t\t        <\/ul>\n    <\/div> \n","protected":false},"excerpt":{"rendered":"<p>Consejos del comprador 1. Nos centramos en la alta calidad y bajo precio para que los clientes queden 100% satisfechos. Tus comentarios son muy importantes para nosotros. 2. Si est\u00e1s satisfecho con nuestros productos, D\u00e9janos un comentario positivo, muchas gracias. 3. Si tiene alguna pregunta, no nos d\u00e9 malas cr\u00edticas a voluntad, nos har\u00e1 muy [&hellip;]<\/p>\n","protected":false},"featured_media":55375,"comment_status":"open","ping_status":"closed","template":"","meta":{"jetpack_publicize_message":"","jetpack_publicize_feature_enabled":true,"jetpack_social_post_already_shared":true,"jetpack_social_options":{"image_generator_settings":{"template":"highway","enabled":false},"version":2}},"product_brand":[],"product_cat":[62],"product_tag":[1287,1440,3335],"class_list":{"0":"post-55320","1":"product","2":"type-product","3":"status-publish","4":"has-post-thumbnail","6":"product_cat-vestuario-hombre","7":"product_tag-militar","8":"product_tag-polera","9":"product_tag-polo","11":"first","12":"instock","13":"taxable","14":"shipping-taxable","15":"purchasable","16":"product-type-variable"},"jetpack_publicize_connections":[],"jetpack_sharing_enabled":true,"_links":{"self":[{"href":"https:\/\/bodegaoutdoor.cl\/store\/wp-json\/wp\/v2\/product\/55320","targetHints":{"allow":["GET"]}}],"collection":[{"href":"https:\/\/bodegaoutdoor.cl\/store\/wp-json\/wp\/v2\/product"}],"about":[{"href":"https:\/\/bodegaoutdoor.cl\/store\/wp-json\/wp\/v2\/types\/product"}],"replies":[{"embeddable":true,"href":"https:\/\/bodegaoutdoor.cl\/store\/wp-json\/wp\/v2\/comments?post=55320"}],"version-history":[{"count":1,"href":"https:\/\/bodegaoutdoor.cl\/store\/wp-json\/wp\/v2\/product\/55320\/revisions"}],"predecessor-version":[{"id":70130,"href":"https:\/\/bodegaoutdoor.cl\/store\/wp-json\/wp\/v2\/product\/55320\/revisions\/70130"}],"wp:featuredmedia":[{"embeddable":true,"href":"https:\/\/bodegaoutdoor.cl\/store\/wp-json\/wp\/v2\/media\/55375"}],"wp:attachment":[{"href":"https:\/\/bodegaoutdoor.cl\/store\/wp-json\/wp\/v2\/media?parent=55320"}],"wp:term":[{"taxonomy":"product_brand","embeddable":true,"href":"https:\/\/bodegaoutdoor.cl\/store\/wp-json\/wp\/v2\/product_brand?post=55320"},{"taxonomy":"product_cat","embeddable":true,"href":"https:\/\/bodegaoutdoor.cl\/store\/wp-json\/wp\/v2\/product_cat?post=55320"},{"taxonomy":"product_tag","embeddable":true,"href":"https:\/\/bodegaoutdoor.cl\/store\/wp-json\/wp\/v2\/product_tag?post=55320"}],"curies":[{"name":"wp","href":"https:\/\/api.w.org\/{rel}","templated":true}]}}