{"id":55774,"date":"2022-05-24T17:25:43","date_gmt":"2022-05-24T21:25:43","guid":{"rendered":"https:\/\/bodegaoutdoor.cl\/store\/product\/raquetas-de-nieve-roeam-zapatos-de-nieve-para-exteriores-botas-de-esqui-antideslizantes-con-bolsa-de-transporte-de-postes-ajustables-accesorio-para-patines-de-esqui-de-aluminio\/"},"modified":"2023-05-04T19:18:46","modified_gmt":"2023-05-04T23:18:46","slug":"raquetas-de-nieve-outdoor-botas-de-esqui-antideslizantes-ajustables-aluminio","status":"publish","type":"product","link":"https:\/\/bodegaoutdoor.cl\/store\/product\/raquetas-de-nieve-outdoor-botas-de-esqui-antideslizantes-ajustables-aluminio\/","title":{"rendered":"Raquetas de nieve Outdoor, botas de esqu\u00ed antideslizantes ajustables Aluminio"},"content":{"rendered":"<div>\n<div><\/div>\n<div>\n<div style=\"font-family: Arial, Helvetica, sans-serif; font-size: 12px; line-height: 150%;\">\n<p style=\"font-size: 24px; font-weight: bold; line-height: 30px; margin-bottom: 6px;\"><img fetchpriority=\"high\" decoding=\"async\" title=\"Raquetas de nieve ROEAM-zapatos de nieve para exteriores, botas de esqu\u00ed antideslizantes con bolsa de transporte de postes ajustables, accesorio para patines de esqu\u00ed de aluminio\" src=\"https:\/\/bodegaoutdoor.cl\/store\/wp-content\/uploads\/2022\/05\/55774-wwoks4.jpg\" alt=\"Raquetas de nieve ROEAM-zapatos de nieve para exteriores, botas de esqu\u00ed antideslizantes con bolsa de transporte de postes ajustables, accesorio para patines de esqu\u00ed de aluminio\" width=\"1000\" height=\"95\" \/><\/p>\n<p>El juego de snowshoes proporciona una gran tracci\u00f3n y comodidad en nieve embalada y terrenos moderados. Ideal para disfrutar de largos meses de invierno de senderismo por senderos y bosques.<\/p>\n<p><strong>Caracter\u00edsticas:<\/strong><br \/>\nHecho de material de aluminio de alta calidad, pr\u00e1ctico y duradero.<br \/>\nCuenta con un dise\u00f1o ergon\u00f3mico para garantizar un paseo c\u00f3modo y f\u00e1cil.<br \/>\nCon correas de TPU ajustables para tacones, sostiene sus pies de forma segura y c\u00f3moda.<br \/>\nLos crampones de aluminio de alta resistencia proporcionan tracci\u00f3n para bajar las laderas suaves.<br \/>\nLas fijaciones dobles ajustables con hebillas de liberaci\u00f3n r\u00e1pida hacen que el donning y el doffing sean r\u00e1pidos y sencillos.<br \/>\nLos postes telesc\u00f3picos para caminar pueden cambiar la altura de 67cm\/26,4 pulgadas a 135cm\/53,1 pulgadas.<br \/>\nSe incluye bolsa de transporte para zapatillas de nieve para facilitar su transporte y almacenamiento.<\/p>\n<p><strong>Especificaciones:<\/strong><br \/>\nTama\u00f1o: 19 pulgadas rojo\/23 pulgadas Amarillo\/27 pulgadas azul\/30 pulgadas verde (opcional)<br \/>\nMaterial: Aluminio<br \/>\nTama\u00f1o de los polos: 67-135cm\/26,4-pulgadas<br \/>\nTama\u00f1o del paquete: 67*30*7cm\/26,4*11,8 * pulgadas<br \/>\nPeso del paquete: aprox. 3,4-3,95 kg\/119,9-139,3 oz<\/p>\n<p><strong>Lista del paquete:<\/strong><br \/>\n1 par de zapatillas de nieve<br \/>\n1 * bolsa de transporte<br \/>\n2 * polos<br \/>\n2 * cestas de nieve<\/p>\n<p><strong>Nota:<\/strong><br \/>\n1. Utiliza la tabla de tallas para asegurar el ajuste correcto. Para m\u00e1s detalles, consulta la tabla de tallas.<br \/>\n2. Los zapatos de diferentes tama\u00f1os se embalan con una bolsa de diferentes tama\u00f1os.<\/p>\n<div><\/div>\n<p style=\"margin-bottom: 6px; margin-top: 6px;\"><img decoding=\"async\" title=\"Raquetas de nieve ROEAM-zapatos de nieve para exteriores, botas de esqu\u00ed antideslizantes con bolsa de transporte de postes ajustables, accesorio para patines de esqu\u00ed de aluminio\" src=\"https:\/\/bodegaoutdoor.cl\/store\/wp-content\/uploads\/2022\/05\/55774-uc3t4p.jpg\" alt=\"Raquetas de nieve ROEAM-zapatos de nieve para exteriores, botas de esqu\u00ed antideslizantes con bolsa de transporte de postes ajustables, accesorio para patines de esqu\u00ed de aluminio\" width=\"1000\" height=\"87\" \/><\/p>\n<p><img decoding=\"async\" title=\"Raquetas de nieve ROEAM-zapatos de nieve para exteriores, botas de esqu\u00ed antideslizantes con bolsa de transporte de postes ajustables, accesorio para patines de esqu\u00ed de aluminio\" src=\"https:\/\/bodegaoutdoor.cl\/store\/wp-content\/uploads\/2022\/05\/55774-wqomdc.jpg\" alt=\"Raquetas de nieve ROEAM-zapatos de nieve para exteriores, botas de esqu\u00ed antideslizantes con bolsa de transporte de postes ajustables, accesorio para patines de esqu\u00ed de aluminio\" \/><br \/>\n<img decoding=\"async\" title=\"Raquetas de nieve ROEAM-zapatos de nieve para exteriores, botas de esqu\u00ed antideslizantes con bolsa de transporte de postes ajustables, accesorio para patines de esqu\u00ed de aluminio\" src=\"https:\/\/bodegaoutdoor.cl\/store\/wp-content\/uploads\/2022\/05\/55774-nrmhc5.jpg\" alt=\"Raquetas de nieve ROEAM-zapatos de nieve para exteriores, botas de esqu\u00ed antideslizantes con bolsa de transporte de postes ajustables, accesorio para patines de esqu\u00ed de aluminio\" \/><br \/>\n<img decoding=\"async\" title=\"Raquetas de nieve ROEAM-zapatos de nieve para exteriores, botas de esqu\u00ed antideslizantes con bolsa de transporte de postes ajustables, accesorio para patines de esqu\u00ed de aluminio\" src=\"https:\/\/bodegaoutdoor.cl\/store\/wp-content\/uploads\/2022\/05\/55774-mh2pym.jpg\" alt=\"Raquetas de nieve ROEAM-zapatos de nieve para exteriores, botas de esqu\u00ed antideslizantes con bolsa de transporte de postes ajustables, accesorio para patines de esqu\u00ed de aluminio\" \/><br \/>\n<img decoding=\"async\" title=\"Raquetas de nieve ROEAM-zapatos de nieve para exteriores, botas de esqu\u00ed antideslizantes con bolsa de transporte de postes ajustables, accesorio para patines de esqu\u00ed de aluminio\" src=\"https:\/\/bodegaoutdoor.cl\/store\/wp-content\/uploads\/2022\/05\/55774-iddj3o.jpg\" alt=\"Raquetas de nieve ROEAM-zapatos de nieve para exteriores, botas de esqu\u00ed antideslizantes con bolsa de transporte de postes ajustables, accesorio para patines de esqu\u00ed de aluminio\" \/><br \/>\n<img decoding=\"async\" title=\"Raquetas de nieve ROEAM-zapatos de nieve para exteriores, botas de esqu\u00ed antideslizantes con bolsa de transporte de postes ajustables, accesorio para patines de esqu\u00ed de aluminio\" src=\"https:\/\/bodegaoutdoor.cl\/store\/wp-content\/uploads\/2022\/05\/55774-cp7jqz.jpg\" alt=\"Raquetas de nieve ROEAM-zapatos de nieve para exteriores, botas de esqu\u00ed antideslizantes con bolsa de transporte de postes ajustables, accesorio para patines de esqu\u00ed de aluminio\" \/><br \/>\n<img decoding=\"async\" title=\"Raquetas de nieve ROEAM-zapatos de nieve para exteriores, botas de esqu\u00ed antideslizantes con bolsa de transporte de postes ajustables, accesorio para patines de esqu\u00ed de aluminio\" src=\"https:\/\/bodegaoutdoor.cl\/store\/wp-content\/uploads\/2022\/05\/55774-yqucly.jpg\" alt=\"Raquetas de nieve ROEAM-zapatos de nieve para exteriores, botas de esqu\u00ed antideslizantes con bolsa de transporte de postes ajustables, accesorio para patines de esqu\u00ed de aluminio\" \/><br \/>\n<img decoding=\"async\" title=\"Raquetas de nieve ROEAM-zapatos de nieve para exteriores, botas de esqu\u00ed antideslizantes con bolsa de transporte de postes ajustables, accesorio para patines de esqu\u00ed de aluminio\" src=\"https:\/\/bodegaoutdoor.cl\/store\/wp-content\/uploads\/2022\/05\/55774-tjb2fp.jpg\" alt=\"Raquetas de nieve ROEAM-zapatos de nieve para exteriores, botas de esqu\u00ed antideslizantes con bolsa de transporte de postes ajustables, accesorio para patines de esqu\u00ed de aluminio\" \/><br \/>\n<img decoding=\"async\" title=\"Raquetas de nieve ROEAM-zapatos de nieve para exteriores, botas de esqu\u00ed antideslizantes con bolsa de transporte de postes ajustables, accesorio para patines de esqu\u00ed de aluminio\" src=\"https:\/\/bodegaoutdoor.cl\/store\/wp-content\/uploads\/2022\/05\/55774-txgqg5.jpg\" alt=\"Raquetas de nieve ROEAM-zapatos de nieve para exteriores, botas de esqu\u00ed antideslizantes con bolsa de transporte de postes ajustables, accesorio para patines de esqu\u00ed de aluminio\" \/><br \/>\n<img decoding=\"async\" title=\"Raquetas de nieve ROEAM-zapatos de nieve para exteriores, botas de esqu\u00ed antideslizantes con bolsa de transporte de postes ajustables, accesorio para patines de esqu\u00ed de aluminio\" src=\"https:\/\/bodegaoutdoor.cl\/store\/wp-content\/uploads\/2022\/05\/55774-jgtbxl.jpg\" alt=\"Raquetas de nieve ROEAM-zapatos de nieve para exteriores, botas de esqu\u00ed antideslizantes con bolsa de transporte de postes ajustables, accesorio para patines de esqu\u00ed de aluminio\" \/><br \/>\n<img decoding=\"async\" title=\"Raquetas de nieve ROEAM-zapatos de nieve para exteriores, botas de esqu\u00ed antideslizantes con bolsa de transporte de postes ajustables, accesorio para patines de esqu\u00ed de aluminio\" src=\"https:\/\/bodegaoutdoor.cl\/store\/wp-content\/uploads\/2022\/05\/55774-ll48rr.jpg\" alt=\"Raquetas de nieve ROEAM-zapatos de nieve para exteriores, botas de esqu\u00ed antideslizantes con bolsa de transporte de postes ajustables, accesorio para patines de esqu\u00ed de aluminio\" \/><br \/>\n<img decoding=\"async\" title=\"Raquetas de nieve ROEAM-zapatos de nieve para exteriores, botas de esqu\u00ed antideslizantes con bolsa de transporte de postes ajustables, accesorio para patines de esqu\u00ed de aluminio\" src=\"https:\/\/bodegaoutdoor.cl\/store\/wp-content\/uploads\/2022\/05\/55774-gtamn8.jpg\" alt=\"Raquetas de nieve ROEAM-zapatos de nieve para exteriores, botas de esqu\u00ed antideslizantes con bolsa de transporte de postes ajustables, accesorio para patines de esqu\u00ed de aluminio\" \/><br \/>\n<img decoding=\"async\" title=\"Raquetas de nieve ROEAM-zapatos de nieve para exteriores, botas de esqu\u00ed antideslizantes con bolsa de transporte de postes ajustables, accesorio para patines de esqu\u00ed de aluminio\" src=\"https:\/\/bodegaoutdoor.cl\/store\/wp-content\/uploads\/2022\/05\/55774-zvxomg.jpg\" alt=\"Raquetas de nieve ROEAM-zapatos de nieve para exteriores, botas de esqu\u00ed antideslizantes con bolsa de transporte de postes ajustables, accesorio para patines de esqu\u00ed de aluminio\" \/><br \/>\n<img decoding=\"async\" title=\"Raquetas de nieve ROEAM-zapatos de nieve para exteriores, botas de esqu\u00ed antideslizantes con bolsa de transporte de postes ajustables, accesorio para patines de esqu\u00ed de aluminio\" src=\"https:\/\/bodegaoutdoor.cl\/store\/wp-content\/uploads\/2022\/05\/55774-i7sf2r.jpg\" alt=\"Raquetas de nieve ROEAM-zapatos de nieve para exteriores, botas de esqu\u00ed antideslizantes con bolsa de transporte de postes ajustables, accesorio para patines de esqu\u00ed de aluminio\" \/><br \/>\n<img decoding=\"async\" title=\"Raquetas de nieve ROEAM-zapatos de nieve para exteriores, botas de esqu\u00ed antideslizantes con bolsa de transporte de postes ajustables, accesorio para patines de esqu\u00ed de aluminio\" src=\"https:\/\/bodegaoutdoor.cl\/store\/wp-content\/uploads\/2022\/05\/55774-dd5u0b.jpg\" alt=\"Raquetas de nieve ROEAM-zapatos de nieve para exteriores, botas de esqu\u00ed antideslizantes con bolsa de transporte de postes ajustables, accesorio para patines de esqu\u00ed de aluminio\" \/><br \/>\n<img decoding=\"async\" title=\"Raquetas de nieve ROEAM-zapatos de nieve para exteriores, botas de esqu\u00ed antideslizantes con bolsa de transporte de postes ajustables, accesorio para patines de esqu\u00ed de aluminio\" src=\"https:\/\/bodegaoutdoor.cl\/store\/wp-content\/uploads\/2022\/05\/55774-0ph2ih.jpg\" alt=\"Raquetas de nieve ROEAM-zapatos de nieve para exteriores, botas de esqu\u00ed antideslizantes con bolsa de transporte de postes ajustables, accesorio para patines de esqu\u00ed de aluminio\" \/><br \/>\n<img decoding=\"async\" title=\"Raquetas de nieve ROEAM-zapatos de nieve para exteriores, botas de esqu\u00ed antideslizantes con bolsa de transporte de postes ajustables, accesorio para patines de esqu\u00ed de aluminio\" src=\"https:\/\/bodegaoutdoor.cl\/store\/wp-content\/uploads\/2022\/05\/55774-gqczfm.jpg\" alt=\"Raquetas de nieve ROEAM-zapatos de nieve para exteriores, botas de esqu\u00ed antideslizantes con bolsa de transporte de postes ajustables, accesorio para patines de esqu\u00ed de aluminio\" \/><br \/>\n<img decoding=\"async\" title=\"Raquetas de nieve ROEAM-zapatos de nieve para exteriores, botas de esqu\u00ed antideslizantes con bolsa de transporte de postes ajustables, accesorio para patines de esqu\u00ed de aluminio\" src=\"https:\/\/bodegaoutdoor.cl\/store\/wp-content\/uploads\/2022\/05\/55774-j1mwzm.jpg\" alt=\"Raquetas de nieve ROEAM-zapatos de nieve para exteriores, botas de esqu\u00ed antideslizantes con bolsa de transporte de postes ajustables, accesorio para patines de esqu\u00ed de aluminio\" \/><br \/>\n<img decoding=\"async\" title=\"Raquetas de nieve ROEAM-zapatos de nieve para exteriores, botas de esqu\u00ed antideslizantes con bolsa de transporte de postes ajustables, accesorio para patines de esqu\u00ed de aluminio\" src=\"https:\/\/bodegaoutdoor.cl\/store\/wp-content\/uploads\/2022\/05\/55774-qgd9bg.jpg\" alt=\"Raquetas de nieve ROEAM-zapatos de nieve para exteriores, botas de esqu\u00ed antideslizantes con bolsa de transporte de postes ajustables, accesorio para patines de esqu\u00ed de aluminio\" \/><br \/>\n<img decoding=\"async\" title=\"Raquetas de nieve ROEAM-zapatos de nieve para exteriores, botas de esqu\u00ed antideslizantes con bolsa de transporte de postes ajustables, accesorio para patines de esqu\u00ed de aluminio\" src=\"https:\/\/bodegaoutdoor.cl\/store\/wp-content\/uploads\/2022\/05\/55774-kpvdpf.jpg\" alt=\"Raquetas de nieve ROEAM-zapatos de nieve para exteriores, botas de esqu\u00ed antideslizantes con bolsa de transporte de postes ajustables, accesorio para patines de esqu\u00ed de aluminio\" \/><br \/>\n<img decoding=\"async\" title=\"Raquetas de nieve ROEAM-zapatos de nieve para exteriores, botas de esqu\u00ed antideslizantes con bolsa de transporte de postes ajustables, accesorio para patines de esqu\u00ed de aluminio\" src=\"https:\/\/bodegaoutdoor.cl\/store\/wp-content\/uploads\/2022\/05\/55774-cdt56j.jpg\" alt=\"Raquetas de nieve ROEAM-zapatos de nieve para exteriores, botas de esqu\u00ed antideslizantes con bolsa de transporte de postes ajustables, accesorio para patines de esqu\u00ed de aluminio\" \/><br \/>\n<img decoding=\"async\" title=\"Raquetas de nieve ROEAM-zapatos de nieve para exteriores, botas de esqu\u00ed antideslizantes con bolsa de transporte de postes ajustables, accesorio para patines de esqu\u00ed de aluminio\" src=\"https:\/\/bodegaoutdoor.cl\/store\/wp-content\/uploads\/2022\/05\/55774-xe11cp.jpg\" alt=\"Raquetas de nieve ROEAM-zapatos de nieve para exteriores, botas de esqu\u00ed antideslizantes con bolsa de transporte de postes ajustables, accesorio para patines de esqu\u00ed de aluminio\" \/><br \/>\n<img decoding=\"async\" title=\"Raquetas de nieve ROEAM-zapatos de nieve para exteriores, botas de esqu\u00ed antideslizantes con bolsa de transporte de postes ajustables, accesorio para patines de esqu\u00ed de aluminio\" src=\"https:\/\/bodegaoutdoor.cl\/store\/wp-content\/uploads\/2022\/05\/55774-voysvz.jpg\" alt=\"Raquetas de nieve ROEAM-zapatos de nieve para exteriores, botas de esqu\u00ed antideslizantes con bolsa de transporte de postes ajustables, accesorio para patines de esqu\u00ed de aluminio\" \/><br \/>\n<img decoding=\"async\" title=\"Raquetas de nieve ROEAM-zapatos de nieve para exteriores, botas de esqu\u00ed antideslizantes con bolsa de transporte de postes ajustables, accesorio para patines de esqu\u00ed de aluminio\" src=\"https:\/\/bodegaoutdoor.cl\/store\/wp-content\/uploads\/2022\/05\/55774-zgujxk.jpg\" alt=\"Raquetas de nieve ROEAM-zapatos de nieve para exteriores, botas de esqu\u00ed antideslizantes con bolsa de transporte de postes ajustables, accesorio para patines de esqu\u00ed de aluminio\" \/><br \/>\n<img decoding=\"async\" title=\"Raquetas de nieve ROEAM-zapatos de nieve para exteriores, botas de esqu\u00ed antideslizantes con bolsa de transporte de postes ajustables, accesorio para patines de esqu\u00ed de aluminio\" src=\"https:\/\/bodegaoutdoor.cl\/store\/wp-content\/uploads\/2022\/05\/55774-0lom7k.jpg\" alt=\"Raquetas de nieve ROEAM-zapatos de nieve para exteriores, botas de esqu\u00ed antideslizantes con bolsa de transporte de postes ajustables, accesorio para patines de esqu\u00ed de aluminio\" \/><br \/>\n<img decoding=\"async\" title=\"Raquetas de nieve ROEAM-zapatos de nieve para exteriores, botas de esqu\u00ed antideslizantes con bolsa de transporte de postes ajustables, accesorio para patines de esqu\u00ed de aluminio\" src=\"https:\/\/bodegaoutdoor.cl\/store\/wp-content\/uploads\/2022\/05\/55774-v6vyhb.jpg\" alt=\"Raquetas de nieve ROEAM-zapatos de nieve para exteriores, botas de esqu\u00ed antideslizantes con bolsa de transporte de postes ajustables, accesorio para patines de esqu\u00ed de aluminio\" \/><br \/>\n<img decoding=\"async\" title=\"Raquetas de nieve ROEAM-zapatos de nieve para exteriores, botas de esqu\u00ed antideslizantes con bolsa de transporte de postes ajustables, accesorio para patines de esqu\u00ed de aluminio\" src=\"https:\/\/bodegaoutdoor.cl\/store\/wp-content\/uploads\/2022\/05\/55774-poryih.jpg\" alt=\"Raquetas de nieve ROEAM-zapatos de nieve para exteriores, botas de esqu\u00ed antideslizantes con bolsa de transporte de postes ajustables, accesorio para patines de esqu\u00ed de aluminio\" \/><br \/>\n<img decoding=\"async\" title=\"Raquetas de nieve ROEAM-zapatos de nieve para exteriores, botas de esqu\u00ed antideslizantes con bolsa de transporte de postes ajustables, accesorio para patines de esqu\u00ed de aluminio\" src=\"https:\/\/bodegaoutdoor.cl\/store\/wp-content\/uploads\/2022\/05\/55774-v0h5bf.jpg\" alt=\"Raquetas de nieve ROEAM-zapatos de nieve para exteriores, botas de esqu\u00ed antideslizantes con bolsa de transporte de postes ajustables, accesorio para patines de esqu\u00ed de aluminio\" \/><br \/>\n<img decoding=\"async\" title=\"Raquetas de nieve ROEAM-zapatos de nieve para exteriores, botas de esqu\u00ed antideslizantes con bolsa de transporte de postes ajustables, accesorio para patines de esqu\u00ed de aluminio\" src=\"https:\/\/bodegaoutdoor.cl\/store\/wp-content\/uploads\/2022\/05\/55774-qdactu.jpg\" alt=\"Raquetas de nieve ROEAM-zapatos de nieve para exteriores, botas de esqu\u00ed antideslizantes con bolsa de transporte de postes ajustables, accesorio para patines de esqu\u00ed de aluminio\" \/><br \/>\n<img decoding=\"async\" title=\"Raquetas de nieve ROEAM-zapatos de nieve para exteriores, botas de esqu\u00ed antideslizantes con bolsa de transporte de postes ajustables, accesorio para patines de esqu\u00ed de aluminio\" src=\"https:\/\/bodegaoutdoor.cl\/store\/wp-content\/uploads\/2022\/05\/55774-heuo5e.jpg\" alt=\"Raquetas de nieve ROEAM-zapatos de nieve para exteriores, botas de esqu\u00ed antideslizantes con bolsa de transporte de postes ajustables, accesorio para patines de esqu\u00ed de aluminio\" \/><\/p>\n<div style=\"margin-bottom: 6px; margin-top: 6px;\">\n<p>&nbsp;<\/p>\n<p>&nbsp;<\/p>\n<p>&nbsp;<\/p>\n<p>&nbsp;<\/p>\n<p>&nbsp;<\/p>\n<div><\/div>\n<\/div>\n<p>&nbsp;<\/p>\n<\/div>\n<p>&nbsp;<\/p>\n<\/div>\n<p>&nbsp;<\/p>\n<\/div>\n\n    <div class=\"xs_social_share_widget xs_share_url after_content \t\tmain_content  wslu-style-1 wslu-share-box-shaped wslu-fill-colored wslu-none wslu-share-horizontal wslu-theme-font-no wslu-main_content\">\n\n\t\t\n        <ul>\n\t\t\t        <\/ul>\n    <\/div> \n","protected":false},"excerpt":{"rendered":"<p>El juego de snowshoes proporciona una gran tracci\u00f3n y comodidad en nieve embalada y terrenos moderados. Ideal para disfrutar de largos meses de invierno de senderismo por senderos y bosques. Caracter\u00edsticas: Hecho de material de aluminio de alta calidad, pr\u00e1ctico y duradero. Cuenta con un dise\u00f1o ergon\u00f3mico para garantizar un paseo c\u00f3modo y f\u00e1cil. Con [&hellip;]<\/p>\n","protected":false},"featured_media":55779,"comment_status":"open","ping_status":"closed","template":"","meta":{"jetpack_publicize_message":"","jetpack_publicize_feature_enabled":true,"jetpack_social_post_already_shared":true,"jetpack_social_options":{"image_generator_settings":{"template":"highway","enabled":false},"version":2}},"product_brand":[],"product_cat":[15],"product_tag":[],"class_list":{"0":"post-55774","1":"product","2":"type-product","3":"status-publish","4":"has-post-thumbnail","6":"product_cat-otros","8":"first","9":"instock","10":"sale","11":"taxable","12":"shipping-taxable","13":"purchasable","14":"product-type-variable"},"jetpack_publicize_connections":[],"jetpack_sharing_enabled":true,"_links":{"self":[{"href":"https:\/\/bodegaoutdoor.cl\/store\/wp-json\/wp\/v2\/product\/55774","targetHints":{"allow":["GET"]}}],"collection":[{"href":"https:\/\/bodegaoutdoor.cl\/store\/wp-json\/wp\/v2\/product"}],"about":[{"href":"https:\/\/bodegaoutdoor.cl\/store\/wp-json\/wp\/v2\/types\/product"}],"replies":[{"embeddable":true,"href":"https:\/\/bodegaoutdoor.cl\/store\/wp-json\/wp\/v2\/comments?post=55774"}],"version-history":[{"count":2,"href":"https:\/\/bodegaoutdoor.cl\/store\/wp-json\/wp\/v2\/product\/55774\/revisions"}],"predecessor-version":[{"id":70933,"href":"https:\/\/bodegaoutdoor.cl\/store\/wp-json\/wp\/v2\/product\/55774\/revisions\/70933"}],"wp:featuredmedia":[{"embeddable":true,"href":"https:\/\/bodegaoutdoor.cl\/store\/wp-json\/wp\/v2\/media\/55779"}],"wp:attachment":[{"href":"https:\/\/bodegaoutdoor.cl\/store\/wp-json\/wp\/v2\/media?parent=55774"}],"wp:term":[{"taxonomy":"product_brand","embeddable":true,"href":"https:\/\/bodegaoutdoor.cl\/store\/wp-json\/wp\/v2\/product_brand?post=55774"},{"taxonomy":"product_cat","embeddable":true,"href":"https:\/\/bodegaoutdoor.cl\/store\/wp-json\/wp\/v2\/product_cat?post=55774"},{"taxonomy":"product_tag","embeddable":true,"href":"https:\/\/bodegaoutdoor.cl\/store\/wp-json\/wp\/v2\/product_tag?post=55774"}],"curies":[{"name":"wp","href":"https:\/\/api.w.org\/{rel}","templated":true}]}}