{"id":5742,"date":"2020-07-17T06:29:06","date_gmt":"2020-07-17T06:29:06","guid":{"rendered":"https:\/\/bodegaoutdoor.cl\/store\/product\/gorras-militares-de-beisbol-multicam-cp-camuflaje-malla-militar-tactico-airsoft-deporte-ajustable-snapback-contractor-papa-sombreros-hombres-mujeres\/"},"modified":"2023-05-04T19:19:38","modified_gmt":"2023-05-04T23:19:38","slug":"gorras-militares-de-beisbol-multicam-cp-camuflaje-malla-militar-tactico-airsoft-deporte-ajustable-snapback-contractor-papa-sombreros-hombres-mujeres","status":"publish","type":"product","link":"https:\/\/bodegaoutdoor.cl\/store\/product\/gorras-militares-de-beisbol-multicam-cp-camuflaje-malla-militar-tactico-airsoft-deporte-ajustable-snapback-contractor-papa-sombreros-hombres-mujeres\/","title":{"rendered":"Gorra  Multicam CP camuflaje malla militar t\u00e1ctico Airsoft deporte ajustable"},"content":{"rendered":"<div>\n<div>\n<div>\n<div><\/div>\n<\/div>\n<div><\/div>\n<div>\n<div>\n<p><img decoding=\"async\" title=\"Gorras militares de b\u00e9isbol Multicam CP camuflaje malla militar t\u00e1ctico Airsoft deporte ajustable Snapback Contractor pap\u00e1 sombreros hombres mujeres\" src=\"https:\/\/bodegaoutdoor.cl\/store\/wp-content\/uploads\/2020\/07\/5742-aqkw1y.jpg\" alt=\"Gorras militares de b\u00e9isbol Multicam CP camuflaje malla militar t\u00e1ctico Airsoft deporte ajustable Snapback Contractor pap\u00e1 sombreros hombres mujeres\" \/><\/p>\n<\/div>\n<div>\n<p><span style=\"font-size: 18.0px;\"><strong><span style=\"font-family: arial , helvetica , sans-serif;\">Gorra t\u00e1ctica de dise\u00f1o profesional JIUSUYI<\/span><\/strong><\/span><\/p>\n<p><span style=\"font-size: 16.0px;\"><span style=\"font-family: arial , helvetica , sans-serif;\">Nuestra Gorra de operador t\u00e1ctico es una gorra bien hecha y agradable. El color s\u00f3lido y el material de alta calidad lo hacen parte de la moda. Es ligero y adecuado para interiores y exteriores, ideal para cualquier atuendo diario. Esta gorra de buena calidad te hace disfrutar de excelentes actividades al aire libre. Y tambi\u00e9n es un gran regalo para tus amigos, familiares, compa\u00f1eros, etc.<\/span><\/span><br \/>\n<span style=\"font-family: arial , helvetica , sans-serif; font-size: 16.0px;\">Nuestra Gorra est\u00e1 hecha de material transpirable de alta calidad, puede darle peso ligero y sensaci\u00f3n de uso c\u00f3moda.<\/span><\/p>\n<ul>\n<li><span style=\"font-size: 16.0px;\"><span style=\"font-family: arial , helvetica , sans-serif;\">Perfecto para exteriores: perfecto para viajar, senderismo, jardiner\u00eda, pesca y otras actividades al aire libre. Para las estaciones: primavera, verano, oto\u00f1o e invierno.<\/span><\/span><\/li>\n<li><span style=\"font-size: 16.0px;\"><span style=\"font-family: arial , helvetica , sans-serif;\">Gorra de b\u00e9isbol t\u00e1ctica: Estas gorras de b\u00e9isbol est\u00e1n hechas para aventureros al aire libre, veteranos. Y gama de desgaste gracias a una correa ajustable y durabilidad resistente.<\/span><\/span><\/li>\n<li><span style=\"font-size: 16.0px;\"><span style=\"font-family: arial , helvetica , sans-serif;\">Pegatina: Este sombrero t\u00e1ctico tiene una hebilla de nylon estampada en la parte delantera, puede pegar cualquier insignia de gorra que prefiera.<\/span><\/span><\/li>\n<li><span style=\"font-size: 16.0px;\"><span style=\"font-family: arial , helvetica , sans-serif;\">Con 6 agujeros-transpirables y c\u00f3modos, estos sombreros de b\u00e9isbol t\u00e1cticos el sudor y ayudan a eliminar los olores para mejorar la comodidad mientras se pesca, caza o tiro.<\/span><\/span><\/li>\n<li><span style=\"font-size: 16.0px;\"><span style=\"font-family: arial , helvetica , sans-serif;\">Opciones de Color vers\u00e1tiles: elige entre cinco colores de estilo militar para combinar tu ropa de supervivencia o la ropa del diario.<\/span><\/span><\/li>\n<li><span style=\"font-size: 16.0px;\"><span style=\"font-family: arial , helvetica , sans-serif;\">Talla \u00fanica: La correa trasera ajustable y el dise\u00f1o que se ajusta a la forma aseguran que estos gorros se adapten a adolescentes, hombres y mujeres con mayor comodidad.<\/span><\/span><\/li>\n<\/ul>\n<p><span style=\"font-size: 16.0px;\"><span style=\"font-family: arial , helvetica , sans-serif;\"><span style=\"font-family: arial , helvetica , sans-serif;\"><strong>Especificaciones:<\/strong><br \/>\nMarca: JIUSUYI<br \/>\nG\u00e9nero: hombres, mujeres, Unisex<br \/>\nColor como se muestra en las im\u00e1genes<br \/>\nMaterial: 65% poli\u00e9ster + 35% algod\u00f3n<br \/>\nEl paquete incluye: 1 Uds gorra de b\u00e9isbol<br \/>\n<img decoding=\"async\" title=\"Gorras militares de b\u00e9isbol Multicam CP camuflaje malla militar t\u00e1ctico Airsoft deporte ajustable Snapback Contractor pap\u00e1 sombreros hombres mujeres\" src=\"https:\/\/bodegaoutdoor.cl\/store\/wp-content\/uploads\/2020\/07\/5742-25kzm2.jpg\" alt=\"Gorras militares de b\u00e9isbol Multicam CP camuflaje malla militar t\u00e1ctico Airsoft deporte ajustable Snapback Contractor pap\u00e1 sombreros hombres mujeres\" \/><img decoding=\"async\" title=\"Gorras militares de b\u00e9isbol Multicam CP camuflaje malla militar t\u00e1ctico Airsoft deporte ajustable Snapback Contractor pap\u00e1 sombreros hombres mujeres\" src=\"https:\/\/bodegaoutdoor.cl\/store\/wp-content\/uploads\/2020\/07\/5742-nnannl.jpg\" alt=\"Gorras militares de b\u00e9isbol Multicam CP camuflaje malla militar t\u00e1ctico Airsoft deporte ajustable Snapback Contractor pap\u00e1 sombreros hombres mujeres\" \/><img decoding=\"async\" title=\"Gorras militares de b\u00e9isbol Multicam CP camuflaje malla militar t\u00e1ctico Airsoft deporte ajustable Snapback Contractor pap\u00e1 sombreros hombres mujeres\" src=\"https:\/\/bodegaoutdoor.cl\/store\/wp-content\/uploads\/2020\/07\/5742-q18cne.jpg\" alt=\"Gorras militares de b\u00e9isbol Multicam CP camuflaje malla militar t\u00e1ctico Airsoft deporte ajustable Snapback Contractor pap\u00e1 sombreros hombres mujeres\" \/><img decoding=\"async\" title=\"Gorras militares de b\u00e9isbol Multicam CP camuflaje malla militar t\u00e1ctico Airsoft deporte ajustable Snapback Contractor pap\u00e1 sombreros hombres mujeres\" src=\"https:\/\/bodegaoutdoor.cl\/store\/wp-content\/uploads\/2020\/07\/5742-i5zflh.jpg\" alt=\"Gorras militares de b\u00e9isbol Multicam CP camuflaje malla militar t\u00e1ctico Airsoft deporte ajustable Snapback Contractor pap\u00e1 sombreros hombres mujeres\" \/><img decoding=\"async\" title=\"Gorras militares de b\u00e9isbol Multicam CP camuflaje malla militar t\u00e1ctico Airsoft deporte ajustable Snapback Contractor pap\u00e1 sombreros hombres mujeres\" src=\"https:\/\/bodegaoutdoor.cl\/store\/wp-content\/uploads\/2020\/07\/5742-whwwdp.jpg\" alt=\"Gorras militares de b\u00e9isbol Multicam CP camuflaje malla militar t\u00e1ctico Airsoft deporte ajustable Snapback Contractor pap\u00e1 sombreros hombres mujeres\" \/><img decoding=\"async\" title=\"Gorras militares de b\u00e9isbol Multicam CP camuflaje malla militar t\u00e1ctico Airsoft deporte ajustable Snapback Contractor pap\u00e1 sombreros hombres mujeres\" src=\"https:\/\/bodegaoutdoor.cl\/store\/wp-content\/uploads\/2020\/07\/5742-6vwa7e.jpg\" alt=\"Gorras militares de b\u00e9isbol Multicam CP camuflaje malla militar t\u00e1ctico Airsoft deporte ajustable Snapback Contractor pap\u00e1 sombreros hombres mujeres\" \/><img decoding=\"async\" title=\"Gorras militares de b\u00e9isbol Multicam CP camuflaje malla militar t\u00e1ctico Airsoft deporte ajustable Snapback Contractor pap\u00e1 sombreros hombres mujeres\" src=\"https:\/\/bodegaoutdoor.cl\/store\/wp-content\/uploads\/2020\/07\/5742-ctxuos.jpg\" alt=\"Gorras militares de b\u00e9isbol Multicam CP camuflaje malla militar t\u00e1ctico Airsoft deporte ajustable Snapback Contractor pap\u00e1 sombreros hombres mujeres\" \/><img decoding=\"async\" title=\"Gorras militares de b\u00e9isbol Multicam CP camuflaje malla militar t\u00e1ctico Airsoft deporte ajustable Snapback Contractor pap\u00e1 sombreros hombres mujeres\" src=\"https:\/\/bodegaoutdoor.cl\/store\/wp-content\/uploads\/2020\/07\/5742-ccwzpo.jpg\" alt=\"Gorras militares de b\u00e9isbol Multicam CP camuflaje malla militar t\u00e1ctico Airsoft deporte ajustable Snapback Contractor pap\u00e1 sombreros hombres mujeres\" \/><img decoding=\"async\" title=\"Gorras militares de b\u00e9isbol Multicam CP camuflaje malla militar t\u00e1ctico Airsoft deporte ajustable Snapback Contractor pap\u00e1 sombreros hombres mujeres\" src=\"https:\/\/bodegaoutdoor.cl\/store\/wp-content\/uploads\/2020\/07\/5742-nmj0ff.jpg\" alt=\"Gorras militares de b\u00e9isbol Multicam CP camuflaje malla militar t\u00e1ctico Airsoft deporte ajustable Snapback Contractor pap\u00e1 sombreros hombres mujeres\" \/><img decoding=\"async\" title=\"Gorras militares de b\u00e9isbol Multicam CP camuflaje malla militar t\u00e1ctico Airsoft deporte ajustable Snapback Contractor pap\u00e1 sombreros hombres mujeres\" src=\"https:\/\/bodegaoutdoor.cl\/store\/wp-content\/uploads\/2020\/07\/5742-sbviez.jpg\" alt=\"Gorras militares de b\u00e9isbol Multicam CP camuflaje malla militar t\u00e1ctico Airsoft deporte ajustable Snapback Contractor pap\u00e1 sombreros hombres mujeres\" \/><img decoding=\"async\" title=\"Gorras militares de b\u00e9isbol Multicam CP camuflaje malla militar t\u00e1ctico Airsoft deporte ajustable Snapback Contractor pap\u00e1 sombreros hombres mujeres\" src=\"https:\/\/bodegaoutdoor.cl\/store\/wp-content\/uploads\/2020\/07\/5742-xuoq8u.jpg\" alt=\"Gorras militares de b\u00e9isbol Multicam CP camuflaje malla militar t\u00e1ctico Airsoft deporte ajustable Snapback Contractor pap\u00e1 sombreros hombres mujeres\" \/><img decoding=\"async\" title=\"Gorras militares de b\u00e9isbol Multicam CP camuflaje malla militar t\u00e1ctico Airsoft deporte ajustable Snapback Contractor pap\u00e1 sombreros hombres mujeres\" src=\"https:\/\/bodegaoutdoor.cl\/store\/wp-content\/uploads\/2020\/07\/5742-rucpah.jpg\" alt=\"Gorras militares de b\u00e9isbol Multicam CP camuflaje malla militar t\u00e1ctico Airsoft deporte ajustable Snapback Contractor pap\u00e1 sombreros hombres mujeres\" \/><img decoding=\"async\" title=\"Gorras militares de b\u00e9isbol Multicam CP camuflaje malla militar t\u00e1ctico Airsoft deporte ajustable Snapback Contractor pap\u00e1 sombreros hombres mujeres\" src=\"https:\/\/bodegaoutdoor.cl\/store\/wp-content\/uploads\/2020\/07\/5742-vq1ube.jpg\" alt=\"Gorras militares de b\u00e9isbol Multicam CP camuflaje malla militar t\u00e1ctico Airsoft deporte ajustable Snapback Contractor pap\u00e1 sombreros hombres mujeres\" \/><img decoding=\"async\" title=\"Gorras militares de b\u00e9isbol Multicam CP camuflaje malla militar t\u00e1ctico Airsoft deporte ajustable Snapback Contractor pap\u00e1 sombreros hombres mujeres\" src=\"https:\/\/bodegaoutdoor.cl\/store\/wp-content\/uploads\/2020\/07\/5742-4rl2f1.jpg\" alt=\"Gorras militares de b\u00e9isbol Multicam CP camuflaje malla militar t\u00e1ctico Airsoft deporte ajustable Snapback Contractor pap\u00e1 sombreros hombres mujeres\" \/><img decoding=\"async\" title=\"Gorras militares de b\u00e9isbol Multicam CP camuflaje malla militar t\u00e1ctico Airsoft deporte ajustable Snapback Contractor pap\u00e1 sombreros hombres mujeres\" src=\"https:\/\/bodegaoutdoor.cl\/store\/wp-content\/uploads\/2020\/07\/5742-xndwb7.jpg\" alt=\"Gorras militares de b\u00e9isbol Multicam CP camuflaje malla militar t\u00e1ctico Airsoft deporte ajustable Snapback Contractor pap\u00e1 sombreros hombres mujeres\" \/><img decoding=\"async\" title=\"Gorras militares de b\u00e9isbol Multicam CP camuflaje malla militar t\u00e1ctico Airsoft deporte ajustable Snapback Contractor pap\u00e1 sombreros hombres mujeres\" src=\"https:\/\/bodegaoutdoor.cl\/store\/wp-content\/uploads\/2020\/07\/5742-mifrqc.jpg\" alt=\"Gorras militares de b\u00e9isbol Multicam CP camuflaje malla militar t\u00e1ctico Airsoft deporte ajustable Snapback Contractor pap\u00e1 sombreros hombres mujeres\" \/><img decoding=\"async\" title=\"Gorras militares de b\u00e9isbol Multicam CP camuflaje malla militar t\u00e1ctico Airsoft deporte ajustable Snapback Contractor pap\u00e1 sombreros hombres mujeres\" src=\"https:\/\/bodegaoutdoor.cl\/store\/wp-content\/uploads\/2020\/07\/5742-3grdxr.jpg\" alt=\"Gorras militares de b\u00e9isbol Multicam CP camuflaje malla militar t\u00e1ctico Airsoft deporte ajustable Snapback Contractor pap\u00e1 sombreros hombres mujeres\" \/><img decoding=\"async\" title=\"Gorras militares de b\u00e9isbol Multicam CP camuflaje malla militar t\u00e1ctico Airsoft deporte ajustable Snapback Contractor pap\u00e1 sombreros hombres mujeres\" src=\"https:\/\/bodegaoutdoor.cl\/store\/wp-content\/uploads\/2020\/07\/5742-ynmhnv.jpg\" alt=\"Gorras militares de b\u00e9isbol Multicam CP camuflaje malla militar t\u00e1ctico Airsoft deporte ajustable Snapback Contractor pap\u00e1 sombreros hombres mujeres\" \/><img decoding=\"async\" title=\"Gorras militares de b\u00e9isbol Multicam CP camuflaje malla militar t\u00e1ctico Airsoft deporte ajustable Snapback Contractor pap\u00e1 sombreros hombres mujeres\" src=\"https:\/\/bodegaoutdoor.cl\/store\/wp-content\/uploads\/2020\/07\/5742-hfk0ka.jpg\" alt=\"Gorras militares de b\u00e9isbol Multicam CP camuflaje malla militar t\u00e1ctico Airsoft deporte ajustable Snapback Contractor pap\u00e1 sombreros hombres mujeres\" \/><img decoding=\"async\" title=\"Gorras militares de b\u00e9isbol Multicam CP camuflaje malla militar t\u00e1ctico Airsoft deporte ajustable Snapback Contractor pap\u00e1 sombreros hombres mujeres\" src=\"https:\/\/bodegaoutdoor.cl\/store\/wp-content\/uploads\/2020\/07\/5742-ktfqiw.jpg\" alt=\"Gorras militares de b\u00e9isbol Multicam CP camuflaje malla militar t\u00e1ctico Airsoft deporte ajustable Snapback Contractor pap\u00e1 sombreros hombres mujeres\" \/><img decoding=\"async\" title=\"Gorras militares de b\u00e9isbol Multicam CP camuflaje malla militar t\u00e1ctico Airsoft deporte ajustable Snapback Contractor pap\u00e1 sombreros hombres mujeres\" src=\"https:\/\/bodegaoutdoor.cl\/store\/wp-content\/uploads\/2020\/07\/5742-vsttib.jpg\" alt=\"Gorras militares de b\u00e9isbol Multicam CP camuflaje malla militar t\u00e1ctico Airsoft deporte ajustable Snapback Contractor pap\u00e1 sombreros hombres mujeres\" \/><img decoding=\"async\" title=\"Gorras militares de b\u00e9isbol Multicam CP camuflaje malla militar t\u00e1ctico Airsoft deporte ajustable Snapback Contractor pap\u00e1 sombreros hombres mujeres\" src=\"https:\/\/bodegaoutdoor.cl\/store\/wp-content\/uploads\/2020\/07\/5742-dycraf.jpg\" alt=\"Gorras militares de b\u00e9isbol Multicam CP camuflaje malla militar t\u00e1ctico Airsoft deporte ajustable Snapback Contractor pap\u00e1 sombreros hombres mujeres\" \/><img decoding=\"async\" title=\"Gorras militares de b\u00e9isbol Multicam CP camuflaje malla militar t\u00e1ctico Airsoft deporte ajustable Snapback Contractor pap\u00e1 sombreros hombres mujeres\" src=\"https:\/\/bodegaoutdoor.cl\/store\/wp-content\/uploads\/2020\/07\/5742-wtzqdb.jpg\" alt=\"Gorras militares de b\u00e9isbol Multicam CP camuflaje malla militar t\u00e1ctico Airsoft deporte ajustable Snapback Contractor pap\u00e1 sombreros hombres mujeres\" \/><\/span><\/span><\/span><\/p>\n<table style=\"width: 1112.0px;\" border=\"0\" width=\"1109\" cellspacing=\"0\" cellpadding=\"0\">\n<tbody>\n<tr>\n<td style=\"height: 19.0px;\" colspan=\"9\"><\/td>\n<td><\/td>\n<td><\/td>\n<td><\/td>\n<td><\/td>\n<td><\/td>\n<\/tr>\n<\/tbody>\n<\/table>\n<\/div>\n<\/div>\n<\/div>\n<div style=\"margin: 0 auto; max-width: 1000px;\">\n<p style=\"overflow: hidden; height: 1px; padding: 0; margin: 0;\">RM3408898366445953<\/p>\n<p>&nbsp;<\/p>\n<div style=\"margin-top: -112.66%;\">\n<div style=\"margin-left: 0.0%; width: 25.0%;\"><a href=\"\/\/www.aliexpress.com\/item\/info\/32586836998.html\"><img decoding=\"async\" style=\"font-size: 10px;\" title=\"Gorras militares de b\u00e9isbol Multicam CP camuflaje malla militar t\u00e1ctico Airsoft deporte ajustable Snapback Contractor pap\u00e1 sombreros hombres mujeres\" src=\"https:\/\/bodegaoutdoor.cl\/store\/wp-content\/uploads\/2020\/07\/5742-rocexb.png\" alt=\"Gorras militares de b\u00e9isbol Multicam CP camuflaje malla militar t\u00e1ctico Airsoft deporte ajustable Snapback Contractor pap\u00e1 sombreros hombres mujeres\" \/><\/a><\/div>\n<div style=\"margin-left: 25.0%; margin-top: -37.55%; width: 25.0%;\"><a href=\"\/\/www.aliexpress.com\/item\/info\/32808058218.html\"><img decoding=\"async\" style=\"font-size: 10px;\" title=\"Gorras militares de b\u00e9isbol Multicam CP camuflaje malla militar t\u00e1ctico Airsoft deporte ajustable Snapback Contractor pap\u00e1 sombreros hombres mujeres\" src=\"https:\/\/bodegaoutdoor.cl\/store\/wp-content\/uploads\/2020\/07\/5742-rocexb.png\" alt=\"Gorras militares de b\u00e9isbol Multicam CP camuflaje malla militar t\u00e1ctico Airsoft deporte ajustable Snapback Contractor pap\u00e1 sombreros hombres mujeres\" \/><\/a><\/div>\n<div style=\"margin-left: 50.0%; margin-top: -37.55%; width: 25.0%;\"><a href=\"\/\/www.aliexpress.com\/item\/info\/32249071594.html\"><img decoding=\"async\" style=\"font-size: 10px;\" title=\"Gorras militares de b\u00e9isbol Multicam CP camuflaje malla militar t\u00e1ctico Airsoft deporte ajustable Snapback Contractor pap\u00e1 sombreros hombres mujeres\" src=\"https:\/\/bodegaoutdoor.cl\/store\/wp-content\/uploads\/2020\/07\/5742-rocexb.png\" alt=\"Gorras militares de b\u00e9isbol Multicam CP camuflaje malla militar t\u00e1ctico Airsoft deporte ajustable Snapback Contractor pap\u00e1 sombreros hombres mujeres\" \/><\/a><\/div>\n<div style=\"margin-left: 75.0%; margin-top: -37.55%; width: 25.0%;\"><a href=\"\/\/www.aliexpress.com\/item\/info\/4000274270915.html\"><img decoding=\"async\" style=\"font-size: 10px;\" title=\"Gorras militares de b\u00e9isbol Multicam CP camuflaje malla militar t\u00e1ctico Airsoft deporte ajustable Snapback Contractor pap\u00e1 sombreros hombres mujeres\" src=\"https:\/\/bodegaoutdoor.cl\/store\/wp-content\/uploads\/2020\/07\/5742-rocexb.png\" alt=\"Gorras militares de b\u00e9isbol Multicam CP camuflaje malla militar t\u00e1ctico Airsoft deporte ajustable Snapback Contractor pap\u00e1 sombreros hombres mujeres\" \/><\/a><\/div>\n<div style=\"margin-left: 0.0%; width: 25.0%;\"><a href=\"\/\/www.aliexpress.com\/item\/info\/4000271101023.html\"><img decoding=\"async\" style=\"font-size: 10px;\" title=\"Gorras militares de b\u00e9isbol Multicam CP camuflaje malla militar t\u00e1ctico Airsoft deporte ajustable Snapback Contractor pap\u00e1 sombreros hombres mujeres\" src=\"https:\/\/bodegaoutdoor.cl\/store\/wp-content\/uploads\/2020\/07\/5742-rocexb.png\" alt=\"Gorras militares de b\u00e9isbol Multicam CP camuflaje malla militar t\u00e1ctico Airsoft deporte ajustable Snapback Contractor pap\u00e1 sombreros hombres mujeres\" \/><\/a><\/div>\n<div style=\"margin-left: 25.0%; margin-top: -37.55%; width: 25.0%;\"><a href=\"\/\/www.aliexpress.com\/item\/info\/4000090160203.html\"><img decoding=\"async\" style=\"font-size: 10px;\" title=\"Gorras militares de b\u00e9isbol Multicam CP camuflaje malla militar t\u00e1ctico Airsoft deporte ajustable Snapback Contractor pap\u00e1 sombreros hombres mujeres\" src=\"https:\/\/bodegaoutdoor.cl\/store\/wp-content\/uploads\/2020\/07\/5742-rocexb.png\" alt=\"Gorras militares de b\u00e9isbol Multicam CP camuflaje malla militar t\u00e1ctico Airsoft deporte ajustable Snapback Contractor pap\u00e1 sombreros hombres mujeres\" \/><\/a><\/div>\n<div style=\"margin-left: 50.0%; margin-top: -37.55%; width: 25.0%;\"><a href=\"\/\/www.aliexpress.com\/item\/info\/33046967251.html\"><img decoding=\"async\" style=\"font-size: 10px;\" title=\"Gorras militares de b\u00e9isbol Multicam CP camuflaje malla militar t\u00e1ctico Airsoft deporte ajustable Snapback Contractor pap\u00e1 sombreros hombres mujeres\" src=\"https:\/\/bodegaoutdoor.cl\/store\/wp-content\/uploads\/2020\/07\/5742-rocexb.png\" alt=\"Gorras militares de b\u00e9isbol Multicam CP camuflaje malla militar t\u00e1ctico Airsoft deporte ajustable Snapback Contractor pap\u00e1 sombreros hombres mujeres\" \/><\/a><\/div>\n<div style=\"margin-left: 75.0%; margin-top: -37.55%; width: 25.0%;\"><a href=\"\/\/www.aliexpress.com\/item\/info\/4000087090410.html\"><img decoding=\"async\" style=\"font-size: 10px;\" title=\"Gorras militares de b\u00e9isbol Multicam CP camuflaje malla militar t\u00e1ctico Airsoft deporte ajustable Snapback Contractor pap\u00e1 sombreros hombres mujeres\" src=\"https:\/\/bodegaoutdoor.cl\/store\/wp-content\/uploads\/2020\/07\/5742-rocexb.png\" alt=\"Gorras militares de b\u00e9isbol Multicam CP camuflaje malla militar t\u00e1ctico Airsoft deporte ajustable Snapback Contractor pap\u00e1 sombreros hombres mujeres\" \/><\/a><\/div>\n<div style=\"margin-left: 0.0%; width: 25.0%;\"><a href=\"\/\/www.aliexpress.com\/item\/info\/4000283830418.html\"><img decoding=\"async\" style=\"font-size: 10px;\" title=\"Gorras militares de b\u00e9isbol Multicam CP camuflaje malla militar t\u00e1ctico Airsoft deporte ajustable Snapback Contractor pap\u00e1 sombreros hombres mujeres\" src=\"https:\/\/bodegaoutdoor.cl\/store\/wp-content\/uploads\/2020\/07\/5742-rocexb.png\" alt=\"Gorras militares de b\u00e9isbol Multicam CP camuflaje malla militar t\u00e1ctico Airsoft deporte ajustable Snapback Contractor pap\u00e1 sombreros hombres mujeres\" \/><\/a><\/div>\n<div style=\"margin-left: 25.0%; margin-top: -37.55%; width: 25.0%;\"><a href=\"\/\/www.aliexpress.com\/item\/info\/4000266138095.html\"><img decoding=\"async\" style=\"font-size: 10px;\" title=\"Gorras militares de b\u00e9isbol Multicam CP camuflaje malla militar t\u00e1ctico Airsoft deporte ajustable Snapback Contractor pap\u00e1 sombreros hombres mujeres\" src=\"https:\/\/bodegaoutdoor.cl\/store\/wp-content\/uploads\/2020\/07\/5742-rocexb.png\" alt=\"Gorras militares de b\u00e9isbol Multicam CP camuflaje malla militar t\u00e1ctico Airsoft deporte ajustable Snapback Contractor pap\u00e1 sombreros hombres mujeres\" \/><\/a><\/div>\n<div style=\"margin-left: 50.0%; margin-top: -37.55%; width: 25.0%;\"><\/div>\n<div style=\"margin-left: 75.0%; margin-top: -37.55%; width: 25.0%;\"><a href=\"\/\/www.aliexpress.com\/item\/info\/4000283070778.html\"><img decoding=\"async\" style=\"font-size: 10px;\" title=\"Gorras militares de b\u00e9isbol Multicam CP camuflaje malla militar t\u00e1ctico Airsoft deporte ajustable Snapback Contractor pap\u00e1 sombreros hombres mujeres\" src=\"https:\/\/bodegaoutdoor.cl\/store\/wp-content\/uploads\/2020\/07\/5742-rocexb.png\" alt=\"Gorras militares de b\u00e9isbol Multicam CP camuflaje malla militar t\u00e1ctico Airsoft deporte ajustable Snapback Contractor pap\u00e1 sombreros hombres mujeres\" \/><\/a><\/div>\n<\/div>\n<\/div>\n<\/div>\n\n    <div class=\"xs_social_share_widget xs_share_url after_content \t\tmain_content  wslu-style-1 wslu-share-box-shaped wslu-fill-colored wslu-none wslu-share-horizontal wslu-theme-font-no wslu-main_content\">\n\n\t\t\n        <ul>\n\t\t\t        <\/ul>\n    <\/div> \n","protected":false},"excerpt":{"rendered":"<p>Gorra t\u00e1ctica de dise\u00f1o profesional JIUSUYI Nuestra Gorra de operador t\u00e1ctico es una gorra bien hecha y agradable. El color s\u00f3lido y el material de alta calidad lo hacen parte de la moda. Es ligero y adecuado para interiores y exteriores, ideal para cualquier atuendo diario. Esta gorra de buena calidad te hace disfrutar de [&hellip;]<\/p>\n","protected":false},"featured_media":6104,"comment_status":"open","ping_status":"closed","template":"","meta":{"jetpack_publicize_message":"","jetpack_publicize_feature_enabled":true,"jetpack_social_post_already_shared":true,"jetpack_social_options":{"image_generator_settings":{"template":"highway","enabled":false},"version":2}},"product_brand":[],"product_cat":[15,487,1316],"product_tag":[],"class_list":{"0":"post-5742","1":"product","2":"type-product","3":"status-publish","4":"has-post-thumbnail","6":"product_cat-otros","7":"product_cat-airsoft","8":"product_cat-gorros","10":"first","11":"instock","12":"sale","13":"taxable","14":"shipping-taxable","15":"purchasable","16":"product-type-variable"},"jetpack_publicize_connections":[],"jetpack_sharing_enabled":true,"_links":{"self":[{"href":"https:\/\/bodegaoutdoor.cl\/store\/wp-json\/wp\/v2\/product\/5742","targetHints":{"allow":["GET"]}}],"collection":[{"href":"https:\/\/bodegaoutdoor.cl\/store\/wp-json\/wp\/v2\/product"}],"about":[{"href":"https:\/\/bodegaoutdoor.cl\/store\/wp-json\/wp\/v2\/types\/product"}],"replies":[{"embeddable":true,"href":"https:\/\/bodegaoutdoor.cl\/store\/wp-json\/wp\/v2\/comments?post=5742"}],"version-history":[{"count":2,"href":"https:\/\/bodegaoutdoor.cl\/store\/wp-json\/wp\/v2\/product\/5742\/revisions"}],"predecessor-version":[{"id":71349,"href":"https:\/\/bodegaoutdoor.cl\/store\/wp-json\/wp\/v2\/product\/5742\/revisions\/71349"}],"wp:featuredmedia":[{"embeddable":true,"href":"https:\/\/bodegaoutdoor.cl\/store\/wp-json\/wp\/v2\/media\/6104"}],"wp:attachment":[{"href":"https:\/\/bodegaoutdoor.cl\/store\/wp-json\/wp\/v2\/media?parent=5742"}],"wp:term":[{"taxonomy":"product_brand","embeddable":true,"href":"https:\/\/bodegaoutdoor.cl\/store\/wp-json\/wp\/v2\/product_brand?post=5742"},{"taxonomy":"product_cat","embeddable":true,"href":"https:\/\/bodegaoutdoor.cl\/store\/wp-json\/wp\/v2\/product_cat?post=5742"},{"taxonomy":"product_tag","embeddable":true,"href":"https:\/\/bodegaoutdoor.cl\/store\/wp-json\/wp\/v2\/product_tag?post=5742"}],"curies":[{"name":"wp","href":"https:\/\/api.w.org\/{rel}","templated":true}]}}