{"id":59141,"date":"2022-07-04T14:50:54","date_gmt":"2022-07-04T18:50:54","guid":{"rendered":"https:\/\/bodegaoutdoor.cl\/store\/product\/chaqueta-de-cuerpo-completo-para-montar-en-motocicleta-armadura-de-proteccion-para-el-pecho-hombro-y-columna-vertebral-ropa-de-motor-otono-e-invierno\/"},"modified":"2023-05-04T19:18:44","modified_gmt":"2023-05-04T23:18:44","slug":"chaqueta-motocicleta-proteccion-moto-hombro-y-columna-vertebral-indumentaria-jofa-protecciones","status":"publish","type":"product","link":"https:\/\/bodegaoutdoor.cl\/store\/product\/chaqueta-motocicleta-proteccion-moto-hombro-y-columna-vertebral-indumentaria-jofa-protecciones\/","title":{"rendered":"Chaqueta motocicleta, protecci\u00f3n moto, hombro y columna vertebral, indumentaria, jofa protecciones"},"content":{"rendered":"<div>\n<div style=\"font-family: Arial, Helvetica, sans-serif; font-size: 12px; line-height: 150%;\">\n<p><span style=\"font-size: 18pt;\"><strong>Especificaciones:<\/strong><\/span><br \/>\n<span style=\"font-size: 18pt;\">Color: Negro<\/span><br \/>\n<span style=\"font-size: 18pt;\">Material: PVC + Lycra + EVA<\/span><br \/>\n<span style=\"font-size: 18pt;\">Tama\u00f1o del art\u00edculo: M L XL XXL XXXL<strong>(Horma Chica)<\/strong><\/span><br \/>\n<span style=\"font-size: 18pt;\">Tama\u00f1os detallados consulte la imagen.<\/span><\/p>\n<p>&nbsp;<\/p>\n<p style=\"font-size: 24px; font-weight: bold; line-height: 30px; margin-bottom: 6px;\"><img decoding=\"async\" src=\"https:\/\/bodegaoutdoor.cl\/store\/wp-content\/uploads\/2022\/07\/jofa02.jpg\" \/><\/p>\n<p style=\"font-size: 24px; font-weight: bold; line-height: 30px; margin-bottom: 6px;\"><img decoding=\"async\" src=\"https:\/\/bodegaoutdoor.cl\/store\/wp-content\/uploads\/2022\/07\/gsc_110642924_215319_3.jpg\" \/><img decoding=\"async\" src=\"https:\/\/bodegaoutdoor.cl\/store\/wp-content\/uploads\/2022\/07\/gsc_110642924_215319_1.jpg\" \/><\/p>\n<p>&nbsp;<\/p>\n<\/div>\n<\/div>\n<div>\n<div style=\"font-family: Arial, Helvetica, sans-serif; font-size: 12px; line-height: 150%;\">\n<p><img decoding=\"async\" title=\"Chaqueta de cuerpo completo para montar en motocicleta, armadura de protecci\u00f3n para el pecho, hombro y columna vertebral, ropa de Motor, Oto\u00f1o e Invierno\" src=\"https:\/\/bodegaoutdoor.cl\/store\/wp-content\/uploads\/2022\/07\/59141-blymzg.jpg\" alt=\"Chaqueta de cuerpo completo para montar en motocicleta, armadura de protecci\u00f3n para el pecho, hombro y columna vertebral, ropa de Motor, Oto\u00f1o e Invierno\" \/><br \/>\n<img decoding=\"async\" title=\"Chaqueta de cuerpo completo para montar en motocicleta, armadura de protecci\u00f3n para el pecho, hombro y columna vertebral, ropa de Motor, Oto\u00f1o e Invierno\" src=\"https:\/\/bodegaoutdoor.cl\/store\/wp-content\/uploads\/2022\/07\/59141-eoa5pg.jpg\" alt=\"Chaqueta de cuerpo completo para montar en motocicleta, armadura de protecci\u00f3n para el pecho, hombro y columna vertebral, ropa de Motor, Oto\u00f1o e Invierno\" \/><br \/>\n<img decoding=\"async\" title=\"Chaqueta de cuerpo completo para montar en motocicleta, armadura de protecci\u00f3n para el pecho, hombro y columna vertebral, ropa de Motor, Oto\u00f1o e Invierno\" src=\"https:\/\/bodegaoutdoor.cl\/store\/wp-content\/uploads\/2022\/07\/59141-i1bysd.jpg\" alt=\"Chaqueta de cuerpo completo para montar en motocicleta, armadura de protecci\u00f3n para el pecho, hombro y columna vertebral, ropa de Motor, Oto\u00f1o e Invierno\" \/><br \/>\n<img decoding=\"async\" title=\"Chaqueta de cuerpo completo para montar en motocicleta, armadura de protecci\u00f3n para el pecho, hombro y columna vertebral, ropa de Motor, Oto\u00f1o e Invierno\" src=\"https:\/\/bodegaoutdoor.cl\/store\/wp-content\/uploads\/2022\/07\/59141-9tqppn.jpg\" alt=\"Chaqueta de cuerpo completo para montar en motocicleta, armadura de protecci\u00f3n para el pecho, hombro y columna vertebral, ropa de Motor, Oto\u00f1o e Invierno\" \/><\/p>\n<\/div>\n<\/div>\n<p>&nbsp;<\/p>\n\n    <div class=\"xs_social_share_widget xs_share_url after_content \t\tmain_content  wslu-style-1 wslu-share-box-shaped wslu-fill-colored wslu-none wslu-share-horizontal wslu-theme-font-no wslu-main_content\">\n\n\t\t\n        <ul>\n\t\t\t        <\/ul>\n    <\/div> \n","protected":false},"excerpt":{"rendered":"<p>Especificaciones: Color: Negro Material: PVC + Lycra + EVA Tama\u00f1o del art\u00edculo: M L XL XXL XXXL(Horma Chica) Tama\u00f1os detallados consulte la imagen. &nbsp; &nbsp; &nbsp;<\/p>\n","protected":false},"featured_media":59147,"comment_status":"open","ping_status":"closed","template":"","meta":{"jetpack_publicize_message":"","jetpack_publicize_feature_enabled":true,"jetpack_social_post_already_shared":true,"jetpack_social_options":{"image_generator_settings":{"template":"highway","enabled":false},"version":2}},"product_brand":[],"product_cat":[1159],"product_tag":[3647,3646],"class_list":{"0":"post-59141","1":"product","2":"type-product","3":"status-publish","4":"has-post-thumbnail","6":"product_cat-protecciones","7":"product_tag-chaqueta-moto","8":"product_tag-jofa","10":"first","11":"instock","12":"taxable","13":"shipping-taxable","14":"purchasable","15":"product-type-variable"},"jetpack_publicize_connections":[],"jetpack_sharing_enabled":true,"_links":{"self":[{"href":"https:\/\/bodegaoutdoor.cl\/store\/wp-json\/wp\/v2\/product\/59141","targetHints":{"allow":["GET"]}}],"collection":[{"href":"https:\/\/bodegaoutdoor.cl\/store\/wp-json\/wp\/v2\/product"}],"about":[{"href":"https:\/\/bodegaoutdoor.cl\/store\/wp-json\/wp\/v2\/types\/product"}],"replies":[{"embeddable":true,"href":"https:\/\/bodegaoutdoor.cl\/store\/wp-json\/wp\/v2\/comments?post=59141"}],"version-history":[{"count":2,"href":"https:\/\/bodegaoutdoor.cl\/store\/wp-json\/wp\/v2\/product\/59141\/revisions"}],"predecessor-version":[{"id":70912,"href":"https:\/\/bodegaoutdoor.cl\/store\/wp-json\/wp\/v2\/product\/59141\/revisions\/70912"}],"wp:featuredmedia":[{"embeddable":true,"href":"https:\/\/bodegaoutdoor.cl\/store\/wp-json\/wp\/v2\/media\/59147"}],"wp:attachment":[{"href":"https:\/\/bodegaoutdoor.cl\/store\/wp-json\/wp\/v2\/media?parent=59141"}],"wp:term":[{"taxonomy":"product_brand","embeddable":true,"href":"https:\/\/bodegaoutdoor.cl\/store\/wp-json\/wp\/v2\/product_brand?post=59141"},{"taxonomy":"product_cat","embeddable":true,"href":"https:\/\/bodegaoutdoor.cl\/store\/wp-json\/wp\/v2\/product_cat?post=59141"},{"taxonomy":"product_tag","embeddable":true,"href":"https:\/\/bodegaoutdoor.cl\/store\/wp-json\/wp\/v2\/product_tag?post=59141"}],"curies":[{"name":"wp","href":"https:\/\/api.w.org\/{rel}","templated":true}]}}