{"id":59202,"date":"2022-07-06T20:31:35","date_gmt":"2022-07-07T00:31:35","guid":{"rendered":"https:\/\/bodegaoutdoor.cl\/store\/?post_type=product&#038;p=59202"},"modified":"2024-03-05T18:34:37","modified_gmt":"2024-03-05T21:34:37","slug":"north-edge-reloj-inteligente-con-gps-para-hombre-pulsera-con-monitor-de-ritmo-cardiaco-y-presion-arterial-impermeable-ip67-altimetro-barometro-brujula-clima","status":"publish","type":"product","link":"https:\/\/bodegaoutdoor.cl\/store\/product\/north-edge-reloj-inteligente-con-gps-para-hombre-pulsera-con-monitor-de-ritmo-cardiaco-y-presion-arterial-impermeable-ip67-altimetro-barometro-brujula-clima\/","title":{"rendered":"NORTH EDGE-reloj inteligente con GPS para hombre, pulsera con Monitor de ritmo card\u00edaco y presi\u00f3n arterial, impermeable IP67, alt\u00edmetro, bar\u00f3metro, br\u00fajula, clima"},"content":{"rendered":"<p style=\"text-align: center;\"><video style=\"max-width: 100%;\" src=\"\/\/cloud.video.taobao.com\/play\/u\/4288843436\/p\/1\/e\/6\/t\/10301\/271731399180.mp4\" poster=\"https:\/\/ae01.alicdn.com\/kf\/Sccce06b6ed294274b8fd9f6055cad3c4L\/NORTH-EDGE-reloj-inteligente-con-GPS-para-hombre-pulsera-con-Monitor-de-ritmo-card-aco-y.jpg,https:\/\/ae01.alicdn.com\/kf\/He39356cdcda44764aa708fe98946dab2h\/NORTH-EDGE-reloj-inteligente-con-GPS-para-hombre-pulsera-con-Monitor-de-ritmo-card-aco-y.jpg,https:\/\/ae01.alicdn.com\/kf\/Hbe658d6dbad14ba39841bb3c38c4a298W\/NORTH-EDGE-reloj-inteligente-con-GPS-para-hombre-pulsera-con-Monitor-de-ritmo-card-aco-y.jpg,https:\/\/ae01.alicdn.com\/kf\/He82ef063977d4ce298d21aca73eb5f15F\/NORTH-EDGE-reloj-inteligente-con-GPS-para-hombre-pulsera-con-Monitor-de-ritmo-card-aco-y.jpg,https:\/\/ae01.alicdn.com\/kf\/H9604afa54a344169b49b421cd630d327W\/NORTH-EDGE-reloj-inteligente-con-GPS-para-hombre-pulsera-con-Monitor-de-ritmo-card-aco-y.jpg,https:\/\/ae01.alicdn.com\/kf\/H541a6037c1894da1a8af45da5f825b20j\/NORTH-EDGE-reloj-inteligente-con-GPS-para-hombre-pulsera-con-Monitor-de-ritmo-card-aco-y.jpg\" preload=\"auto\" controls=\"controls\" width=\"100%\" height=\"100%\"><\/video><\/p>\n<div>\n<div>\n<p>&nbsp;<\/p>\n<div><\/div>\n<div>\n<div>\n<div><\/div>\n<div>\n<div>\n<p>&nbsp;<\/p>\n<div><\/div>\n<div>\n<div>\n<div><\/div>\n<div>\n<div>\n<div>\n<div id=\"1100011110934\" data-previewurl=\"\/\/ae01.alicdn.com\/kf\/Sad11eab080e641ecbb4c605a655ebdfbY.jpg\"><\/div>\n<\/div>\n<\/div>\n<\/div>\n<div><\/div>\n<div>\n<p style=\"font-family: OpenSans; font-size: 20px; font-weight: 900; line-height: 28px; margin-bottom: 12px;\">Especificaciones del producto<\/p>\n<p style=\"font-family: OpenSans; font-size: 14px; font-weight: 300; line-height: 20px; margin-bottom: 12px;\">1. Material del cuerpo: PC + fibra de vidrio + aleaci\u00f3n<br \/>\n2. Material de la correa: silicona l\u00edquida<br \/>\n3. Tama\u00f1o de pantalla (pulgadas): Pantalla t\u00e1ctil completa IPS de 1,3 pulgadas<br \/>\n4. Resoluci\u00f3n: 240*240dpi<br \/>\n5. Panel t\u00e1ctil: t\u00e1ctil completo capacitivo de 1,3 pulgadas<br \/>\n6. Capacidad de la bater\u00eda Ploymer integrada: Li-ion polymer320mAh<br \/>\n7.Chipset:MTK2503A-ARM7<br \/>\n8. Br\u00fajula, presi\u00f3n atmosf\u00e9rica, altitud<\/p>\n<\/div>\n<div>\n<p>Reloj integrado en idiomas: chino, ingl\u00e9s, franc\u00e9s, espa\u00f1ol, polaco, portugu\u00e9s, italiano, holand\u00e9s, turco, japon\u00e9s, ruso, alem\u00e1n, etc.<\/p>\n<\/div>\n<div>\n<p style=\"font-family: OpenSans; font-size: 20px; font-weight: 900; line-height: 28px; margin-bottom: 12px;\">Caracter\u00edsticas del producto<\/p>\n<p style=\"font-family: OpenSans; font-size: 14px; font-weight: 300; line-height: 20px; margin-bottom: 12px;\">1. Grabaci\u00f3n autom\u00e1tica de actividad (caminar, distancia, calor\u00edas)<br \/>\n2. Pista de grabaci\u00f3n GPS integrada (correr al aire libre, ciclismo, escalada, marat\u00f3n)<br \/>\n3. monitor de frecuencia card\u00edaca en tiempo real din\u00e1mico est\u00e1tico\/soporte para el monitor de presi\u00f3n arterial.<br \/>\n4. monitor de Sue\u00f1o autom\u00e1tico<br \/>\n5. Admite llamadas compatibles con Bluetooth<br \/>\n6. Pulsador de mensaje\/recordatorio de mensaje de redes sociales<br \/>\n7. Controles de c\u00e1mara, reproducci\u00f3n de m\u00fasica Bluetooth\/micr\u00f3fono\/altavoz\/sincronizaci\u00f3n con reproductor de m\u00fasica de tel\u00e9fono m\u00f3vil, recordatorio antip\u00e9rdida<br \/>\n8. Tiempo Real, 9. Calculadora\/temporizador\/cron\u00f3metro, luz de gestos, reproductor de m\u00fasica, encontrar el auricular, recordatorio de sedentarismo.<\/p>\n<\/div>\n<div><img decoding=\"async\" title=\"NORTH EDGE-reloj inteligente con GPS para hombre, pulsera con Monitor de ritmo card\u00edaco y presi\u00f3n arterial, impermeable IP67, alt\u00edmetro, bar\u00f3metro, br\u00fajula, clima\" src=\"https:\/\/bodegaoutdoor.cl\/store\/wp-content\/uploads\/2022\/07\/59202-1iz1zw.jpg\" alt=\"NORTH EDGE-reloj inteligente con GPS para hombre, pulsera con Monitor de ritmo card\u00edaco y presi\u00f3n arterial, impermeable IP67, alt\u00edmetro, bar\u00f3metro, br\u00fajula, clima\" \/><img decoding=\"async\" title=\"NORTH EDGE-reloj inteligente con GPS para hombre, pulsera con Monitor de ritmo card\u00edaco y presi\u00f3n arterial, impermeable IP67, alt\u00edmetro, bar\u00f3metro, br\u00fajula, clima\" src=\"https:\/\/bodegaoutdoor.cl\/store\/wp-content\/uploads\/2022\/07\/59202-xgxxte.jpg\" alt=\"NORTH EDGE-reloj inteligente con GPS para hombre, pulsera con Monitor de ritmo card\u00edaco y presi\u00f3n arterial, impermeable IP67, alt\u00edmetro, bar\u00f3metro, br\u00fajula, clima\" \/><img decoding=\"async\" title=\"NORTH EDGE-reloj inteligente con GPS para hombre, pulsera con Monitor de ritmo card\u00edaco y presi\u00f3n arterial, impermeable IP67, alt\u00edmetro, bar\u00f3metro, br\u00fajula, clima\" src=\"https:\/\/bodegaoutdoor.cl\/store\/wp-content\/uploads\/2022\/07\/59202-n4tgdi.jpg\" alt=\"NORTH EDGE-reloj inteligente con GPS para hombre, pulsera con Monitor de ritmo card\u00edaco y presi\u00f3n arterial, impermeable IP67, alt\u00edmetro, bar\u00f3metro, br\u00fajula, clima\" \/><img decoding=\"async\" title=\"NORTH EDGE-reloj inteligente con GPS para hombre, pulsera con Monitor de ritmo card\u00edaco y presi\u00f3n arterial, impermeable IP67, alt\u00edmetro, bar\u00f3metro, br\u00fajula, clima\" src=\"https:\/\/bodegaoutdoor.cl\/store\/wp-content\/uploads\/2022\/07\/59202-i1squ3.jpg\" alt=\"NORTH EDGE-reloj inteligente con GPS para hombre, pulsera con Monitor de ritmo card\u00edaco y presi\u00f3n arterial, impermeable IP67, alt\u00edmetro, bar\u00f3metro, br\u00fajula, clima\" \/><img decoding=\"async\" title=\"NORTH EDGE-reloj inteligente con GPS para hombre, pulsera con Monitor de ritmo card\u00edaco y presi\u00f3n arterial, impermeable IP67, alt\u00edmetro, bar\u00f3metro, br\u00fajula, clima\" src=\"https:\/\/bodegaoutdoor.cl\/store\/wp-content\/uploads\/2022\/07\/59202-x7m07k.jpg\" alt=\"NORTH EDGE-reloj inteligente con GPS para hombre, pulsera con Monitor de ritmo card\u00edaco y presi\u00f3n arterial, impermeable IP67, alt\u00edmetro, bar\u00f3metro, br\u00fajula, clima\" \/><img decoding=\"async\" title=\"NORTH EDGE-reloj inteligente con GPS para hombre, pulsera con Monitor de ritmo card\u00edaco y presi\u00f3n arterial, impermeable IP67, alt\u00edmetro, bar\u00f3metro, br\u00fajula, clima\" src=\"https:\/\/bodegaoutdoor.cl\/store\/wp-content\/uploads\/2022\/07\/59202-atfoeh.jpg\" alt=\"NORTH EDGE-reloj inteligente con GPS para hombre, pulsera con Monitor de ritmo card\u00edaco y presi\u00f3n arterial, impermeable IP67, alt\u00edmetro, bar\u00f3metro, br\u00fajula, clima\" \/><img decoding=\"async\" title=\"NORTH EDGE-reloj inteligente con GPS para hombre, pulsera con Monitor de ritmo card\u00edaco y presi\u00f3n arterial, impermeable IP67, alt\u00edmetro, bar\u00f3metro, br\u00fajula, clima\" src=\"https:\/\/bodegaoutdoor.cl\/store\/wp-content\/uploads\/2022\/07\/59202-f1qez6.jpg\" alt=\"NORTH EDGE-reloj inteligente con GPS para hombre, pulsera con Monitor de ritmo card\u00edaco y presi\u00f3n arterial, impermeable IP67, alt\u00edmetro, bar\u00f3metro, br\u00fajula, clima\" \/><img decoding=\"async\" title=\"NORTH EDGE-reloj inteligente con GPS para hombre, pulsera con Monitor de ritmo card\u00edaco y presi\u00f3n arterial, impermeable IP67, alt\u00edmetro, bar\u00f3metro, br\u00fajula, clima\" src=\"https:\/\/bodegaoutdoor.cl\/store\/wp-content\/uploads\/2022\/07\/59202-7gcfop.jpg\" alt=\"NORTH EDGE-reloj inteligente con GPS para hombre, pulsera con Monitor de ritmo card\u00edaco y presi\u00f3n arterial, impermeable IP67, alt\u00edmetro, bar\u00f3metro, br\u00fajula, clima\" \/><img decoding=\"async\" title=\"NORTH EDGE-reloj inteligente con GPS para hombre, pulsera con Monitor de ritmo card\u00edaco y presi\u00f3n arterial, impermeable IP67, alt\u00edmetro, bar\u00f3metro, br\u00fajula, clima\" src=\"https:\/\/bodegaoutdoor.cl\/store\/wp-content\/uploads\/2022\/07\/59202-awixth.jpg\" alt=\"NORTH EDGE-reloj inteligente con GPS para hombre, pulsera con Monitor de ritmo card\u00edaco y presi\u00f3n arterial, impermeable IP67, alt\u00edmetro, bar\u00f3metro, br\u00fajula, clima\" \/><img decoding=\"async\" title=\"NORTH EDGE-reloj inteligente con GPS para hombre, pulsera con Monitor de ritmo card\u00edaco y presi\u00f3n arterial, impermeable IP67, alt\u00edmetro, bar\u00f3metro, br\u00fajula, clima\" src=\"https:\/\/bodegaoutdoor.cl\/store\/wp-content\/uploads\/2022\/07\/59202-hlt7wt.jpg\" alt=\"NORTH EDGE-reloj inteligente con GPS para hombre, pulsera con Monitor de ritmo card\u00edaco y presi\u00f3n arterial, impermeable IP67, alt\u00edmetro, bar\u00f3metro, br\u00fajula, clima\" \/><\/div>\n<div><img decoding=\"async\" title=\"NORTH EDGE-reloj inteligente con GPS para hombre, pulsera con Monitor de ritmo card\u00edaco y presi\u00f3n arterial, impermeable IP67, alt\u00edmetro, bar\u00f3metro, br\u00fajula, clima\" src=\"https:\/\/bodegaoutdoor.cl\/store\/wp-content\/uploads\/2022\/07\/59202-nzob31.jpg\" alt=\"NORTH EDGE-reloj inteligente con GPS para hombre, pulsera con Monitor de ritmo card\u00edaco y presi\u00f3n arterial, impermeable IP67, alt\u00edmetro, bar\u00f3metro, br\u00fajula, clima\" \/><img decoding=\"async\" title=\"NORTH EDGE-reloj inteligente con GPS para hombre, pulsera con Monitor de ritmo card\u00edaco y presi\u00f3n arterial, impermeable IP67, alt\u00edmetro, bar\u00f3metro, br\u00fajula, clima\" src=\"https:\/\/bodegaoutdoor.cl\/store\/wp-content\/uploads\/2022\/07\/59202-yvbjcy.jpg\" alt=\"NORTH EDGE-reloj inteligente con GPS para hombre, pulsera con Monitor de ritmo card\u00edaco y presi\u00f3n arterial, impermeable IP67, alt\u00edmetro, bar\u00f3metro, br\u00fajula, clima\" \/><img decoding=\"async\" title=\"NORTH EDGE-reloj inteligente con GPS para hombre, pulsera con Monitor de ritmo card\u00edaco y presi\u00f3n arterial, impermeable IP67, alt\u00edmetro, bar\u00f3metro, br\u00fajula, clima\" src=\"https:\/\/bodegaoutdoor.cl\/store\/wp-content\/uploads\/2022\/07\/59202-fcgqmt.jpg\" alt=\"NORTH EDGE-reloj inteligente con GPS para hombre, pulsera con Monitor de ritmo card\u00edaco y presi\u00f3n arterial, impermeable IP67, alt\u00edmetro, bar\u00f3metro, br\u00fajula, clima\" \/><img decoding=\"async\" title=\"NORTH EDGE-reloj inteligente con GPS para hombre, pulsera con Monitor de ritmo card\u00edaco y presi\u00f3n arterial, impermeable IP67, alt\u00edmetro, bar\u00f3metro, br\u00fajula, clima\" src=\"https:\/\/bodegaoutdoor.cl\/store\/wp-content\/uploads\/2022\/07\/59202-mof47c.jpg\" alt=\"NORTH EDGE-reloj inteligente con GPS para hombre, pulsera con Monitor de ritmo card\u00edaco y presi\u00f3n arterial, impermeable IP67, alt\u00edmetro, bar\u00f3metro, br\u00fajula, clima\" \/><img decoding=\"async\" title=\"NORTH EDGE-reloj inteligente con GPS para hombre, pulsera con Monitor de ritmo card\u00edaco y presi\u00f3n arterial, impermeable IP67, alt\u00edmetro, bar\u00f3metro, br\u00fajula, clima\" src=\"https:\/\/bodegaoutdoor.cl\/store\/wp-content\/uploads\/2022\/07\/59202-rj63zf.jpg\" alt=\"NORTH EDGE-reloj inteligente con GPS para hombre, pulsera con Monitor de ritmo card\u00edaco y presi\u00f3n arterial, impermeable IP67, alt\u00edmetro, bar\u00f3metro, br\u00fajula, clima\" \/><img decoding=\"async\" title=\"NORTH EDGE-reloj inteligente con GPS para hombre, pulsera con Monitor de ritmo card\u00edaco y presi\u00f3n arterial, impermeable IP67, alt\u00edmetro, bar\u00f3metro, br\u00fajula, clima\" src=\"https:\/\/bodegaoutdoor.cl\/store\/wp-content\/uploads\/2022\/07\/59202-ekvlxb.jpg\" alt=\"NORTH EDGE-reloj inteligente con GPS para hombre, pulsera con Monitor de ritmo card\u00edaco y presi\u00f3n arterial, impermeable IP67, alt\u00edmetro, bar\u00f3metro, br\u00fajula, clima\" \/><img decoding=\"async\" title=\"NORTH EDGE-reloj inteligente con GPS para hombre, pulsera con Monitor de ritmo card\u00edaco y presi\u00f3n arterial, impermeable IP67, alt\u00edmetro, bar\u00f3metro, br\u00fajula, clima\" src=\"https:\/\/bodegaoutdoor.cl\/store\/wp-content\/uploads\/2022\/07\/59202-35fvc7.jpg\" alt=\"NORTH EDGE-reloj inteligente con GPS para hombre, pulsera con Monitor de ritmo card\u00edaco y presi\u00f3n arterial, impermeable IP67, alt\u00edmetro, bar\u00f3metro, br\u00fajula, clima\" \/><img decoding=\"async\" title=\"NORTH EDGE-reloj inteligente con GPS para hombre, pulsera con Monitor de ritmo card\u00edaco y presi\u00f3n arterial, impermeable IP67, alt\u00edmetro, bar\u00f3metro, br\u00fajula, clima\" src=\"https:\/\/bodegaoutdoor.cl\/store\/wp-content\/uploads\/2022\/07\/59202-2evunk.jpg\" alt=\"NORTH EDGE-reloj inteligente con GPS para hombre, pulsera con Monitor de ritmo card\u00edaco y presi\u00f3n arterial, impermeable IP67, alt\u00edmetro, bar\u00f3metro, br\u00fajula, clima\" \/><img decoding=\"async\" title=\"NORTH EDGE-reloj inteligente con GPS para hombre, pulsera con Monitor de ritmo card\u00edaco y presi\u00f3n arterial, impermeable IP67, alt\u00edmetro, bar\u00f3metro, br\u00fajula, clima\" src=\"https:\/\/bodegaoutdoor.cl\/store\/wp-content\/uploads\/2022\/07\/59202-cr5lrn.jpg\" alt=\"NORTH EDGE-reloj inteligente con GPS para hombre, pulsera con Monitor de ritmo card\u00edaco y presi\u00f3n arterial, impermeable IP67, alt\u00edmetro, bar\u00f3metro, br\u00fajula, clima\" \/><img decoding=\"async\" title=\"NORTH EDGE-reloj inteligente con GPS para hombre, pulsera con Monitor de ritmo card\u00edaco y presi\u00f3n arterial, impermeable IP67, alt\u00edmetro, bar\u00f3metro, br\u00fajula, clima\" src=\"https:\/\/bodegaoutdoor.cl\/store\/wp-content\/uploads\/2022\/07\/59202-v4jzij.jpg\" alt=\"NORTH EDGE-reloj inteligente con GPS para hombre, pulsera con Monitor de ritmo card\u00edaco y presi\u00f3n arterial, impermeable IP67, alt\u00edmetro, bar\u00f3metro, br\u00fajula, clima\" \/><\/div>\n<div><img decoding=\"async\" title=\"NORTH EDGE-reloj inteligente con GPS para hombre, pulsera con Monitor de ritmo card\u00edaco y presi\u00f3n arterial, impermeable IP67, alt\u00edmetro, bar\u00f3metro, br\u00fajula, clima\" src=\"https:\/\/bodegaoutdoor.cl\/store\/wp-content\/uploads\/2022\/07\/59202-pabf1o.jpg\" alt=\"NORTH EDGE-reloj inteligente con GPS para hombre, pulsera con Monitor de ritmo card\u00edaco y presi\u00f3n arterial, impermeable IP67, alt\u00edmetro, bar\u00f3metro, br\u00fajula, clima\" \/><\/div>\n<div><\/div>\n<\/div>\n<\/div>\n<p>&nbsp;<\/p>\n<div><\/div>\n<\/div>\n<\/div>\n<div><\/div>\n<\/div>\n<\/div>\n<p>&nbsp;<\/p>\n<\/div>\n<\/div>\n\n    <div class=\"xs_social_share_widget xs_share_url after_content \t\tmain_content  wslu-style-1 wslu-share-box-shaped wslu-fill-colored wslu-none wslu-share-horizontal wslu-theme-font-no wslu-main_content\">\n\n\t\t\n        <ul>\n\t\t\t        <\/ul>\n    <\/div> \n","protected":false},"excerpt":{"rendered":"<p>&nbsp; &nbsp; Especificaciones del producto 1. Material del cuerpo: PC + fibra de vidrio + aleaci\u00f3n 2. Material de la correa: silicona l\u00edquida 3. Tama\u00f1o de pantalla (pulgadas): Pantalla t\u00e1ctil completa IPS de 1,3 pulgadas 4. Resoluci\u00f3n: 240*240dpi 5. Panel t\u00e1ctil: t\u00e1ctil completo capacitivo de 1,3 pulgadas 6. Capacidad de la bater\u00eda Ploymer integrada: Li-ion [&hellip;]<\/p>\n","protected":false},"featured_media":59206,"comment_status":"open","ping_status":"closed","template":"","meta":{"jetpack_publicize_message":"","jetpack_publicize_feature_enabled":true,"jetpack_social_post_already_shared":true,"jetpack_social_options":{"image_generator_settings":{"template":"highway","enabled":false},"version":2}},"product_brand":[],"product_cat":[36],"product_tag":[3650,3649,3648,2830,486,2364],"class_list":{"0":"post-59202","1":"product","2":"type-product","3":"status-publish","4":"has-post-thumbnail","6":"product_cat-relojes","7":"product_tag-barometro","8":"product_tag-brujula","9":"product_tag-clima","10":"product_tag-gps","11":"product_tag-reloj","12":"product_tag-smartwatch","14":"first","15":"instock","16":"taxable","17":"shipping-taxable","18":"purchasable","19":"product-type-variable"},"jetpack_publicize_connections":[],"jetpack_sharing_enabled":true,"_links":{"self":[{"href":"https:\/\/bodegaoutdoor.cl\/store\/wp-json\/wp\/v2\/product\/59202","targetHints":{"allow":["GET"]}}],"collection":[{"href":"https:\/\/bodegaoutdoor.cl\/store\/wp-json\/wp\/v2\/product"}],"about":[{"href":"https:\/\/bodegaoutdoor.cl\/store\/wp-json\/wp\/v2\/types\/product"}],"replies":[{"embeddable":true,"href":"https:\/\/bodegaoutdoor.cl\/store\/wp-json\/wp\/v2\/comments?post=59202"}],"version-history":[{"count":1,"href":"https:\/\/bodegaoutdoor.cl\/store\/wp-json\/wp\/v2\/product\/59202\/revisions"}],"predecessor-version":[{"id":70911,"href":"https:\/\/bodegaoutdoor.cl\/store\/wp-json\/wp\/v2\/product\/59202\/revisions\/70911"}],"wp:featuredmedia":[{"embeddable":true,"href":"https:\/\/bodegaoutdoor.cl\/store\/wp-json\/wp\/v2\/media\/59206"}],"wp:attachment":[{"href":"https:\/\/bodegaoutdoor.cl\/store\/wp-json\/wp\/v2\/media?parent=59202"}],"wp:term":[{"taxonomy":"product_brand","embeddable":true,"href":"https:\/\/bodegaoutdoor.cl\/store\/wp-json\/wp\/v2\/product_brand?post=59202"},{"taxonomy":"product_cat","embeddable":true,"href":"https:\/\/bodegaoutdoor.cl\/store\/wp-json\/wp\/v2\/product_cat?post=59202"},{"taxonomy":"product_tag","embeddable":true,"href":"https:\/\/bodegaoutdoor.cl\/store\/wp-json\/wp\/v2\/product_tag?post=59202"}],"curies":[{"name":"wp","href":"https:\/\/api.w.org\/{rel}","templated":true}]}}