{"id":60871,"date":"2022-09-09T18:53:15","date_gmt":"2022-09-09T21:53:15","guid":{"rendered":"https:\/\/bodegaoutdoor.cl\/store\/?post_type=product&#038;p=60871"},"modified":"2023-05-04T19:18:43","modified_gmt":"2023-05-04T23:18:43","slug":"botas-militar-camuflaje-impermeable-caza-outdoor-airsoft","status":"publish","type":"product","link":"https:\/\/bodegaoutdoor.cl\/store\/product\/botas-militar-camuflaje-impermeable-caza-outdoor-airsoft\/","title":{"rendered":"Botas Militar Camuflaje Impermeable Caza \/ Outdoor \/ Airsoft"},"content":{"rendered":"<p>Caracter\u00edsticas:<\/p>\n<p>Corte de serraje y nylon resistentes y transpirables.<br \/>\nPuntera y tal\u00f3n.<br \/>\nSistema de ventilaci\u00f3n lateral en puntera.<br \/>\nSuela de goma\/caucho antideslizante.<br \/>\nDise\u00f1o ergon\u00f3mico.<br \/>\nRESISTE AL AGUA<br \/>\n.<br \/>\nTALLAS: 40\/41\/42\/43\/44\/45\/46<br \/>\nReferencia del pie: 24.5\/25\/26\/26.5\/27\/27.5\/28 cm<\/p>\n<p>&nbsp;<\/p>\n<p>&nbsp;<\/p>\n<p><img decoding=\"async\" class=\"aligncenter\" src=\"https:\/\/scontent.fzco2-1.fna.fbcdn.net\/v\/t39.30808-6\/302424278_1727797444242006_3298299554218271776_n.jpg?stp=dst-jpg_s960x960&amp;_nc_cat=103&amp;ccb=1-7&amp;_nc_sid=730e14&amp;_nc_ohc=p4Q8w31ghgcAX8CvCVa&amp;_nc_ht=scontent.fzco2-1.fna&amp;oh=00_AT9GfGurBJPltUdfhcVlqQVE4CLreZ5Wtsys1BmbQayf0w&amp;oe=631FE57F\" alt=\"Puede ser una imagen de botas\" \/><img fetchpriority=\"high\" decoding=\"async\" class=\"alignnone size-full wp-image-60874\" src=\"https:\/\/bodegaoutdoor.cl\/store\/wp-content\/uploads\/2022\/09\/bodegaoutdoor-2.jpg\" alt=\"\" width=\"1200\" height=\"874\" srcset=\"https:\/\/bodegaoutdoor.cl\/store\/wp-content\/uploads\/2022\/09\/bodegaoutdoor-2.jpg 1200w, https:\/\/bodegaoutdoor.cl\/store\/wp-content\/uploads\/2022\/09\/bodegaoutdoor-2-600x437.jpg 600w, https:\/\/bodegaoutdoor.cl\/store\/wp-content\/uploads\/2022\/09\/bodegaoutdoor-2-768x559.jpg 768w\" sizes=\"(max-width: 1200px) 100vw, 1200px\" \/> <img decoding=\"async\" class=\"alignnone size-full wp-image-60873\" src=\"https:\/\/bodegaoutdoor.cl\/store\/wp-content\/uploads\/2022\/09\/73eb9ac4-7a5e-4a99-880c-f02b6c122aed.jpg\" alt=\"\" width=\"1192\" height=\"1019\" srcset=\"https:\/\/bodegaoutdoor.cl\/store\/wp-content\/uploads\/2022\/09\/73eb9ac4-7a5e-4a99-880c-f02b6c122aed.jpg 1192w, https:\/\/bodegaoutdoor.cl\/store\/wp-content\/uploads\/2022\/09\/73eb9ac4-7a5e-4a99-880c-f02b6c122aed-600x513.jpg 600w, https:\/\/bodegaoutdoor.cl\/store\/wp-content\/uploads\/2022\/09\/73eb9ac4-7a5e-4a99-880c-f02b6c122aed-768x657.jpg 768w\" sizes=\"(max-width: 1192px) 100vw, 1192px\" \/> <img decoding=\"async\" class=\"alignnone size-full wp-image-60872\" src=\"https:\/\/bodegaoutdoor.cl\/store\/wp-content\/uploads\/2022\/09\/5aacd3db-c8d3-4000-b85d-540241078fb6.jpg\" alt=\"\" width=\"1195\" height=\"928\" srcset=\"https:\/\/bodegaoutdoor.cl\/store\/wp-content\/uploads\/2022\/09\/5aacd3db-c8d3-4000-b85d-540241078fb6.jpg 1195w, https:\/\/bodegaoutdoor.cl\/store\/wp-content\/uploads\/2022\/09\/5aacd3db-c8d3-4000-b85d-540241078fb6-600x466.jpg 600w, https:\/\/bodegaoutdoor.cl\/store\/wp-content\/uploads\/2022\/09\/5aacd3db-c8d3-4000-b85d-540241078fb6-768x596.jpg 768w\" sizes=\"(max-width: 1195px) 100vw, 1195px\" \/><\/p>\n\n    <div class=\"xs_social_share_widget xs_share_url after_content \t\tmain_content  wslu-style-1 wslu-share-box-shaped wslu-fill-colored wslu-none wslu-share-horizontal wslu-theme-font-no wslu-main_content\">\n\n\t\t\n        <ul>\n\t\t\t        <\/ul>\n    <\/div> \n","protected":false},"excerpt":{"rendered":"<p>Caracter\u00edsticas: Corte de serraje y nylon resistentes y transpirables. Puntera y tal\u00f3n. Sistema de ventilaci\u00f3n lateral en puntera. Suela de goma\/caucho antideslizante. Dise\u00f1o ergon\u00f3mico. RESISTE AL AGUA . TALLAS: 40\/41\/42\/43\/44\/45\/46 Referencia del pie: 24.5\/25\/26\/26.5\/27\/27.5\/28 cm &nbsp; &nbsp;<\/p>\n","protected":false},"featured_media":60874,"comment_status":"open","ping_status":"closed","template":"","meta":{"jetpack_publicize_message":"","jetpack_publicize_feature_enabled":true,"jetpack_social_post_already_shared":true,"jetpack_social_options":{"image_generator_settings":{"template":"highway","enabled":false},"version":2}},"product_brand":[],"product_cat":[41,43],"product_tag":[1447,1976,1975,3815],"class_list":{"0":"post-60871","1":"product","2":"type-product","3":"status-publish","4":"has-post-thumbnail","6":"product_cat-calzado","7":"product_cat-calzado-hombre","8":"product_tag-botas","9":"product_tag-camuflaje","10":"product_tag-hoja","11":"product_tag-leaf","13":"first","14":"instock","15":"sale","16":"taxable","17":"shipping-taxable","18":"purchasable","19":"product-type-variable"},"jetpack_publicize_connections":[],"jetpack_sharing_enabled":true,"_links":{"self":[{"href":"https:\/\/bodegaoutdoor.cl\/store\/wp-json\/wp\/v2\/product\/60871","targetHints":{"allow":["GET"]}}],"collection":[{"href":"https:\/\/bodegaoutdoor.cl\/store\/wp-json\/wp\/v2\/product"}],"about":[{"href":"https:\/\/bodegaoutdoor.cl\/store\/wp-json\/wp\/v2\/types\/product"}],"replies":[{"embeddable":true,"href":"https:\/\/bodegaoutdoor.cl\/store\/wp-json\/wp\/v2\/comments?post=60871"}],"version-history":[{"count":3,"href":"https:\/\/bodegaoutdoor.cl\/store\/wp-json\/wp\/v2\/product\/60871\/revisions"}],"predecessor-version":[{"id":60885,"href":"https:\/\/bodegaoutdoor.cl\/store\/wp-json\/wp\/v2\/product\/60871\/revisions\/60885"}],"wp:featuredmedia":[{"embeddable":true,"href":"https:\/\/bodegaoutdoor.cl\/store\/wp-json\/wp\/v2\/media\/60874"}],"wp:attachment":[{"href":"https:\/\/bodegaoutdoor.cl\/store\/wp-json\/wp\/v2\/media?parent=60871"}],"wp:term":[{"taxonomy":"product_brand","embeddable":true,"href":"https:\/\/bodegaoutdoor.cl\/store\/wp-json\/wp\/v2\/product_brand?post=60871"},{"taxonomy":"product_cat","embeddable":true,"href":"https:\/\/bodegaoutdoor.cl\/store\/wp-json\/wp\/v2\/product_cat?post=60871"},{"taxonomy":"product_tag","embeddable":true,"href":"https:\/\/bodegaoutdoor.cl\/store\/wp-json\/wp\/v2\/product_tag?post=60871"}],"curies":[{"name":"wp","href":"https:\/\/api.w.org\/{rel}","templated":true}]}}

<p>Características:</p>
<p>Corte de serraje y nylon resistentes y transpirables.<br />
Puntera y talón.<br />
Sistema de ventilación lateral en puntera.<br />
Suela de goma/caucho antideslizante.<br />
Diseño ergonómico.<br />
RESISTE AL AGUA<br />
.<br />
TALLAS: 40/41/42/43/44/45/46<br />
Referencia del pie: 24.5/25/26/26.5/27/27.5/28 cm</p>
<p>&nbsp;</p>
<p>&nbsp;</p>
<p><img decoding="async" class="aligncenter" src="https://scontent.fzco2-1.fna.fbcdn.net/v/t39.30808-6/302424278_1727797444242006_3298299554218271776_n.jpg?stp=dst-jpg_s960x960&amp;_nc_cat=103&amp;ccb=1-7&amp;_nc_sid=730e14&amp;_nc_ohc=p4Q8w31ghgcAX8CvCVa&amp;_nc_ht=scontent.fzco2-1.fna&amp;oh=00_AT9GfGurBJPltUdfhcVlqQVE4CLreZ5Wtsys1BmbQayf0w&amp;oe=631FE57F" alt="Puede ser una imagen de botas" /><img fetchpriority="high" decoding="async" class="alignnone size-full wp-image-60874" src="https://bodegaoutdoor.cl/store/wp-content/uploads/2022/09/bodegaoutdoor-2.jpg" alt="" width="1200" height="874" srcset="https://bodegaoutdoor.cl/store/wp-content/uploads/2022/09/bodegaoutdoor-2.jpg 1200w, https://bodegaoutdoor.cl/store/wp-content/uploads/2022/09/bodegaoutdoor-2-600x437.jpg 600w, https://bodegaoutdoor.cl/store/wp-content/uploads/2022/09/bodegaoutdoor-2-768x559.jpg 768w" sizes="(max-width: 1200px) 100vw, 1200px" /> <img decoding="async" class="alignnone size-full wp-image-60873" src="https://bodegaoutdoor.cl/store/wp-content/uploads/2022/09/73eb9ac4-7a5e-4a99-880c-f02b6c122aed.jpg" alt="" width="1192" height="1019" srcset="https://bodegaoutdoor.cl/store/wp-content/uploads/2022/09/73eb9ac4-7a5e-4a99-880c-f02b6c122aed.jpg 1192w, https://bodegaoutdoor.cl/store/wp-content/uploads/2022/09/73eb9ac4-7a5e-4a99-880c-f02b6c122aed-600x513.jpg 600w, https://bodegaoutdoor.cl/store/wp-content/uploads/2022/09/73eb9ac4-7a5e-4a99-880c-f02b6c122aed-768x657.jpg 768w" sizes="(max-width: 1192px) 100vw, 1192px" /> <img decoding="async" class="alignnone size-full wp-image-60872" src="https://bodegaoutdoor.cl/store/wp-content/uploads/2022/09/5aacd3db-c8d3-4000-b85d-540241078fb6.jpg" alt="" width="1195" height="928" srcset="https://bodegaoutdoor.cl/store/wp-content/uploads/2022/09/5aacd3db-c8d3-4000-b85d-540241078fb6.jpg 1195w, https://bodegaoutdoor.cl/store/wp-content/uploads/2022/09/5aacd3db-c8d3-4000-b85d-540241078fb6-600x466.jpg 600w, https://bodegaoutdoor.cl/store/wp-content/uploads/2022/09/5aacd3db-c8d3-4000-b85d-540241078fb6-768x596.jpg 768w" sizes="(max-width: 1195px) 100vw, 1195px" /></p>

    <div class="xs_social_share_widget xs_share_url after_content 		main_content  wslu-style-1 wslu-share-box-shaped wslu-fill-colored wslu-none wslu-share-horizontal wslu-theme-font-no wslu-main_content">

		
        <ul>
			        </ul>
    </div>

<p>Características: Corte de serraje y nylon resistentes y transpirables. Puntera y talón. Sistema de ventilación lateral en puntera. Suela de goma/caucho antideslizante. Diseño ergonómico. RESISTE AL AGUA . TALLAS: 40/41/42/43/44/45/46 Referencia del pie: 24.5/25/26/26.5/27/27.5/28 cm &nbsp; &nbsp;</p>
