{"id":6152,"date":"2020-07-17T06:48:48","date_gmt":"2020-07-17T06:48:48","guid":{"rendered":"https:\/\/bodegaoutdoor.cl\/store\/product\/pantalones-cortos-de-carga-militar-urbana-para-hombre-pantalones-cortos-de-algodon-para-exteriores-pantalon-de-camuflaje-pantalones-19ing\/"},"modified":"2023-05-04T19:19:37","modified_gmt":"2023-05-04T23:19:37","slug":"pantalones-cortos-de-carga-militar-urbana-para-hombre-pantalones-cortos-de-algodon-para-exteriores-pantalon-de-camuflaje-pantalones-19ing","status":"publish","type":"product","link":"https:\/\/bodegaoutdoor.cl\/store\/product\/pantalones-cortos-de-carga-militar-urbana-para-hombre-pantalones-cortos-de-algodon-para-exteriores-pantalon-de-camuflaje-pantalones-19ing\/","title":{"rendered":"Pantalones cortos cargo urbana para hombre, outdoor, camuflaje"},"content":{"rendered":"<div style=\"width: 798.0px;\">\n<p><strong>Caracter\u00edstica:<\/strong><br \/>\nESTILO: estilo Euramerican<br \/>\nTipo de ropa: Pantalones cortos urbanos militares Cargo pantalones cortos de algod\u00f3n Outdoor<br \/>\nLo mejor para sus actividades al aire libre, senderismo, Camping u otras.<br \/>\nMaterial: Material de algod\u00f3n<br \/>\n\u00a1C\u00f3modo para usar!<br \/>\n<span style=\"color: #e53333;\"><strong>Aviso:<\/strong><\/span><br \/>\n<span style=\"color: #e53333;\"><strong>Debido a los diferentes monitores y efectos de la luz, el color real puede ser ligeramente diferente al color de la imagen<\/strong><\/span><br \/>\n<span style=\"color: #e53333;\"><strong>Puede haber una diferencia de 2 a 4cm debido a la medici\u00f3n manual<\/strong><\/span><br \/>\n<span style=\"color: #e53333;\"><strong>El tama\u00f1o asi\u00e1tico es m\u00e1s peque\u00f1o que el tama\u00f1o de UE\/EE. UU.\/Reino Unido, compara las tallas detalladas con las tuyas antes de comprar.<\/strong><\/span><\/p>\n<p><strong>Tama\u00f1o cintura caderas longitud pierna abierta<\/strong><br \/>\nS: 76cm-85cm 96cm 54,5 cm 88cm<br \/>\nM: 81cm-90cm 102cm 56cm 92cm<br \/>\nL: 87cm-96cm 108cm 57,5 cm 96cm<br \/>\nXL: 92cm-101cm 112cm 59cm 100cm<br \/>\n2XL: 98cm-118cm 118cm 60,5 cm 104cm<\/p>\n<\/div>\n<div><img decoding=\"async\" title=\"Pantalones cortos de carga militar urbana para hombre, pantalones cortos de algod\u00f3n para exteriores, pantal\u00f3n de camuflaje, pantalones 19ing\" src=\"https:\/\/bodegaoutdoor.cl\/store\/wp-content\/uploads\/2020\/07\/6152-x01d8i.jpg\" alt=\"Pantalones cortos de carga militar urbana para hombre, pantalones cortos de algod\u00f3n para exteriores, pantal\u00f3n de camuflaje, pantalones 19ing\" \/><\/div>\n<p>1 x pantalones cortos<\/p>\n<div><img decoding=\"async\" title=\"Pantalones cortos de carga militar urbana para hombre, pantalones cortos de algod\u00f3n para exteriores, pantal\u00f3n de camuflaje, pantalones 19ing\" src=\"https:\/\/bodegaoutdoor.cl\/store\/wp-content\/uploads\/2020\/07\/6152-zb8mg6.jpg\" alt=\"Pantalones cortos de carga militar urbana para hombre, pantalones cortos de algod\u00f3n para exteriores, pantal\u00f3n de camuflaje, pantalones 19ing\" \/> <img decoding=\"async\" title=\"Pantalones cortos de carga militar urbana para hombre, pantalones cortos de algod\u00f3n para exteriores, pantal\u00f3n de camuflaje, pantalones 19ing\" src=\"https:\/\/bodegaoutdoor.cl\/store\/wp-content\/uploads\/2020\/07\/6152-jvicpy.jpg\" alt=\"Pantalones cortos de carga militar urbana para hombre, pantalones cortos de algod\u00f3n para exteriores, pantal\u00f3n de camuflaje, pantalones 19ing\" \/> <img decoding=\"async\" title=\"Pantalones cortos de carga militar urbana para hombre, pantalones cortos de algod\u00f3n para exteriores, pantal\u00f3n de camuflaje, pantalones 19ing\" src=\"https:\/\/bodegaoutdoor.cl\/store\/wp-content\/uploads\/2020\/07\/6152-zbrb6u.jpg\" alt=\"Pantalones cortos de carga militar urbana para hombre, pantalones cortos de algod\u00f3n para exteriores, pantal\u00f3n de camuflaje, pantalones 19ing\" \/> <img decoding=\"async\" title=\"Pantalones cortos de carga militar urbana para hombre, pantalones cortos de algod\u00f3n para exteriores, pantal\u00f3n de camuflaje, pantalones 19ing\" src=\"https:\/\/bodegaoutdoor.cl\/store\/wp-content\/uploads\/2020\/07\/6152-nx4eqp.jpg\" alt=\"Pantalones cortos de carga militar urbana para hombre, pantalones cortos de algod\u00f3n para exteriores, pantal\u00f3n de camuflaje, pantalones 19ing\" \/> <img decoding=\"async\" title=\"Pantalones cortos de carga militar urbana para hombre, pantalones cortos de algod\u00f3n para exteriores, pantal\u00f3n de camuflaje, pantalones 19ing\" src=\"https:\/\/bodegaoutdoor.cl\/store\/wp-content\/uploads\/2020\/07\/6152-kkjh2w.jpg\" alt=\"Pantalones cortos de carga militar urbana para hombre, pantalones cortos de algod\u00f3n para exteriores, pantal\u00f3n de camuflaje, pantalones 19ing\" \/> <img decoding=\"async\" title=\"Pantalones cortos de carga militar urbana para hombre, pantalones cortos de algod\u00f3n para exteriores, pantal\u00f3n de camuflaje, pantalones 19ing\" src=\"https:\/\/bodegaoutdoor.cl\/store\/wp-content\/uploads\/2020\/07\/6152-98bctn.jpg\" alt=\"Pantalones cortos de carga militar urbana para hombre, pantalones cortos de algod\u00f3n para exteriores, pantal\u00f3n de camuflaje, pantalones 19ing\" \/><\/div>\n<div style=\"padding: 15.0px; border: solid 1.0px #aeaeae; line-height: 1.6em; margin-bottom: 5.0px; overflow: hidden; height: 100.0%;\">\n<p>&nbsp;<\/p>\n<\/div>\n<div style=\"padding: 15.0px; border: solid 1.0px #aeaeae; line-height: 1.6em; margin-bottom: 5.0px; overflow: hidden; height: 100.0%;\"><\/div>\n\n    <div class=\"xs_social_share_widget xs_share_url after_content \t\tmain_content  wslu-style-1 wslu-share-box-shaped wslu-fill-colored wslu-none wslu-share-horizontal wslu-theme-font-no wslu-main_content\">\n\n\t\t\n        <ul>\n\t\t\t        <\/ul>\n    <\/div> \n","protected":false},"excerpt":{"rendered":"<p>Caracter\u00edstica: ESTILO: estilo Euramerican Tipo de ropa: Pantalones cortos urbanos militares Cargo pantalones cortos de algod\u00f3n Outdoor Lo mejor para sus actividades al aire libre, senderismo, Camping u otras. Material: Material de algod\u00f3n \u00a1C\u00f3modo para usar! Aviso: Debido a los diferentes monitores y efectos de la luz, el color real puede ser ligeramente diferente al [&hellip;]<\/p>\n","protected":false},"featured_media":6418,"comment_status":"open","ping_status":"closed","template":"","meta":{"jetpack_publicize_message":"","jetpack_publicize_feature_enabled":true,"jetpack_social_post_already_shared":true,"jetpack_social_options":{"image_generator_settings":{"template":"highway","enabled":false},"version":2}},"product_brand":[],"product_cat":[190,62],"product_tag":[],"class_list":{"0":"post-6152","1":"product","2":"type-product","3":"status-publish","4":"has-post-thumbnail","6":"product_cat-pantalones-hombre","7":"product_cat-vestuario-hombre","9":"first","10":"instock","11":"sale","12":"taxable","13":"shipping-taxable","14":"purchasable","15":"product-type-variable"},"jetpack_publicize_connections":[],"jetpack_sharing_enabled":true,"_links":{"self":[{"href":"https:\/\/bodegaoutdoor.cl\/store\/wp-json\/wp\/v2\/product\/6152","targetHints":{"allow":["GET"]}}],"collection":[{"href":"https:\/\/bodegaoutdoor.cl\/store\/wp-json\/wp\/v2\/product"}],"about":[{"href":"https:\/\/bodegaoutdoor.cl\/store\/wp-json\/wp\/v2\/types\/product"}],"replies":[{"embeddable":true,"href":"https:\/\/bodegaoutdoor.cl\/store\/wp-json\/wp\/v2\/comments?post=6152"}],"version-history":[{"count":1,"href":"https:\/\/bodegaoutdoor.cl\/store\/wp-json\/wp\/v2\/product\/6152\/revisions"}],"predecessor-version":[{"id":71344,"href":"https:\/\/bodegaoutdoor.cl\/store\/wp-json\/wp\/v2\/product\/6152\/revisions\/71344"}],"wp:featuredmedia":[{"embeddable":true,"href":"https:\/\/bodegaoutdoor.cl\/store\/wp-json\/wp\/v2\/media\/6418"}],"wp:attachment":[{"href":"https:\/\/bodegaoutdoor.cl\/store\/wp-json\/wp\/v2\/media?parent=6152"}],"wp:term":[{"taxonomy":"product_brand","embeddable":true,"href":"https:\/\/bodegaoutdoor.cl\/store\/wp-json\/wp\/v2\/product_brand?post=6152"},{"taxonomy":"product_cat","embeddable":true,"href":"https:\/\/bodegaoutdoor.cl\/store\/wp-json\/wp\/v2\/product_cat?post=6152"},{"taxonomy":"product_tag","embeddable":true,"href":"https:\/\/bodegaoutdoor.cl\/store\/wp-json\/wp\/v2\/product_tag?post=6152"}],"curies":[{"name":"wp","href":"https:\/\/api.w.org\/{rel}","templated":true}]}}