{"id":62134,"date":"2022-09-21T16:52:32","date_gmt":"2022-09-21T19:52:32","guid":{"rendered":"https:\/\/bodegaoutdoor.cl\/store\/product\/pantalones-tacticos-de-camuflaje-nocturno-g3-para-caza-pantalon-tactico-de-combate-al-aire-libre\/"},"modified":"2023-05-04T20:04:44","modified_gmt":"2023-05-05T00:04:44","slug":"pantalones-tacticos-de-camuflaje-nocturno-g3-para-caza-combate-entrenamiento-deportes-outdoor","status":"publish","type":"product","link":"https:\/\/bodegaoutdoor.cl\/store\/product\/pantalones-tacticos-de-camuflaje-nocturno-g3-para-caza-combate-entrenamiento-deportes-outdoor\/","title":{"rendered":"Pantalones t\u00e1cticos de camuflaje nocturno G3 para caza, combate, entrenamiento Deportes  outdoor"},"content":{"rendered":"<p><span style=\"font-family: tahoma, geneva, sans-serif;\"><span style=\"font-size: 20px;\">Im\u00e1genes y descripciones:<\/span><\/span><\/p>\n<p><img decoding=\"async\" title=\"Pantalones t\u00e1cticos de camuflaje nocturno G3 para caza, pantal\u00f3n t\u00e1ctico de combate al aire libre\" src=\"https:\/\/bodegaoutdoor.cl\/store\/wp-content\/uploads\/2022\/09\/62134-1duckc.jpg\" alt=\"Pantalones t\u00e1cticos de camuflaje nocturno G3 para caza, pantal\u00f3n t\u00e1ctico de combate al aire libre\" \/><\/p>\n<p><img decoding=\"async\" title=\"Pantalones t\u00e1cticos de camuflaje nocturno G3 para caza, pantal\u00f3n t\u00e1ctico de combate al aire libre\" src=\"https:\/\/bodegaoutdoor.cl\/store\/wp-content\/uploads\/2022\/09\/62134-t4ov7l.jpg\" alt=\"Pantalones t\u00e1cticos de camuflaje nocturno G3 para caza, pantal\u00f3n t\u00e1ctico de combate al aire libre\" \/><img decoding=\"async\" title=\"Pantalones t\u00e1cticos de camuflaje nocturno G3 para caza, pantal\u00f3n t\u00e1ctico de combate al aire libre\" src=\"https:\/\/bodegaoutdoor.cl\/store\/wp-content\/uploads\/2022\/09\/62134-jss3yj.jpg\" alt=\"Pantalones t\u00e1cticos de camuflaje nocturno G3 para caza, pantal\u00f3n t\u00e1ctico de combate al aire libre\" \/><img decoding=\"async\" title=\"Pantalones t\u00e1cticos de camuflaje nocturno G3 para caza, pantal\u00f3n t\u00e1ctico de combate al aire libre\" src=\"https:\/\/bodegaoutdoor.cl\/store\/wp-content\/uploads\/2022\/09\/62134-dheixd.jpg\" alt=\"Pantalones t\u00e1cticos de camuflaje nocturno G3 para caza, pantal\u00f3n t\u00e1ctico de combate al aire libre\" \/><img decoding=\"async\" title=\"Pantalones t\u00e1cticos de camuflaje nocturno G3 para caza, pantal\u00f3n t\u00e1ctico de combate al aire libre\" src=\"https:\/\/bodegaoutdoor.cl\/store\/wp-content\/uploads\/2022\/09\/62134-q5fzzy.jpg\" alt=\"Pantalones t\u00e1cticos de camuflaje nocturno G3 para caza, pantal\u00f3n t\u00e1ctico de combate al aire libre\" \/><img decoding=\"async\" title=\"Pantalones t\u00e1cticos de camuflaje nocturno G3 para caza, pantal\u00f3n t\u00e1ctico de combate al aire libre\" src=\"https:\/\/bodegaoutdoor.cl\/store\/wp-content\/uploads\/2022\/09\/62134-rpoxx4.jpg\" alt=\"Pantalones t\u00e1cticos de camuflaje nocturno G3 para caza, pantal\u00f3n t\u00e1ctico de combate al aire libre\" \/><\/p>\n<div>\n<p style=\"font-family: OpenSans; font-size: 14px; font-weight: 300; letter-spacing: normal; line-height: 20px; text-align: start; margin: 0px 0px 12px 0px;\" align=\"start\">\n<\/div>\n<p>&nbsp;<\/p>\n\n    <div class=\"xs_social_share_widget xs_share_url after_content \t\tmain_content  wslu-style-1 wslu-share-box-shaped wslu-fill-colored wslu-none wslu-share-horizontal wslu-theme-font-no wslu-main_content\">\n\n\t\t\n        <ul>\n\t\t\t        <\/ul>\n    <\/div> \n","protected":false},"excerpt":{"rendered":"<p>Im\u00e1genes y descripciones: &nbsp;<\/p>\n","protected":false},"featured_media":62142,"comment_status":"open","ping_status":"closed","template":"","meta":{"jetpack_publicize_message":"","jetpack_publicize_feature_enabled":true,"jetpack_social_post_already_shared":true,"jetpack_social_options":{"image_generator_settings":{"template":"highway","enabled":false},"version":2}},"product_brand":[],"product_cat":[190,62],"product_tag":[],"class_list":{"0":"post-62134","1":"product","2":"type-product","3":"status-publish","4":"has-post-thumbnail","6":"product_cat-pantalones-hombre","7":"product_cat-vestuario-hombre","9":"first","10":"instock","11":"taxable","12":"shipping-taxable","13":"purchasable","14":"product-type-variable"},"jetpack_publicize_connections":[],"jetpack_sharing_enabled":true,"_links":{"self":[{"href":"https:\/\/bodegaoutdoor.cl\/store\/wp-json\/wp\/v2\/product\/62134","targetHints":{"allow":["GET"]}}],"collection":[{"href":"https:\/\/bodegaoutdoor.cl\/store\/wp-json\/wp\/v2\/product"}],"about":[{"href":"https:\/\/bodegaoutdoor.cl\/store\/wp-json\/wp\/v2\/types\/product"}],"replies":[{"embeddable":true,"href":"https:\/\/bodegaoutdoor.cl\/store\/wp-json\/wp\/v2\/comments?post=62134"}],"version-history":[{"count":11,"href":"https:\/\/bodegaoutdoor.cl\/store\/wp-json\/wp\/v2\/product\/62134\/revisions"}],"predecessor-version":[{"id":70738,"href":"https:\/\/bodegaoutdoor.cl\/store\/wp-json\/wp\/v2\/product\/62134\/revisions\/70738"}],"wp:featuredmedia":[{"embeddable":true,"href":"https:\/\/bodegaoutdoor.cl\/store\/wp-json\/wp\/v2\/media\/62142"}],"wp:attachment":[{"href":"https:\/\/bodegaoutdoor.cl\/store\/wp-json\/wp\/v2\/media?parent=62134"}],"wp:term":[{"taxonomy":"product_brand","embeddable":true,"href":"https:\/\/bodegaoutdoor.cl\/store\/wp-json\/wp\/v2\/product_brand?post=62134"},{"taxonomy":"product_cat","embeddable":true,"href":"https:\/\/bodegaoutdoor.cl\/store\/wp-json\/wp\/v2\/product_cat?post=62134"},{"taxonomy":"product_tag","embeddable":true,"href":"https:\/\/bodegaoutdoor.cl\/store\/wp-json\/wp\/v2\/product_tag?post=62134"}],"curies":[{"name":"wp","href":"https:\/\/api.w.org\/{rel}","templated":true}]}}