{"id":62608,"date":"2022-09-30T16:20:14","date_gmt":"2022-09-30T19:20:14","guid":{"rendered":"https:\/\/bodegaoutdoor.cl\/store\/?post_type=product&#038;p=62608"},"modified":"2023-05-04T19:18:40","modified_gmt":"2023-05-04T23:18:40","slug":"colchoneta-camping-odin","status":"publish","type":"product","link":"https:\/\/bodegaoutdoor.cl\/store\/product\/colchoneta-camping-odin\/","title":{"rendered":"Colchoneta Camping Odin"},"content":{"rendered":"<p>Aislante t\u00e9rmico de alta tecnolog\u00eda<br \/>\n\u2022 Liviano, resistente e inodoro<br \/>\n\u2022 Modelo plegable para un f\u00e1cil almacenamiento<\/p>\n<p>Odin es un aislante t\u00e9rmico de alta tecnolog\u00eda de Azteq.<\/p>\n<p>Este modelo plegable tiene un acabado en aluminio y es f\u00e1cil de guardar.<\/p>\n<p>\u00a1Odin de Azteq es el mejor aislante de EVA! Ligero, resistente y con un lateral de aluminio para optimizar el aislamiento.<\/p>\n<p>Se presenta en formato c\u00e1scara de huevo, lo que aporta un mayor rendimiento y eficacia frente a los modelos tradicionales.<\/p>\n<p>Su medida es de 190 x 61 x 2cm y pesa unos 545g. Odin viene con cintas de apisonamiento para un mejor manejo.<\/p>\n<p>Informaciones generales:<br \/>\n\u2022 Material: polietileno reticulado XPE<br \/>\n\u2022 Dimensiones: 190 x 61 x 2 cm<br \/>\n\u2022 Peso: 545g<\/p>\n\n    <div class=\"xs_social_share_widget xs_share_url after_content \t\tmain_content  wslu-style-1 wslu-share-box-shaped wslu-fill-colored wslu-none wslu-share-horizontal wslu-theme-font-no wslu-main_content\">\n\n\t\t\n        <ul>\n\t\t\t        <\/ul>\n    <\/div> \n","protected":false},"excerpt":{"rendered":"<p>Aislante t\u00e9rmico de alta tecnolog\u00eda \u2022 Liviano, resistente e inodoro \u2022 Modelo plegable para un f\u00e1cil almacenamiento Odin es un aislante t\u00e9rmico de alta tecnolog\u00eda de Azteq. Este modelo plegable tiene un acabado en aluminio y es f\u00e1cil de guardar. \u00a1Odin de Azteq es el mejor aislante de EVA! Ligero, resistente y con un lateral [&hellip;]<\/p>\n","protected":false},"featured_media":62609,"comment_status":"open","ping_status":"closed","template":"","meta":{"jetpack_publicize_message":"","jetpack_publicize_feature_enabled":true,"jetpack_social_post_already_shared":true,"jetpack_social_options":{"image_generator_settings":{"template":"highway","enabled":false},"version":2}},"product_brand":[],"product_cat":[710],"product_tag":[],"class_list":{"0":"post-62608","1":"product","2":"type-product","3":"status-publish","4":"has-post-thumbnail","6":"product_cat-colchonetas-camping","8":"first","9":"instock","10":"sale","11":"taxable","12":"shipping-taxable","13":"purchasable","14":"product-type-simple"},"jetpack_publicize_connections":[],"jetpack_sharing_enabled":true,"_links":{"self":[{"href":"https:\/\/bodegaoutdoor.cl\/store\/wp-json\/wp\/v2\/product\/62608","targetHints":{"allow":["GET"]}}],"collection":[{"href":"https:\/\/bodegaoutdoor.cl\/store\/wp-json\/wp\/v2\/product"}],"about":[{"href":"https:\/\/bodegaoutdoor.cl\/store\/wp-json\/wp\/v2\/types\/product"}],"replies":[{"embeddable":true,"href":"https:\/\/bodegaoutdoor.cl\/store\/wp-json\/wp\/v2\/comments?post=62608"}],"version-history":[{"count":1,"href":"https:\/\/bodegaoutdoor.cl\/store\/wp-json\/wp\/v2\/product\/62608\/revisions"}],"predecessor-version":[{"id":62614,"href":"https:\/\/bodegaoutdoor.cl\/store\/wp-json\/wp\/v2\/product\/62608\/revisions\/62614"}],"wp:featuredmedia":[{"embeddable":true,"href":"https:\/\/bodegaoutdoor.cl\/store\/wp-json\/wp\/v2\/media\/62609"}],"wp:attachment":[{"href":"https:\/\/bodegaoutdoor.cl\/store\/wp-json\/wp\/v2\/media?parent=62608"}],"wp:term":[{"taxonomy":"product_brand","embeddable":true,"href":"https:\/\/bodegaoutdoor.cl\/store\/wp-json\/wp\/v2\/product_brand?post=62608"},{"taxonomy":"product_cat","embeddable":true,"href":"https:\/\/bodegaoutdoor.cl\/store\/wp-json\/wp\/v2\/product_cat?post=62608"},{"taxonomy":"product_tag","embeddable":true,"href":"https:\/\/bodegaoutdoor.cl\/store\/wp-json\/wp\/v2\/product_tag?post=62608"}],"curies":[{"name":"wp","href":"https:\/\/api.w.org\/{rel}","templated":true}]}}