{"id":62890,"date":"2022-10-07T10:22:44","date_gmt":"2022-10-07T13:22:44","guid":{"rendered":"https:\/\/bodegaoutdoor.cl\/store\/product\/vemar-chaleco-de-armadura-de-motocicleta-chaqueta-de-motocross-chaleco-de-carreras-todoterreno-equipo-de-proteccion-para-el-pecho\/"},"modified":"2023-05-04T19:18:39","modified_gmt":"2023-05-04T23:18:39","slug":"vemar-jofa-chaleco-armadura-de-motocicleta-chaqueta-de-motocross-chaleco-protecciones-pecho-y-espalda","status":"publish","type":"product","link":"https:\/\/bodegaoutdoor.cl\/store\/product\/vemar-jofa-chaleco-armadura-de-motocicleta-chaqueta-de-motocross-chaleco-protecciones-pecho-y-espalda\/","title":{"rendered":"Vemar-Jofa Chaleco armadura de motocicleta, chaqueta de Motocross, chaleco protecciones pecho y espalda"},"content":{"rendered":"<p style=\"text-align: center;\"><video style=\"max-width: 100%;\" src=\"\/\/cloud.video.taobao.com\/play\/u\/2663255328\/p\/1\/e\/6\/t\/10301\/268708133331.mp4\" poster=\"https:\/\/ae01.alicdn.com\/kf\/H85ccd8b481d140dcadaae8b397f222b2d\/Vemar-Chaleco-de-armadura-de-motocicleta-chaqueta-de-Motocross-chaleco-de-carreras-todoterreno-equipo-de-protecci.jpg,https:\/\/ae01.alicdn.com\/kf\/H919c6c11bb4b4feca43fdc280052b300m\/Vemar-Chaleco-de-armadura-de-motocicleta-chaqueta-de-Motocross-chaleco-de-carreras-todoterreno-equipo-de-protecci.jpg,https:\/\/ae01.alicdn.com\/kf\/H2397e442869348b1b816eb63a003e587x\/Vemar-Chaleco-de-armadura-de-motocicleta-chaqueta-de-Motocross-chaleco-de-carreras-todoterreno-equipo-de-protecci.jpg,https:\/\/ae01.alicdn.com\/kf\/Hd6e5461d561b4c3992d98120170c0987w\/Vemar-Chaleco-de-armadura-de-motocicleta-chaqueta-de-Motocross-chaleco-de-carreras-todoterreno-equipo-de-protecci.jpg,https:\/\/ae01.alicdn.com\/kf\/Hf449cfff31d74421a2911ba6527952b7C\/Vemar-Chaleco-de-armadura-de-motocicleta-chaqueta-de-Motocross-chaleco-de-carreras-todoterreno-equipo-de-protecci.jpg,https:\/\/ae01.alicdn.com\/kf\/H8248285d3f4c492ab350525a22d3ad40s\/Vemar-Chaleco-de-armadura-de-motocicleta-chaqueta-de-Motocross-chaleco-de-carreras-todoterreno-equipo-de-protecci.jpg\" preload=\"auto\" controls=\"controls\" width=\"100%\" height=\"100%\"><\/video><\/p>\n<div>\n<div><span style=\"font-family: arial, helvetica, sans-serif; font-size: 28px;\">Vemar Chaleco de armadura de motocicleta de verano chaqueta de motocicleta Chaleco de carreras todoterreno de Motocross Protector de pecho de equipo de protecci\u00f3n de moto de cross<\/span><\/div>\n<p>&nbsp;<\/p>\n<p>&nbsp;<\/p>\n<p>&nbsp;<\/p>\n<p>&nbsp;<\/p>\n<p>&nbsp;<\/p>\n<p>&nbsp;<\/p>\n<p>&nbsp;<\/p>\n<p>&nbsp;<\/p>\n<p>&nbsp;<\/p>\n<p>&nbsp;<\/p>\n<p>&nbsp;<\/p>\n<p>&nbsp;<\/p>\n<p>&nbsp;<\/p>\n<div>\n<div>\n<div id=\"313653678465\" data-previewurl=\"\/\/img.alicdn.com\/imgextra\/i3\/6000000000090\/O1CN01NKol7D1CXGKQkcFch_!!6000000000090-0-tbvideo.jpg\"><\/div>\n<\/div>\n<\/div>\n<p>&nbsp;<\/p>\n<p>&nbsp;<\/p>\n<p>&nbsp;<\/p>\n<p>&nbsp;<\/p>\n<p>&nbsp;<\/p>\n<p>&nbsp;<\/p>\n<p>&nbsp;<\/p>\n<p>&nbsp;<\/p>\n<p>&nbsp;<\/p>\n<p>&nbsp;<\/p>\n<p>&nbsp;<\/p>\n<p>&nbsp;<\/p>\n<p>&nbsp;<\/p>\n<div><img decoding=\"async\" title=\"Vemar-Chaleco de armadura de motocicleta, chaqueta de Motocross, chaleco de carreras todoterreno, equipo de protecci\u00f3n para el pecho\" src=\"https:\/\/bodegaoutdoor.cl\/store\/wp-content\/uploads\/2022\/10\/62890-ejf80p.jpg\" alt=\"Vemar-Chaleco de armadura de motocicleta, chaqueta de Motocross, chaleco de carreras todoterreno, equipo de protecci\u00f3n para el pecho\" \/><\/div>\n<div>\n<p style=\"font-family: OpenSans; font-size: 14px; font-weight: 300; line-height: 20px; margin-bottom: 12px;\">Especificaciones:<\/p>\n<\/div>\n<div>\n<p style=\"font-family: OpenSans; font-size: 14px; font-weight: 300; line-height: 20px; margin-bottom: 12px;\">Nombre: Armadura de motocicleta<\/p>\n<\/div>\n<div>\n<p style=\"font-family: OpenSans; font-size: 14px; font-weight: 300; line-height: 20px; margin-bottom: 12px;\">Marca: VEMAR<\/p>\n<\/div>\n<div>\n<p style=\"font-family: OpenSans; font-size: 14px; font-weight: 300; line-height: 20px; margin-bottom: 12px;\">Condici\u00f3n: a estrenar<\/p>\n<\/div>\n<div>\n<p style=\"font-family: OpenSans; font-size: 14px; font-weight: 300; line-height: 20px; margin-bottom: 12px;\">G\u00e9nero: Unisex<\/p>\n<\/div>\n<div>\n<p style=\"font-family: OpenSans; font-size: 14px; font-weight: 300; line-height: 20px; margin-bottom: 12px;\">Material: 50% polipropileno, 25% polietileno, 17% poli\u00e9ster, 8% otros.<\/p>\n<\/div>\n<div>\n<p style=\"font-family: OpenSans; font-size: 14px; font-weight: 300; line-height: 20px; margin-bottom: 12px;\">Color: Negro, Blanco, Naranja, amarillo, verde<\/p>\n<\/div>\n<div>\n<p style=\"font-family: OpenSans; font-size: 14px; font-weight: 300; line-height: 20px; margin-bottom: 12px;\">Tama\u00f1o: talla \u00fanica (para adultos)<\/p>\n<\/div>\n<div>\n<p style=\"font-family: OpenSans; font-size: 14px; font-weight: 300; line-height: 20px; margin-bottom: 12px;\">Aplicaci\u00f3n: Motocross, montar, ciclismo, patinaje, scooter, escalada y muchas actividades al aire libre<\/p>\n<\/div>\n<div>\n<p style=\"font-family: OpenSans; font-size: 14px; font-weight: 300; line-height: 20px; margin-bottom: 12px;\">Caracter\u00edsticas:<\/p>\n<\/div>\n<div>\n<p style=\"font-family: OpenSans; font-size: 14px; font-weight: 300; line-height: 20px; margin-bottom: 12px;\">1. Material especial, anticolisi\u00f3n, antica\u00edda, antipresi\u00f3n, flexible y resistente.<\/p>\n<\/div>\n<div>\n<p style=\"font-family: OpenSans; font-size: 14px; font-weight: 300; line-height: 20px; margin-bottom: 12px;\">2. Asas ajustables para los hombros, aj\u00fastalo a la mejor posici\u00f3n seg\u00fan la forma de tu cuerpo.<\/p>\n<\/div>\n<div>\n<p style=\"font-family: OpenSans; font-size: 14px; font-weight: 300; line-height: 20px; margin-bottom: 12px;\">3. Hebilla ajustable, ajusta la tensi\u00f3n del dobladillo del protector de pecho, f\u00e1cil de usar y quitar.<\/p>\n<\/div>\n<div>\n<p style=\"font-family: OpenSans; font-size: 14px; font-weight: 300; line-height: 20px; margin-bottom: 12px;\">4 \u00e3\u20ac Dise\u00f1o de hombro antideslizante, no se cae durante la conducci\u00f3n.<\/p>\n<\/div>\n<div>\n<p style=\"font-family: OpenSans; font-size: 14px; font-weight: 300; line-height: 20px; margin-bottom: 12px;\">5. Dise\u00f1o hueco transpirable, le brinda un disfrute c\u00f3modo incluso en el verano caluroso.<\/p>\n<\/div>\n<div>\n<p style=\"font-family: OpenSans; font-size: 14px; font-weight: 300; line-height: 20px; margin-bottom: 12px;\">El paquete incluye: 1 armadura de motocicleta<\/p>\n<\/div>\n<div><img decoding=\"async\" title=\"Vemar-Chaleco de armadura de motocicleta, chaqueta de Motocross, chaleco de carreras todoterreno, equipo de protecci\u00f3n para el pecho\" src=\"https:\/\/bodegaoutdoor.cl\/store\/wp-content\/uploads\/2022\/10\/62890-eseljq.jpg\" alt=\"Vemar-Chaleco de armadura de motocicleta, chaqueta de Motocross, chaleco de carreras todoterreno, equipo de protecci\u00f3n para el pecho\" \/><img decoding=\"async\" title=\"Vemar-Chaleco de armadura de motocicleta, chaqueta de Motocross, chaleco de carreras todoterreno, equipo de protecci\u00f3n para el pecho\" src=\"https:\/\/bodegaoutdoor.cl\/store\/wp-content\/uploads\/2022\/10\/62890-ccuvpo.jpg\" alt=\"Vemar-Chaleco de armadura de motocicleta, chaqueta de Motocross, chaleco de carreras todoterreno, equipo de protecci\u00f3n para el pecho\" \/><img decoding=\"async\" title=\"Vemar-Chaleco de armadura de motocicleta, chaqueta de Motocross, chaleco de carreras todoterreno, equipo de protecci\u00f3n para el pecho\" src=\"https:\/\/bodegaoutdoor.cl\/store\/wp-content\/uploads\/2022\/10\/62890-nrd5bl.jpg\" alt=\"Vemar-Chaleco de armadura de motocicleta, chaqueta de Motocross, chaleco de carreras todoterreno, equipo de protecci\u00f3n para el pecho\" \/><img decoding=\"async\" title=\"Vemar-Chaleco de armadura de motocicleta, chaqueta de Motocross, chaleco de carreras todoterreno, equipo de protecci\u00f3n para el pecho\" src=\"https:\/\/bodegaoutdoor.cl\/store\/wp-content\/uploads\/2022\/10\/62890-xb1zua.jpg\" alt=\"Vemar-Chaleco de armadura de motocicleta, chaqueta de Motocross, chaleco de carreras todoterreno, equipo de protecci\u00f3n para el pecho\" \/><img decoding=\"async\" title=\"Vemar-Chaleco de armadura de motocicleta, chaqueta de Motocross, chaleco de carreras todoterreno, equipo de protecci\u00f3n para el pecho\" src=\"https:\/\/bodegaoutdoor.cl\/store\/wp-content\/uploads\/2022\/10\/62890-pyawmn.jpg\" alt=\"Vemar-Chaleco de armadura de motocicleta, chaqueta de Motocross, chaleco de carreras todoterreno, equipo de protecci\u00f3n para el pecho\" \/><img decoding=\"async\" title=\"Vemar-Chaleco de armadura de motocicleta, chaqueta de Motocross, chaleco de carreras todoterreno, equipo de protecci\u00f3n para el pecho\" src=\"https:\/\/bodegaoutdoor.cl\/store\/wp-content\/uploads\/2022\/10\/62890-galwo0.jpg\" alt=\"Vemar-Chaleco de armadura de motocicleta, chaqueta de Motocross, chaleco de carreras todoterreno, equipo de protecci\u00f3n para el pecho\" \/><img decoding=\"async\" title=\"Vemar-Chaleco de armadura de motocicleta, chaqueta de Motocross, chaleco de carreras todoterreno, equipo de protecci\u00f3n para el pecho\" src=\"https:\/\/bodegaoutdoor.cl\/store\/wp-content\/uploads\/2022\/10\/62890-lovrux.jpg\" alt=\"Vemar-Chaleco de armadura de motocicleta, chaqueta de Motocross, chaleco de carreras todoterreno, equipo de protecci\u00f3n para el pecho\" \/><img decoding=\"async\" title=\"Vemar-Chaleco de armadura de motocicleta, chaqueta de Motocross, chaleco de carreras todoterreno, equipo de protecci\u00f3n para el pecho\" src=\"https:\/\/bodegaoutdoor.cl\/store\/wp-content\/uploads\/2022\/10\/62890-by125u.jpg\" alt=\"Vemar-Chaleco de armadura de motocicleta, chaqueta de Motocross, chaleco de carreras todoterreno, equipo de protecci\u00f3n para el pecho\" \/><img decoding=\"async\" title=\"Vemar-Chaleco de armadura de motocicleta, chaqueta de Motocross, chaleco de carreras todoterreno, equipo de protecci\u00f3n para el pecho\" src=\"https:\/\/bodegaoutdoor.cl\/store\/wp-content\/uploads\/2022\/10\/62890-bjr47x.jpg\" alt=\"Vemar-Chaleco de armadura de motocicleta, chaqueta de Motocross, chaleco de carreras todoterreno, equipo de protecci\u00f3n para el pecho\" \/><img decoding=\"async\" title=\"Vemar-Chaleco de armadura de motocicleta, chaqueta de Motocross, chaleco de carreras todoterreno, equipo de protecci\u00f3n para el pecho\" src=\"https:\/\/bodegaoutdoor.cl\/store\/wp-content\/uploads\/2022\/10\/62890-nltt7w.jpg\" alt=\"Vemar-Chaleco de armadura de motocicleta, chaqueta de Motocross, chaleco de carreras todoterreno, equipo de protecci\u00f3n para el pecho\" \/><\/div>\n<div><\/div>\n<p>&nbsp;<\/p>\n<p>&nbsp;<\/p>\n<p>&nbsp;<\/p>\n<p>&nbsp;<\/p>\n<p>&nbsp;<\/p>\n<p>&nbsp;<\/p>\n<p>&nbsp;<\/p>\n<p>&nbsp;<\/p>\n<p>&nbsp;<\/p>\n<p>&nbsp;<\/p>\n<p>&nbsp;<\/p>\n<p>&nbsp;<\/p>\n<p>&nbsp;<\/p>\n<p>&nbsp;<\/p>\n<\/div>\n\n    <div class=\"xs_social_share_widget xs_share_url after_content \t\tmain_content  wslu-style-1 wslu-share-box-shaped wslu-fill-colored wslu-none wslu-share-horizontal wslu-theme-font-no wslu-main_content\">\n\n\t\t\n        <ul>\n\t\t\t        <\/ul>\n    <\/div> \n","protected":false},"excerpt":{"rendered":"<p>Vemar Chaleco de armadura de motocicleta de verano chaqueta de motocicleta Chaleco de carreras todoterreno de Motocross Protector de pecho de equipo de protecci\u00f3n de moto de cross &nbsp; &nbsp; &nbsp; &nbsp; &nbsp; &nbsp; &nbsp; &nbsp; &nbsp; &nbsp; &nbsp; &nbsp; &nbsp; &nbsp; &nbsp; &nbsp; &nbsp; &nbsp; &nbsp; &nbsp; &nbsp; &nbsp; &nbsp; &nbsp; &nbsp; &nbsp; Especificaciones: [&hellip;]<\/p>\n","protected":false},"featured_media":62896,"comment_status":"open","ping_status":"closed","template":"","meta":{"jetpack_publicize_message":"","jetpack_publicize_feature_enabled":true,"jetpack_social_post_already_shared":true,"jetpack_social_options":{"image_generator_settings":{"template":"highway","enabled":false},"version":2}},"product_brand":[],"product_cat":[1159],"product_tag":[],"class_list":{"0":"post-62890","1":"product","2":"type-product","3":"status-publish","4":"has-post-thumbnail","6":"product_cat-protecciones","8":"first","9":"instock","10":"taxable","11":"shipping-taxable","12":"purchasable","13":"product-type-variable"},"jetpack_publicize_connections":[],"jetpack_sharing_enabled":true,"_links":{"self":[{"href":"https:\/\/bodegaoutdoor.cl\/store\/wp-json\/wp\/v2\/product\/62890","targetHints":{"allow":["GET"]}}],"collection":[{"href":"https:\/\/bodegaoutdoor.cl\/store\/wp-json\/wp\/v2\/product"}],"about":[{"href":"https:\/\/bodegaoutdoor.cl\/store\/wp-json\/wp\/v2\/types\/product"}],"replies":[{"embeddable":true,"href":"https:\/\/bodegaoutdoor.cl\/store\/wp-json\/wp\/v2\/comments?post=62890"}],"version-history":[{"count":17,"href":"https:\/\/bodegaoutdoor.cl\/store\/wp-json\/wp\/v2\/product\/62890\/revisions"}],"predecessor-version":[{"id":62983,"href":"https:\/\/bodegaoutdoor.cl\/store\/wp-json\/wp\/v2\/product\/62890\/revisions\/62983"}],"wp:featuredmedia":[{"embeddable":true,"href":"https:\/\/bodegaoutdoor.cl\/store\/wp-json\/wp\/v2\/media\/62896"}],"wp:attachment":[{"href":"https:\/\/bodegaoutdoor.cl\/store\/wp-json\/wp\/v2\/media?parent=62890"}],"wp:term":[{"taxonomy":"product_brand","embeddable":true,"href":"https:\/\/bodegaoutdoor.cl\/store\/wp-json\/wp\/v2\/product_brand?post=62890"},{"taxonomy":"product_cat","embeddable":true,"href":"https:\/\/bodegaoutdoor.cl\/store\/wp-json\/wp\/v2\/product_cat?post=62890"},{"taxonomy":"product_tag","embeddable":true,"href":"https:\/\/bodegaoutdoor.cl\/store\/wp-json\/wp\/v2\/product_tag?post=62890"}],"curies":[{"name":"wp","href":"https:\/\/api.w.org\/{rel}","templated":true}]}}