{"id":63304,"date":"2022-11-12T13:17:29","date_gmt":"2022-11-12T16:17:29","guid":{"rendered":"https:\/\/bodegaoutdoor.cl\/store\/?post_type=product&#038;p=63304"},"modified":"2023-05-04T19:18:38","modified_gmt":"2023-05-04T23:18:38","slug":"ducha-portatil-de-camping-recargable","status":"publish","type":"product","link":"https:\/\/bodegaoutdoor.cl\/store\/product\/ducha-portatil-de-camping-recargable\/","title":{"rendered":"Ducha port\u00e1til de camping recargable"},"content":{"rendered":"<ul>\n<li>Ducha de mano interior\/exterior f\u00e1cil y pr\u00e1ctico de llevar; incluye un interruptor de encendido\/apagado con un solo toque.<\/li>\n<li>Presi\u00f3n perfecta de carga: el cabezal de ducha cuenta con una tasa de flujo simple para una experiencia c\u00f3moda de ba\u00f1o; lo suficientemente suave para personas mayores, beb\u00e9s y mascotas.<\/li>\n<li>Soporte de ventosa \u2013 Cabeza de ducha se adhiere de forma segura a cualquier superficie plana con ventosa proporcionada; gancho de estilo S te permite colgarlo de forma segura sobre la cabeza.<\/li>\n<li>Alimentaci\u00f3n por Carga bater\u00eda \u2013 La bomba recargable se conecta al port\u00e1til, adaptador de coche o computadora a trav\u00e9s de USB; carga completa permite hasta 1 hora de uso continuo.<\/li>\n<li>Compacto y port\u00e1til: Peque\u00f1o, discreto sistema se empaqueta f\u00e1cilmente en equipaje, mochila o maletero de coche; para senderismo, camping, ba\u00f1o de ni\u00f1os y limpieza de mascotas.<\/li>\n<\/ul>\n\n    <div class=\"xs_social_share_widget xs_share_url after_content \t\tmain_content  wslu-style-1 wslu-share-box-shaped wslu-fill-colored wslu-none wslu-share-horizontal wslu-theme-font-no wslu-main_content\">\n\n\t\t\n        <ul>\n\t\t\t        <\/ul>\n    <\/div> \n","protected":false},"excerpt":{"rendered":"<p>Ducha de mano interior\/exterior f\u00e1cil y pr\u00e1ctico de llevar; incluye un interruptor de encendido\/apagado con un solo toque. Presi\u00f3n perfecta de carga: el cabezal de ducha cuenta con una tasa de flujo simple para una experiencia c\u00f3moda de ba\u00f1o; lo suficientemente suave para personas mayores, beb\u00e9s y mascotas. Soporte de ventosa \u2013 Cabeza de ducha [&hellip;]<\/p>\n","protected":false},"featured_media":63306,"comment_status":"open","ping_status":"closed","template":"","meta":{"jetpack_publicize_message":"","jetpack_publicize_feature_enabled":true,"jetpack_social_post_already_shared":true,"jetpack_social_options":{"image_generator_settings":{"template":"highway","enabled":false},"version":2}},"product_brand":[],"product_cat":[2814],"product_tag":[],"class_list":{"0":"post-63304","1":"product","2":"type-product","3":"status-publish","4":"has-post-thumbnail","6":"product_cat-camping","8":"first","9":"instock","10":"taxable","11":"shipping-taxable","12":"product-type-variable"},"jetpack_publicize_connections":[],"jetpack_sharing_enabled":true,"_links":{"self":[{"href":"https:\/\/bodegaoutdoor.cl\/store\/wp-json\/wp\/v2\/product\/63304","targetHints":{"allow":["GET"]}}],"collection":[{"href":"https:\/\/bodegaoutdoor.cl\/store\/wp-json\/wp\/v2\/product"}],"about":[{"href":"https:\/\/bodegaoutdoor.cl\/store\/wp-json\/wp\/v2\/types\/product"}],"replies":[{"embeddable":true,"href":"https:\/\/bodegaoutdoor.cl\/store\/wp-json\/wp\/v2\/comments?post=63304"}],"version-history":[{"count":1,"href":"https:\/\/bodegaoutdoor.cl\/store\/wp-json\/wp\/v2\/product\/63304\/revisions"}],"predecessor-version":[{"id":63310,"href":"https:\/\/bodegaoutdoor.cl\/store\/wp-json\/wp\/v2\/product\/63304\/revisions\/63310"}],"wp:featuredmedia":[{"embeddable":true,"href":"https:\/\/bodegaoutdoor.cl\/store\/wp-json\/wp\/v2\/media\/63306"}],"wp:attachment":[{"href":"https:\/\/bodegaoutdoor.cl\/store\/wp-json\/wp\/v2\/media?parent=63304"}],"wp:term":[{"taxonomy":"product_brand","embeddable":true,"href":"https:\/\/bodegaoutdoor.cl\/store\/wp-json\/wp\/v2\/product_brand?post=63304"},{"taxonomy":"product_cat","embeddable":true,"href":"https:\/\/bodegaoutdoor.cl\/store\/wp-json\/wp\/v2\/product_cat?post=63304"},{"taxonomy":"product_tag","embeddable":true,"href":"https:\/\/bodegaoutdoor.cl\/store\/wp-json\/wp\/v2\/product_tag?post=63304"}],"curies":[{"name":"wp","href":"https:\/\/api.w.org\/{rel}","templated":true}]}}

Ducha portátil de camping recargable

<ul>
<li>Ducha de mano interior/exterior fácil y práctico de llevar; incluye un interruptor de encendido/apagado con un solo toque.</li>
<li>Presión perfecta de carga: el cabezal de ducha cuenta con una tasa de flujo simple para una experiencia cómoda de baño; lo suficientemente suave para personas mayores, bebés y mascotas.</li>
<li>Soporte de ventosa – Cabeza de ducha se adhiere de forma segura a cualquier superficie plana con ventosa proporcionada; gancho de estilo S te permite colgarlo de forma segura sobre la cabeza.</li>
<li>Alimentación por Carga batería – La bomba recargable se conecta al portátil, adaptador de coche o computadora a través de USB; carga completa permite hasta 1 hora de uso continuo.</li>
<li>Compacto y portátil: Pequeño, discreto sistema se empaqueta fácilmente en equipaje, mochila o maletero de coche; para senderismo, camping, baño de niños y limpieza de mascotas.</li>
</ul>

    <div class="xs_social_share_widget xs_share_url after_content 		main_content  wslu-style-1 wslu-share-box-shaped wslu-fill-colored wslu-none wslu-share-horizontal wslu-theme-font-no wslu-main_content">

		
        <ul>
			        </ul>
    </div>

<p>Ducha de mano interior/exterior fácil y práctico de llevar; incluye un interruptor de encendido/apagado con un solo toque. Presión perfecta de carga: el cabezal de ducha cuenta con una tasa de flujo simple para una experiencia cómoda de baño; lo suficientemente suave para personas mayores, bebés y mascotas. Soporte de ventosa – Cabeza de ducha [&hellip;]</p>
